{"id":7777,"date":"2025-06-29T10:03:28","date_gmt":"2025-06-29T08:03:28","guid":{"rendered":"https:\/\/uj.adatbank.ro\/lexikon\/termek\/fazekas-janos-%c2%a7\/"},"modified":"2025-06-29T10:03:28","modified_gmt":"2025-06-29T08:03:28","slug":"fazekas-janos-%c2%a7","status":"publish","type":"product","link":"https:\/\/uj.adatbank.ro\/lexikon\/termek\/fazekas-janos-%c2%a7\/","title":{"rendered":"FAZEKAS J\u00e1nos, \u00a7"},"content":{"rendered":"<p>Lupeny, 1926. febr. 16., \u2020\u00a02004. : t\u00f6rt\u00e9n\u00e9sz, politikus, miniszter, az RKP vezet\u0151s\u00e9g\u00e9nek tagja. \u2013 Andr\u00e1sfalv\u00e1n \u00e9lte gyerekkor\u00e1t. Sz\u00e9kelykereszt\u00faron az unit\u00e1rius gimn.-ban \u00e9s tan\u00edt\u00f3k\u00e9pz\u0151ben v\u00e9gzett. Politikai p\u00e1ly\u00e1ra l\u00e9pett, Sz\u00e9kelyudvarhelyen, Buk.-ben, Brass\u00f3ban, Mv.-en tev\u00e9kenykedett, \u00e1llami \u00e9s p\u00e1rtpolitikai munkak\u00f6r\u00f6kben. A szocialista munka h\u0151se. A Szabads\u00e1g c. lapba k\u00f6z\u00f6l (1945\u2013), politikai, gazdas\u00e1gi k\u00e9rd\u00e9sekr\u0151l a cikkeit k\u00f6z\u00f6lte a Probleme economice, Lupta de Clas\u0103, Era Socialist\u0103, A H\u00e9t, Korunk. A v\u00e1laszt\u00e1sokon a MAT-b\u00f3l a NNGY-be ker\u00fclt (1952. nov. 30., \u00fajrav\u00e1lasztj\u00e1k 1957. febr. 3. \u2013 1961). A buk.-i KB kezdem\u00e9nyezte a kv. i \u00cdr\u00f3sz\u00f6vets\u00e9g gy\u00fcl\u00e9s\u00e9t, amelyen a mv.-i \u00edr\u00f3k is r\u00e9szt vettek, megfogalmazt\u00e1k a kisebbs\u00e9gi k\u00f6vetel\u00e9seket, err\u0151l Buk.-ben besz\u00e1molt Miron Constantinescuval k\u00f6z\u00f6sen (1956. okt. 3.). A mv.-i \u00edr\u00f3k az ellenforradalmat el\u00edt\u00e9l\u0151 nyilatkozatott fogalmaztak (Gagyi L\u00e1szl\u00f3, S\u00fct\u0151 Andr\u00e1s, Kov\u00e1cs Gy\u00f6rgy) (Mv., 1956. okt. 24.). F. J. -nak siker\u00fclt megakad\u00e1lyozni a t\u00f6meges letart\u00f3ztat\u00e1sokat (1956. okt. 25). \u00d6sszeh\u00edvta a MAT vezet\u0151 m. \u00e9rtelmis\u00e9g elitj\u00e9t, Hajd\u00fa Gy\u00f6z\u0151 \u00e9s Kov\u00e1cs Gy\u00f6rgy fogalmazt\u00e1k meg a Lelkiismeret\u00fcnk parancsszava c. h\u0171s\u00e9gnyilatkozatot. A Sim\u00f3 G\u00e9za B\u00fatorgy\u00e1r dolgoz\u00f3it is gy\u0171l\u00e9sen biztatta szolid\u00e1rit\u00e1suk kifejez\u00e9s\u00e9re, t\u00e1virat k\u00fcld\u00e9s\u00e9re a RMP KB-nak (1956. nov. 2.). Mogyor\u00f3s S\u00e1ndorral k\u00e9pviselte a p\u00e1rtk\u00f6zpontot a MAT IV. P\u00e1rt\u00e9rtekezlet\u00e9n, c\u00e9ljuk volt a kisebbs\u00e9gi nyelvhaszn\u00e1lat visszaszor\u00edt\u00e1sa, a rom\u00e1n kultur\u00e1lis integr\u00e1ci\u00f3 felgyors\u00edt\u00e1sa. R\u00e9szese Nicolae Ceau\u0219escu vezette RKP legfels\u0151bb vezet\u0151inek l\u00e1togat\u00e1s\u00e1n Mv.-en \u00e9s a Maros-MAT-ban (1966 aug. 12\u201314.). Az RKP orsz\u00e1gos konferenci\u00e1j\u00e1n javasolta, hogy a Sz\u00e9kelyf\u00f6ldet egyetlen megy\u00e9v\u00e9 szervezz\u00e9k (1967. dec. 6\u20138.). Nicolae Ceau\u0219escu \u00e9s t\u00f6bb magas beoszt\u00e1s\u00fa politikus t\u00e1rsas\u00e1g\u00e1ban tal\u00e1lkoztak a r\u00e1m\u00e1niai m. \u00e9rtelmis\u00e9g k\u00e9pvisel\u0151ivel Buk.-ben (Mv.-r\u0151l Hajd\u00fa Gy\u0151z\u0151, G\u00e1lfalvi Zsolt, S\u00fct\u0151 Andr\u00e1s, Kov\u00e1cs Gy\u00f6rgy, Erd\u00e9lyi Istv\u00e1n volt jelen, 1968. j\u00fan. 27.). \u2013 <strong>F. m.:<\/strong> Unitatea \u015fi fr\u0103\u0163ia dintre poporul rom\u00e2n \u015fi na\u0163ionalit\u0103\u0163ile conlocuitore \u2013 fort\u0103 metric\u0103 a programului Rom\u00e2niei contemporane (Buc., 1979); PCR \u2013 lupt\u0103tor consecvent pentru fr\u0103\u0163ia \u015fi prietenia, pentru egalitatea socialist\u0103 \u015fi na\u0163ionalist\u0103 a fiilor patriei. Studii \u015fi articole. (Buc., 1980); Comer\u0163ul socialist \u00een anul \u00eencheierii cincinalului (Buc., 1980); <strong>t\u00e1rssz.:<\/strong> Sz\u00e9kely felkel\u00e9s 1595\u20131596. El\u0151zm\u00e9nyei, lefoly\u00e1sa, (Buk., 1979); A Rom\u00e1nia M. Nemzetis\u00e9g. (<strong>szerk.:<\/strong> Kopp\u00e1ndi S\u00e1ndor, Buk., 1981). <br \/><strong>Irod.:<\/strong> R\u00e9thy-\u00dajv\u00e1ri-V\u00e1czy; RMIL; Sz\u00e9kelys\u00e9g t\u00f6rt.<\/br><\/p>\n","protected":false},"excerpt":{"rendered":"<p>Lupeny, 1926. febr. 16., \u2020\u00a02004. : t\u00f6rt\u00e9n\u00e9sz, politikus, miniszter, az RKP vezet\u0151s\u00e9g\u00e9nek tagja. \u2013 Andr\u00e1sfalv\u00e1n \u00e9lte gyerekkor\u00e1t. Sz\u00e9kelykereszt\u00faron az unit\u00e1rius gimn.-ban \u00e9s tan\u00edt\u00f3k\u00e9pz\u0151ben v\u00e9gzett. Politikai p\u00e1ly\u00e1ra l\u00e9pett, Sz\u00e9kelyudvarhelyen, Buk.-ben, Brass\u00f3ban, Mv.-en tev\u00e9kenykedett, \u00e1llami \u00e9s p\u00e1rtpolitikai munkak\u00f6r\u00f6kben. A szocialista munka h\u0151se. A Szabads\u00e1g c. lapba k\u00f6z\u00f6l (1945\u2013), politikai, gazdas\u00e1gi k\u00e9rd\u00e9sekr\u0151l a cikkeit k\u00f6z\u00f6lte a Probleme economice, [&hellip;]<\/p>\n","protected":false},"featured_media":0,"comment_status":"open","ping_status":"closed","template":"","meta":[],"product_brand":[],"product_cat":[137],"product_tag":[],"class_list":{"0":"post-7777","1":"product","2":"type-product","3":"status-publish","5":"product_cat-maros-megyei-eletrajzi-lexikon","7":"first","8":"instock","9":"shipping-taxable","10":"product-type-simple"},"_links":{"self":[{"href":"https:\/\/uj.adatbank.ro\/lexikon\/wp-json\/wp\/v2\/product\/7777","targetHints":{"allow":["GET"]}}],"collection":[{"href":"https:\/\/uj.adatbank.ro\/lexikon\/wp-json\/wp\/v2\/product"}],"about":[{"href":"https:\/\/uj.adatbank.ro\/lexikon\/wp-json\/wp\/v2\/types\/product"}],"replies":[{"embeddable":true,"href":"https:\/\/uj.adatbank.ro\/lexikon\/wp-json\/wp\/v2\/comments?post=7777"}],"wp:attachment":[{"href":"https:\/\/uj.adatbank.ro\/lexikon\/wp-json\/wp\/v2\/media?parent=7777"}],"wp:term":[{"taxonomy":"product_brand","embeddable":true,"href":"https:\/\/uj.adatbank.ro\/lexikon\/wp-json\/wp\/v2\/product_brand?post=7777"},{"taxonomy":"product_cat","embeddable":true,"href":"https:\/\/uj.adatbank.ro\/lexikon\/wp-json\/wp\/v2\/product_cat?post=7777"},{"taxonomy":"product_tag","embeddable":true,"href":"https:\/\/uj.adatbank.ro\/lexikon\/wp-json\/wp\/v2\/product_tag?post=7777"}],"curies":[{"name":"wp","href":"https:\/\/api.w.org\/{rel}","templated":true}]}}

FAZEKAS János, §

<p>Lupeny, 1926. febr. 16., † 2004. : történész, politikus, miniszter, az RKP vezetőségének tagja. – Andrásfalván élte gyerekkorát. Székelykeresztúron az unitárius gimn.-ban és tanítóképzőben végzett. Politikai pályára lépett, Székelyudvarhelyen, Buk.-ben, Brassóban, Mv.-en tevékenykedett, állami és pártpolitikai munkakörökben. A szocialista munka hőse. A Szabadság c. lapba közöl (1945–), politikai, gazdasági kérdésekről a cikkeit közölte a Probleme economice, Lupta de Clasă, Era Socialistă, A Hét, Korunk. A választásokon a MAT-ból a NNGY-be került (1952. nov. 30., újraválasztják 1957. febr. 3. – 1961). A buk.-i KB kezdeményezte a kv. i Írószövetség gyülését, amelyen a mv.-i írók is részt vettek, megfogalmazták a kisebbségi követeléseket, erről Buk.-ben beszámolt Miron Constantinescuval közösen (1956. okt. 3.). A mv.-i írók az ellenforradalmat elítélő nyilatkozatott fogalmaztak (Gagyi László, Sütő András, Kovács György) (Mv., 1956. okt. 24.). F. J. -nak sikerült megakadályozni a tömeges letartóztatásokat (1956. okt. 25). Összehívta a MAT vezető m. értelmiség elitjét, Hajdú Gyöző és Kovács György fogalmazták meg a Lelkiismeretünk parancsszava c. hűségnyilatkozatot. A Simó Géza Bútorgyár dolgozóit is gyűlésen biztatta szolidáritásuk kifejezésére, távirat küldésére a RMP KB-nak (1956. nov. 2.). Mogyorós Sándorral képviselte a pártközpontot a MAT IV. Pártértekezletén, céljuk volt a kisebbségi nyelvhasználat visszaszorítása, a román kulturális integráció felgyorsítása. Részese Nicolae Ceaușescu vezette RKP legfelsőbb vezetőinek látogatásán Mv.-en és a Maros-MAT-ban (1966 aug. 12–14.). Az RKP országos konferenciáján javasolta, hogy a Székelyföldet egyetlen megyévé szervezzék (1967. dec. 6–8.). Nicolae Ceaușescu és több magas beosztású politikus társaságában találkoztak a rámániai m. értelmiség képviselőivel Buk.-ben (Mv.-ről Hajdú Győző, Gálfalvi Zsolt, Sütő András, Kovács György, Erdélyi István volt jelen, 1968. jún. 27.). – <strong>F. m.:</strong> Unitatea şi frăţia dintre poporul român şi naţionalităţile conlocuitore – fortă metrică a programului României contemporane (Buc., 1979); PCR – luptător consecvent pentru frăţia şi prietenia, pentru egalitatea socialistă şi naţionalistă a fiilor patriei. Studii şi articole. (Buc., 1980); Comerţul socialist în anul încheierii cincinalului (Buc., 1980); <strong>társsz.:</strong> Székely felkelés 1595–1596. Előzményei, lefolyása, (Buk., 1979); A Románia M. Nemzetiség. (<strong>szerk.:</strong> Koppándi Sándor, Buk., 1981). <br /><strong>Irod.:</strong> Réthy-Újvári-Váczy; RMIL; Székelység tört.</br></p>

<p>Lupeny, 1926. febr. 16., † 2004. : történész, politikus, miniszter, az RKP vezetőségének tagja. – Andrásfalván élte gyerekkorát. Székelykeresztúron az unitárius gimn.-ban és tanítóképzőben végzett. Politikai pályára lépett, Székelyudvarhelyen, Buk.-ben, Brassóban, Mv.-en tevékenykedett, állami és pártpolitikai munkakörökben. A szocialista munka hőse. A Szabadság c. lapba közöl (1945–), politikai, gazdasági kérdésekről a cikkeit közölte a Probleme economice, [&hellip;]</p>
