{"id":7779,"date":"2025-06-29T10:03:31","date_gmt":"2025-06-29T08:03:31","guid":{"rendered":"https:\/\/uj.adatbank.ro\/lexikon\/termek\/fazekas-lajos\/"},"modified":"2025-06-29T10:03:31","modified_gmt":"2025-06-29T08:03:31","slug":"fazekas-lajos","status":"publish","type":"product","link":"https:\/\/uj.adatbank.ro\/lexikon\/termek\/fazekas-lajos\/","title":{"rendered":"FAZEKAS Lajos"},"content":{"rendered":"<p>? \u2020\u00a0?: unit. lelk\u00e9sz, esperes, \u00edr\u00f3. \u2013 Mint a kv.-i unit. f\u0151iskola ellen\u0151r\u00e9t ny\u00e1r\u00e1dszentm\u00e1rtoni lelk\u00e9ssz\u00e9 (1913), beszolg\u00e1l\u00f3 lelk\u00e9sz\u00e9 B\u00fazah\u00e1z\u00e1ban is, a marosi unit. egyh\u00e1zk\u00f6r esperess\u00e9v\u00e9 v\u00e1l\u00e1sztott\u00e1k (1913\u201324). Cikkeit, hitsz\u00f3noklatait k\u00f6z\u00f6lte az: Unit. Egyh., Unit Sz\u00f3sz\u00e9k, Egyh\u00e1zt\u00e1rsadalom. <br \/><strong>Irod.:<\/strong> Guly\u00e1s; Kelemen Imre; A Magyaro.-i Unit. Egyh\u00e1zi F\u0151tan\u00e1cs, 1913. okt. 26\u201328 \u2013napjain, Kv.-on tartott gy\u0171l\u00e9s\u00e9nek jegyz\u0151k\u00f6nyve (Kv., 1913); Zov\u00e1nyi<\/br><\/p>\n","protected":false},"excerpt":{"rendered":"<p>? \u2020\u00a0?: unit. lelk\u00e9sz, esperes, \u00edr\u00f3. \u2013 Mint a kv.-i unit. f\u0151iskola ellen\u0151r\u00e9t ny\u00e1r\u00e1dszentm\u00e1rtoni lelk\u00e9ssz\u00e9 (1913), beszolg\u00e1l\u00f3 lelk\u00e9sz\u00e9 B\u00fazah\u00e1z\u00e1ban is, a marosi unit. egyh\u00e1zk\u00f6r esperess\u00e9v\u00e9 v\u00e1l\u00e1sztott\u00e1k (1913\u201324). Cikkeit, hitsz\u00f3noklatait k\u00f6z\u00f6lte az: Unit. Egyh., Unit Sz\u00f3sz\u00e9k, Egyh\u00e1zt\u00e1rsadalom. Irod.: Guly\u00e1s; Kelemen Imre; A Magyaro.-i Unit. Egyh\u00e1zi F\u0151tan\u00e1cs, 1913. okt. 26\u201328 \u2013napjain, Kv.-on tartott gy\u0171l\u00e9s\u00e9nek jegyz\u0151k\u00f6nyve (Kv., 1913); [&hellip;]<\/p>\n","protected":false},"featured_media":0,"comment_status":"open","ping_status":"closed","template":"","meta":[],"product_brand":[],"product_cat":[137],"product_tag":[],"class_list":{"0":"post-7779","1":"product","2":"type-product","3":"status-publish","5":"product_cat-maros-megyei-eletrajzi-lexikon","7":"first","8":"instock","9":"shipping-taxable","10":"product-type-simple"},"_links":{"self":[{"href":"https:\/\/uj.adatbank.ro\/lexikon\/wp-json\/wp\/v2\/product\/7779","targetHints":{"allow":["GET"]}}],"collection":[{"href":"https:\/\/uj.adatbank.ro\/lexikon\/wp-json\/wp\/v2\/product"}],"about":[{"href":"https:\/\/uj.adatbank.ro\/lexikon\/wp-json\/wp\/v2\/types\/product"}],"replies":[{"embeddable":true,"href":"https:\/\/uj.adatbank.ro\/lexikon\/wp-json\/wp\/v2\/comments?post=7779"}],"wp:attachment":[{"href":"https:\/\/uj.adatbank.ro\/lexikon\/wp-json\/wp\/v2\/media?parent=7779"}],"wp:term":[{"taxonomy":"product_brand","embeddable":true,"href":"https:\/\/uj.adatbank.ro\/lexikon\/wp-json\/wp\/v2\/product_brand?post=7779"},{"taxonomy":"product_cat","embeddable":true,"href":"https:\/\/uj.adatbank.ro\/lexikon\/wp-json\/wp\/v2\/product_cat?post=7779"},{"taxonomy":"product_tag","embeddable":true,"href":"https:\/\/uj.adatbank.ro\/lexikon\/wp-json\/wp\/v2\/product_tag?post=7779"}],"curies":[{"name":"wp","href":"https:\/\/api.w.org\/{rel}","templated":true}]}}

<p>? † ?: unit. lelkész, esperes, író. – Mint a kv.-i unit. főiskola ellenőrét nyárádszentmártoni lelkésszé (1913), beszolgáló lelkészé Búzaházában is, a marosi unit. egyházkör esperessévé válásztották (1913–24). Cikkeit, hitszónoklatait közölte az: Unit. Egyh., Unit Szószék, Egyháztársadalom. <br /><strong>Irod.:</strong> Gulyás; Kelemen Imre; A Magyaro.-i Unit. Egyházi Főtanács, 1913. okt. 26–28 –napjain, Kv.-on tartott gyűlésének jegyzőkönyve (Kv., 1913); Zoványi</br></p>

<p>? † ?: unit. lelkész, esperes, író. – Mint a kv.-i unit. főiskola ellenőrét nyárádszentmártoni lelkésszé (1913), beszolgáló lelkészé Búzaházában is, a marosi unit. egyházkör esperessévé válásztották (1913–24). Cikkeit, hitszónoklatait közölte az: Unit. Egyh., Unit Szószék, Egyháztársadalom. Irod.: Gulyás; Kelemen Imre; A Magyaro.-i Unit. Egyházi Főtanács, 1913. okt. 26–28 –napjain, Kv.-on tartott gyűlésének jegyzőkönyve (Kv., 1913); [&hellip;]</p>
