{"id":7791,"date":"2025-06-29T10:03:55","date_gmt":"2025-06-29T08:03:55","guid":{"rendered":"https:\/\/uj.adatbank.ro\/lexikon\/termek\/feichter-adalbert\/"},"modified":"2025-06-29T10:03:55","modified_gmt":"2025-06-29T08:03:55","slug":"feichter-adalbert","status":"publish","type":"product","link":"https:\/\/uj.adatbank.ro\/lexikon\/termek\/feichter-adalbert\/","title":{"rendered":"FEICHTER Adalbert"},"content":{"rendered":"<p>? \u2020 ? : \u00e9p\u00edt\u0151mester. \u2013 Mv.-en a H\u00edd u. (Podeni) 2. \u00e9s 6. sz. alatti h\u00e1zakat \u00e9p\u00edtette, valamint egy h\u00e1zat a Szabadi \u00faton is (1923\u201326). <br \/><strong>Irod.:<\/strong> Man: Tg. M., 3.<\/br><\/p>\n","protected":false},"excerpt":{"rendered":"<p>? \u2020 ? : \u00e9p\u00edt\u0151mester. \u2013 Mv.-en a H\u00edd u. (Podeni) 2. \u00e9s 6. sz. alatti h\u00e1zakat \u00e9p\u00edtette, valamint egy h\u00e1zat a Szabadi \u00faton is (1923\u201326). Irod.: Man: Tg. M., 3.<\/p>\n","protected":false},"featured_media":0,"comment_status":"open","ping_status":"closed","template":"","meta":[],"product_brand":[],"product_cat":[137],"product_tag":[],"class_list":{"0":"post-7791","1":"product","2":"type-product","3":"status-publish","5":"product_cat-maros-megyei-eletrajzi-lexikon","7":"first","8":"instock","9":"shipping-taxable","10":"product-type-simple"},"_links":{"self":[{"href":"https:\/\/uj.adatbank.ro\/lexikon\/wp-json\/wp\/v2\/product\/7791","targetHints":{"allow":["GET"]}}],"collection":[{"href":"https:\/\/uj.adatbank.ro\/lexikon\/wp-json\/wp\/v2\/product"}],"about":[{"href":"https:\/\/uj.adatbank.ro\/lexikon\/wp-json\/wp\/v2\/types\/product"}],"replies":[{"embeddable":true,"href":"https:\/\/uj.adatbank.ro\/lexikon\/wp-json\/wp\/v2\/comments?post=7791"}],"wp:attachment":[{"href":"https:\/\/uj.adatbank.ro\/lexikon\/wp-json\/wp\/v2\/media?parent=7791"}],"wp:term":[{"taxonomy":"product_brand","embeddable":true,"href":"https:\/\/uj.adatbank.ro\/lexikon\/wp-json\/wp\/v2\/product_brand?post=7791"},{"taxonomy":"product_cat","embeddable":true,"href":"https:\/\/uj.adatbank.ro\/lexikon\/wp-json\/wp\/v2\/product_cat?post=7791"},{"taxonomy":"product_tag","embeddable":true,"href":"https:\/\/uj.adatbank.ro\/lexikon\/wp-json\/wp\/v2\/product_tag?post=7791"}],"curies":[{"name":"wp","href":"https:\/\/api.w.org\/{rel}","templated":true}]}}