{"id":7792,"date":"2025-06-29T10:03:57","date_gmt":"2025-06-29T08:03:57","guid":{"rendered":"https:\/\/uj.adatbank.ro\/lexikon\/termek\/feier-albu-george-feier-albu-gyorgy\/"},"modified":"2025-06-29T10:03:57","modified_gmt":"2025-06-29T08:03:57","slug":"feier-albu-george-feier-albu-gyorgy","status":"publish","type":"product","link":"https:\/\/uj.adatbank.ro\/lexikon\/termek\/feier-albu-george-feier-albu-gyorgy\/","title":{"rendered":"FEIER ALBU George, Feier Albu Gy\u00f6rgy"},"content":{"rendered":"<p>Mez\u0151szabad, 1878., \u2020\u00a0? : f\u0151sz\u00e1mviv\u0151. \u2013 Apja g. kat. tan\u00edt\u00f3. \u2013 \u00c9retts\u00e9gizett a mv.-i R. K. Gimn.-ban (1902), majd ugyanitt ad\u00f3hivatali tisztvisel\u0151 lett. Dolgozott m\u00e9g a p\u00e9nz\u00fcgyigazgat\u00f3s\u00e1gn\u00e1l (1919), ad\u00f3hivatali p\u00e9nzt\u00e1ros (1921), v\u00e1rmegyei sz\u00e1mvev\u0151 (1925\u2013), majd f\u0151sz\u00e1mvev\u0151 (1928\u2013). \u00c9rdemei\u00e9rt a rom\u00e1n koronarend lovagi keresztj\u00e9vel t\u00fcntett\u00e9k ki. <br \/><strong>Irod.:<\/strong> Ki kicsoda\u00a0?<\/br><\/p>\n","protected":false},"excerpt":{"rendered":"<p>Mez\u0151szabad, 1878., \u2020\u00a0? : f\u0151sz\u00e1mviv\u0151. \u2013 Apja g. kat. tan\u00edt\u00f3. \u2013 \u00c9retts\u00e9gizett a mv.-i R. K. Gimn.-ban (1902), majd ugyanitt ad\u00f3hivatali tisztvisel\u0151 lett. Dolgozott m\u00e9g a p\u00e9nz\u00fcgyigazgat\u00f3s\u00e1gn\u00e1l (1919), ad\u00f3hivatali p\u00e9nzt\u00e1ros (1921), v\u00e1rmegyei sz\u00e1mvev\u0151 (1925\u2013), majd f\u0151sz\u00e1mvev\u0151 (1928\u2013). \u00c9rdemei\u00e9rt a rom\u00e1n koronarend lovagi keresztj\u00e9vel t\u00fcntett\u00e9k ki. Irod.: Ki kicsoda\u00a0?<\/p>\n","protected":false},"featured_media":0,"comment_status":"open","ping_status":"closed","template":"","meta":[],"product_brand":[],"product_cat":[137],"product_tag":[],"class_list":{"0":"post-7792","1":"product","2":"type-product","3":"status-publish","5":"product_cat-maros-megyei-eletrajzi-lexikon","7":"first","8":"instock","9":"shipping-taxable","10":"product-type-simple"},"_links":{"self":[{"href":"https:\/\/uj.adatbank.ro\/lexikon\/wp-json\/wp\/v2\/product\/7792","targetHints":{"allow":["GET"]}}],"collection":[{"href":"https:\/\/uj.adatbank.ro\/lexikon\/wp-json\/wp\/v2\/product"}],"about":[{"href":"https:\/\/uj.adatbank.ro\/lexikon\/wp-json\/wp\/v2\/types\/product"}],"replies":[{"embeddable":true,"href":"https:\/\/uj.adatbank.ro\/lexikon\/wp-json\/wp\/v2\/comments?post=7792"}],"wp:attachment":[{"href":"https:\/\/uj.adatbank.ro\/lexikon\/wp-json\/wp\/v2\/media?parent=7792"}],"wp:term":[{"taxonomy":"product_brand","embeddable":true,"href":"https:\/\/uj.adatbank.ro\/lexikon\/wp-json\/wp\/v2\/product_brand?post=7792"},{"taxonomy":"product_cat","embeddable":true,"href":"https:\/\/uj.adatbank.ro\/lexikon\/wp-json\/wp\/v2\/product_cat?post=7792"},{"taxonomy":"product_tag","embeddable":true,"href":"https:\/\/uj.adatbank.ro\/lexikon\/wp-json\/wp\/v2\/product_tag?post=7792"}],"curies":[{"name":"wp","href":"https:\/\/api.w.org\/{rel}","templated":true}]}}

FEIER ALBU George, Feier Albu György

<p>Mezőszabad, 1878., † ? : főszámvivő. – Apja g. kat. tanító. – Érettségizett a mv.-i R. K. Gimn.-ban (1902), majd ugyanitt adóhivatali tisztviselő lett. Dolgozott még a pénzügyigazgatóságnál (1919), adóhivatali pénztáros (1921), vármegyei számvevő (1925–), majd főszámvevő (1928–). Érdemeiért a román koronarend lovagi keresztjével tüntették ki. <br /><strong>Irod.:</strong> Ki kicsoda ?</br></p>

<p>Mezőszabad, 1878., † ? : főszámvivő. – Apja g. kat. tanító. – Érettségizett a mv.-i R. K. Gimn.-ban (1902), majd ugyanitt adóhivatali tisztviselő lett. Dolgozott még a pénzügyigazgatóságnál (1919), adóhivatali pénztáros (1921), vármegyei számvevő (1925–), majd főszámvevő (1928–). Érdemeiért a román koronarend lovagi keresztjével tüntették ki. Irod.: Ki kicsoda ?</p>
