{"id":7796,"date":"2025-06-29T10:04:04","date_gmt":"2025-06-29T08:04:04","guid":{"rendered":"https:\/\/uj.adatbank.ro\/lexikon\/termek\/feigelbaum-vilmos-feigenbaum-eduard\/"},"modified":"2025-06-29T10:04:04","modified_gmt":"2025-06-29T08:04:04","slug":"feigelbaum-vilmos-feigenbaum-eduard","status":"publish","type":"product","link":"https:\/\/uj.adatbank.ro\/lexikon\/termek\/feigelbaum-vilmos-feigenbaum-eduard\/","title":{"rendered":"FEIGELBAUM Vilmos, Feigenbaum Edu\u00e1rd"},"content":{"rendered":"<p>? \u2020\u00a0? : \u00fcgyv\u00e9d, v\u00e1llalkoz\u00f3. \u2013 Fel\u00e9p\u00fclt Keleti B\u00e9la tervei alapj\u00e1n a palot\u00e1ja, a Sz\u00e9chenyi, ma R\u00f3zs\u00e1k tere 43. sz. alatt (1909), amely ma a volt Rend\u0151rs\u00e9gi palota n\u00e9ven ismert. A rom\u00e1n \u00e1llamrend\u0151rs\u00e9g v\u00e1s\u00e1rolta meg palot\u00e1j\u00e1t 1\u00a0350\u00a0000 koron\u00e1\u00e9rt (1920. jan. 10). A f\u0151homlokzat n\u00e9pi mot\u00edvumos d\u00edszeit elt\u00e1vol\u00edtott\u00e1k, de megmaradt a tornyon l\u00e9v\u0151 n\u00e9gy hatty\u00fa, Nagy K\u00e1roly b\u00e1dogosmester alkot\u00e1sa. Hivatalok, \u00fczletek, lak\u00e1sok vannak az \u00e9p\u00fcletben. <br \/><strong>Irod.:<\/strong> Id\u0151t\u00e1r 2; Id\u0151t\u00e1r 3; Man: Tg. M. 2.; Mv. -Bal\u00e1s<\/br><\/p>\n","protected":false},"excerpt":{"rendered":"<p>? \u2020\u00a0? : \u00fcgyv\u00e9d, v\u00e1llalkoz\u00f3. \u2013 Fel\u00e9p\u00fclt Keleti B\u00e9la tervei alapj\u00e1n a palot\u00e1ja, a Sz\u00e9chenyi, ma R\u00f3zs\u00e1k tere 43. sz. alatt (1909), amely ma a volt Rend\u0151rs\u00e9gi palota n\u00e9ven ismert. A rom\u00e1n \u00e1llamrend\u0151rs\u00e9g v\u00e1s\u00e1rolta meg palot\u00e1j\u00e1t 1\u00a0350\u00a0000 koron\u00e1\u00e9rt (1920. jan. 10). A f\u0151homlokzat n\u00e9pi mot\u00edvumos d\u00edszeit elt\u00e1vol\u00edtott\u00e1k, de megmaradt a tornyon l\u00e9v\u0151 n\u00e9gy hatty\u00fa, Nagy [&hellip;]<\/p>\n","protected":false},"featured_media":0,"comment_status":"open","ping_status":"closed","template":"","meta":[],"product_brand":[],"product_cat":[137],"product_tag":[],"class_list":{"0":"post-7796","1":"product","2":"type-product","3":"status-publish","5":"product_cat-maros-megyei-eletrajzi-lexikon","7":"first","8":"instock","9":"shipping-taxable","10":"product-type-simple"},"_links":{"self":[{"href":"https:\/\/uj.adatbank.ro\/lexikon\/wp-json\/wp\/v2\/product\/7796","targetHints":{"allow":["GET"]}}],"collection":[{"href":"https:\/\/uj.adatbank.ro\/lexikon\/wp-json\/wp\/v2\/product"}],"about":[{"href":"https:\/\/uj.adatbank.ro\/lexikon\/wp-json\/wp\/v2\/types\/product"}],"replies":[{"embeddable":true,"href":"https:\/\/uj.adatbank.ro\/lexikon\/wp-json\/wp\/v2\/comments?post=7796"}],"wp:attachment":[{"href":"https:\/\/uj.adatbank.ro\/lexikon\/wp-json\/wp\/v2\/media?parent=7796"}],"wp:term":[{"taxonomy":"product_brand","embeddable":true,"href":"https:\/\/uj.adatbank.ro\/lexikon\/wp-json\/wp\/v2\/product_brand?post=7796"},{"taxonomy":"product_cat","embeddable":true,"href":"https:\/\/uj.adatbank.ro\/lexikon\/wp-json\/wp\/v2\/product_cat?post=7796"},{"taxonomy":"product_tag","embeddable":true,"href":"https:\/\/uj.adatbank.ro\/lexikon\/wp-json\/wp\/v2\/product_tag?post=7796"}],"curies":[{"name":"wp","href":"https:\/\/api.w.org\/{rel}","templated":true}]}}

FEIGELBAUM Vilmos, Feigenbaum Eduárd

<p>? † ? : ügyvéd, vállalkozó. – Felépült Keleti Béla tervei alapján a palotája, a Széchenyi, ma Rózsák tere 43. sz. alatt (1909), amely ma a volt Rendőrségi palota néven ismert. A román államrendőrség vásárolta meg palotáját 1 350 000 koronáért (1920. jan. 10). A főhomlokzat népi motívumos díszeit eltávolították, de megmaradt a tornyon lévő négy hattyú, Nagy Károly bádogosmester alkotása. Hivatalok, üzletek, lakások vannak az épületben. <br /><strong>Irod.:</strong> Időtár 2; Időtár 3; Man: Tg. M. 2.; Mv. -Balás</br></p>

<p>? † ? : ügyvéd, vállalkozó. – Felépült Keleti Béla tervei alapján a palotája, a Széchenyi, ma Rózsák tere 43. sz. alatt (1909), amely ma a volt Rendőrségi palota néven ismert. A román államrendőrség vásárolta meg palotáját 1 350 000 koronáért (1920. jan. 10). A főhomlokzat népi motívumos díszeit eltávolították, de megmaradt a tornyon lévő négy hattyú, Nagy [&hellip;]</p>
