{"id":7798,"date":"2025-06-29T10:04:09","date_gmt":"2025-06-29T08:04:09","guid":{"rendered":"https:\/\/uj.adatbank.ro\/lexikon\/termek\/feigl-mihaly-margit\/"},"modified":"2025-06-29T10:04:09","modified_gmt":"2025-06-29T08:04:09","slug":"feigl-mihaly-margit","status":"publish","type":"product","link":"https:\/\/uj.adatbank.ro\/lexikon\/termek\/feigl-mihaly-margit\/","title":{"rendered":"FEIGL MIH\u00c1LY Margit"},"content":{"rendered":"<p>? \u2020\u00a0Mv., 1984. jan. 17.: a munk\u00e1smozgalmi harcos. \u2013 Fiatal kor\u00e1t\u00f3l r\u00e9szt vett a munk\u00e1smozgalomban, kultur\u00e1lis-nevel\u0151 munk\u00e1t v\u00e9gzett. Tagja volt a KISZ-nek (1929\u2013), a V\u00f6r\u00f6s Seg\u00e9ly Bizotts\u00e1g-ban tev\u00e9kenykedett, t\u00f6bbsz\u00f6r letart\u00f3ztatt\u00e1k. Felszabadul\u00e1s ut\u00e1n tagja volt a M. N\u00e9pi Sz\u00f6vets\u00e9g szervezet vezet\u0151s\u00e9g\u00e9nek, a Rom\u00e1niai N\u0151k Demokratikus Sz\u00f6vets\u00e9ge megyei szervezet\u00e9nek titk\u00e1ra volt Sepsiszentgy\u00f6rgy\u00f6n. Udvarhely \u00e9s Sepsiszentgy\u00f6rgy j\u00e1r\u00e1sokban p\u00e1rttiszts\u00e9geket t\u00f6lt\u00f6tt be. T\u00f6bb kit\u00fcntet\u00e9st kapott. <br \/><strong>Irod.:<\/strong> [Nekrol\u00f3g](V. Z. , 1984. jan.)<\/br><\/p>\n","protected":false},"excerpt":{"rendered":"<p>? \u2020\u00a0Mv., 1984. jan. 17.: a munk\u00e1smozgalmi harcos. \u2013 Fiatal kor\u00e1t\u00f3l r\u00e9szt vett a munk\u00e1smozgalomban, kultur\u00e1lis-nevel\u0151 munk\u00e1t v\u00e9gzett. Tagja volt a KISZ-nek (1929\u2013), a V\u00f6r\u00f6s Seg\u00e9ly Bizotts\u00e1g-ban tev\u00e9kenykedett, t\u00f6bbsz\u00f6r letart\u00f3ztatt\u00e1k. Felszabadul\u00e1s ut\u00e1n tagja volt a M. N\u00e9pi Sz\u00f6vets\u00e9g szervezet vezet\u0151s\u00e9g\u00e9nek, a Rom\u00e1niai N\u0151k Demokratikus Sz\u00f6vets\u00e9ge megyei szervezet\u00e9nek titk\u00e1ra volt Sepsiszentgy\u00f6rgy\u00f6n. Udvarhely \u00e9s Sepsiszentgy\u00f6rgy j\u00e1r\u00e1sokban p\u00e1rttiszts\u00e9geket [&hellip;]<\/p>\n","protected":false},"featured_media":0,"comment_status":"open","ping_status":"closed","template":"","meta":[],"product_brand":[],"product_cat":[137],"product_tag":[],"class_list":{"0":"post-7798","1":"product","2":"type-product","3":"status-publish","5":"product_cat-maros-megyei-eletrajzi-lexikon","7":"first","8":"instock","9":"shipping-taxable","10":"product-type-simple"},"_links":{"self":[{"href":"https:\/\/uj.adatbank.ro\/lexikon\/wp-json\/wp\/v2\/product\/7798","targetHints":{"allow":["GET"]}}],"collection":[{"href":"https:\/\/uj.adatbank.ro\/lexikon\/wp-json\/wp\/v2\/product"}],"about":[{"href":"https:\/\/uj.adatbank.ro\/lexikon\/wp-json\/wp\/v2\/types\/product"}],"replies":[{"embeddable":true,"href":"https:\/\/uj.adatbank.ro\/lexikon\/wp-json\/wp\/v2\/comments?post=7798"}],"wp:attachment":[{"href":"https:\/\/uj.adatbank.ro\/lexikon\/wp-json\/wp\/v2\/media?parent=7798"}],"wp:term":[{"taxonomy":"product_brand","embeddable":true,"href":"https:\/\/uj.adatbank.ro\/lexikon\/wp-json\/wp\/v2\/product_brand?post=7798"},{"taxonomy":"product_cat","embeddable":true,"href":"https:\/\/uj.adatbank.ro\/lexikon\/wp-json\/wp\/v2\/product_cat?post=7798"},{"taxonomy":"product_tag","embeddable":true,"href":"https:\/\/uj.adatbank.ro\/lexikon\/wp-json\/wp\/v2\/product_tag?post=7798"}],"curies":[{"name":"wp","href":"https:\/\/api.w.org\/{rel}","templated":true}]}}

FEIGL MIHÁLY Margit

<p>? † Mv., 1984. jan. 17.: a munkásmozgalmi harcos. – Fiatal korától részt vett a munkásmozgalomban, kulturális-nevelő munkát végzett. Tagja volt a KISZ-nek (1929–), a Vörös Segély Bizottság-ban tevékenykedett, többször letartóztatták. Felszabadulás után tagja volt a M. Népi Szövetség szervezet vezetőségének, a Romániai Nők Demokratikus Szövetsége megyei szervezetének titkára volt Sepsiszentgyörgyön. Udvarhely és Sepsiszentgyörgy járásokban párttisztségeket töltött be. Több kitüntetést kapott. <br /><strong>Irod.:</strong> [Nekrológ](V. Z. , 1984. jan.)</br></p>

<p>? † Mv., 1984. jan. 17.: a munkásmozgalmi harcos. – Fiatal korától részt vett a munkásmozgalomban, kulturális-nevelő munkát végzett. Tagja volt a KISZ-nek (1929–), a Vörös Segély Bizottság-ban tevékenykedett, többször letartóztatták. Felszabadulás után tagja volt a M. Népi Szövetség szervezet vezetőségének, a Romániai Nők Demokratikus Szövetsége megyei szervezetének titkára volt Sepsiszentgyörgyön. Udvarhely és Sepsiszentgyörgy járásokban párttisztségeket [&hellip;]</p>
