{"id":7799,"date":"2025-06-29T10:04:11","date_gmt":"2025-06-29T08:04:11","guid":{"rendered":"https:\/\/uj.adatbank.ro\/lexikon\/termek\/feigl-stefan-feigl-istvan\/"},"modified":"2025-06-29T10:04:11","modified_gmt":"2025-06-29T08:04:11","slug":"feigl-stefan-feigl-istvan","status":"publish","type":"product","link":"https:\/\/uj.adatbank.ro\/lexikon\/termek\/feigl-stefan-feigl-istvan\/","title":{"rendered":"FEIGL \u015etefan, Feigl Istv\u00e1n"},"content":{"rendered":"<p>Bp., 1911. j\u00fal. 17., \u2020\u00a0Dics\u0151szentm\u00e1rton, 2005.: sz\u00e1zados. \u2013 Hadnagy (1951), f\u00f6hadnagy (1954), sz\u00e1zados (1960). Munkahelyei: Brass\u00f3 \/ Szt\u00e1lin Tartom\u00e1ny Securitate (1951), Maros Tartom\u00e1ny Securitate, Dics\u0151szentm\u00e1rton Rajoni Securitate (1951\u20131952); Brass\u00f3 \/ Szt\u00e1lin Tartom\u00e1ny Securitate (1952\u201360) \u2013 Dics\u0151szentm\u00e1rton Rajoni Securitate (1952\u201358, a rajon f\u0151n\u00f6ke 1954\u201358), Segesv\u00e1r Rajoni Securitate (1958\u201360, 1958\u201359 a rajon f\u0151n\u00f6ke, 1959\u201360 a rajon helyettes f\u0151n\u00f6ke). Tartal\u00e9kba helyezt\u00e9k (1960. m\u00e1j. 31.) http: \/\/www. cnsas. ro\/documente\/cadrele_securitatii\/FEIGL%20STEFAN. pdf<\/br><\/p>\n","protected":false},"excerpt":{"rendered":"<p>Bp., 1911. j\u00fal. 17., \u2020\u00a0Dics\u0151szentm\u00e1rton, 2005.: sz\u00e1zados. \u2013 Hadnagy (1951), f\u00f6hadnagy (1954), sz\u00e1zados (1960). Munkahelyei: Brass\u00f3 \/ Szt\u00e1lin Tartom\u00e1ny Securitate (1951), Maros Tartom\u00e1ny Securitate, Dics\u0151szentm\u00e1rton Rajoni Securitate (1951\u20131952); Brass\u00f3 \/ Szt\u00e1lin Tartom\u00e1ny Securitate (1952\u201360) \u2013 Dics\u0151szentm\u00e1rton Rajoni Securitate (1952\u201358, a rajon f\u0151n\u00f6ke 1954\u201358), Segesv\u00e1r Rajoni Securitate (1958\u201360, 1958\u201359 a rajon f\u0151n\u00f6ke, 1959\u201360 a rajon helyettes [&hellip;]<\/p>\n","protected":false},"featured_media":0,"comment_status":"open","ping_status":"closed","template":"","meta":[],"product_brand":[],"product_cat":[137],"product_tag":[],"class_list":{"0":"post-7799","1":"product","2":"type-product","3":"status-publish","5":"product_cat-maros-megyei-eletrajzi-lexikon","7":"first","8":"instock","9":"shipping-taxable","10":"product-type-simple"},"_links":{"self":[{"href":"https:\/\/uj.adatbank.ro\/lexikon\/wp-json\/wp\/v2\/product\/7799","targetHints":{"allow":["GET"]}}],"collection":[{"href":"https:\/\/uj.adatbank.ro\/lexikon\/wp-json\/wp\/v2\/product"}],"about":[{"href":"https:\/\/uj.adatbank.ro\/lexikon\/wp-json\/wp\/v2\/types\/product"}],"replies":[{"embeddable":true,"href":"https:\/\/uj.adatbank.ro\/lexikon\/wp-json\/wp\/v2\/comments?post=7799"}],"wp:attachment":[{"href":"https:\/\/uj.adatbank.ro\/lexikon\/wp-json\/wp\/v2\/media?parent=7799"}],"wp:term":[{"taxonomy":"product_brand","embeddable":true,"href":"https:\/\/uj.adatbank.ro\/lexikon\/wp-json\/wp\/v2\/product_brand?post=7799"},{"taxonomy":"product_cat","embeddable":true,"href":"https:\/\/uj.adatbank.ro\/lexikon\/wp-json\/wp\/v2\/product_cat?post=7799"},{"taxonomy":"product_tag","embeddable":true,"href":"https:\/\/uj.adatbank.ro\/lexikon\/wp-json\/wp\/v2\/product_tag?post=7799"}],"curies":[{"name":"wp","href":"https:\/\/api.w.org\/{rel}","templated":true}]}}

FEIGL Ştefan, Feigl István

<p>Bp., 1911. júl. 17., † Dicsőszentmárton, 2005.: százados. – Hadnagy (1951), föhadnagy (1954), százados (1960). Munkahelyei: Brassó / Sztálin Tartomány Securitate (1951), Maros Tartomány Securitate, Dicsőszentmárton Rajoni Securitate (1951–1952); Brassó / Sztálin Tartomány Securitate (1952–60) – Dicsőszentmárton Rajoni Securitate (1952–58, a rajon főnöke 1954–58), Segesvár Rajoni Securitate (1958–60, 1958–59 a rajon főnöke, 1959–60 a rajon helyettes főnöke). Tartalékba helyezték (1960. máj. 31.) http: //www. cnsas. ro/documente/cadrele_securitatii/FEIGL%20STEFAN. pdf</br></p>

<p>Bp., 1911. júl. 17., † Dicsőszentmárton, 2005.: százados. – Hadnagy (1951), föhadnagy (1954), százados (1960). Munkahelyei: Brassó / Sztálin Tartomány Securitate (1951), Maros Tartomány Securitate, Dicsőszentmárton Rajoni Securitate (1951–1952); Brassó / Sztálin Tartomány Securitate (1952–60) – Dicsőszentmárton Rajoni Securitate (1952–58, a rajon főnöke 1954–58), Segesvár Rajoni Securitate (1958–60, 1958–59 a rajon főnöke, 1959–60 a rajon helyettes [&hellip;]</p>
