{"id":7800,"date":"2025-06-29T10:04:12","date_gmt":"2025-06-29T08:04:12","guid":{"rendered":"https:\/\/uj.adatbank.ro\/lexikon\/termek\/feilitzsch-arthur-br\/"},"modified":"2025-06-29T10:04:12","modified_gmt":"2025-06-29T08:04:12","slug":"feilitzsch-arthur-br","status":"publish","type":"product","link":"https:\/\/uj.adatbank.ro\/lexikon\/termek\/feilitzsch-arthur-br\/","title":{"rendered":"FEILITZSCH Arthur, br."},"content":{"rendered":"<p>T\u00f6r\u00f6kkanizsa, 1859. febr. 18., \u2020\u00a0Nagyernye, 1925. j\u00fan. 15.: politikus. \u2013 A Selmecb\u00e1ny\u00e1i b\u00e1ny\u00e1szati \u00e9s erd\u00e9szeti akad. -n erd\u00e9sz oklevelet szerzett. A m\u00e1ramarosszigeti j\u00f3sz\u00e1gigazgat\u00f3\u00ads\u00e1gn\u00e1l erd\u0151gyakornok (1879\u2013), a F\u00f6ld\u00adm\u00fcvel\u00e9s\u00fcgyi Min. szolg\u00e1lat\u00e1ba l\u00e9pett (1883\u2013), egyide\u00adj\u0171leg a bp.-i erd\u0151ker\u00fcletben erd\u00e9sz\u00adjel\u00f6lt, majd III., II. oszt\u00e1ly\u00fa alerd\u0151fel\u00fcgyel\u0151 (1885\u2013). I. oszt. alerd\u0151fel\u00fcgyel\u0151k\u00e9nt a kv.-i erd\u0151fel\u00fcgyel\u0151s\u00e9g vezet\u0151je (1890\u2013), erd\u0151 fel\u00fcgyel\u0151 (1891\u2013), mint erd\u0151igazgat\u00f3, a kv.-i erd\u0151igazgat\u00f3s\u00e1g vezet\u0151je (1892\u201399), a kv.-i fakereskedelmi rt. \u00fcgyvezet\u0151je (1894\u201399). Szabadelv\u0171 p\u00e1rti programmal a kv.-i II. v\u00e1laszt\u00f3ker. ogy. k\u00e9pvisel\u0151je (1899\u20131905), a k\u00e9pvisel\u0151h\u00e1z egyik alel\u00adn\u00f6ke (1903. nov. \u2013 1905. jan.), br. Fej\u00e9rv\u00e1ry G\u00e9za korm\u00e1ny\u00e1ban f\u00f6ldm\u0171vel\u00e9s\u00ad\u00fcgyi miniszter (1905. okt. 18. \u2013 1906. \u00e1pr. 8.). A Fej\u00e9rv\u00e1ry-korm\u00e1ny buk\u00e1sa ut\u00e1n visszavonult a politikai \u00e9lett\u0151l. Az Erd\u00e9lyi K\u00e1rp\u00e1t-Egyes\u00fclet eln\u00f6ke, v. b. t. t. (1906). A M. Polg\u00e1r c. lap szerk. (1902-03). \u2013 <strong>F. m.:<\/strong> F. A. programbesz\u00e9de (Kv., 1905); Birtokpo\u00adlitikai k\u00e9rd\u00e9sek (Kv., 1913). <br \/><strong>Irod.:<\/strong> R\u00daL; \u00daM\u00c9L<\/br><\/p>\n","protected":false},"excerpt":{"rendered":"<p>T\u00f6r\u00f6kkanizsa, 1859. febr. 18., \u2020\u00a0Nagyernye, 1925. j\u00fan. 15.: politikus. \u2013 A Selmecb\u00e1ny\u00e1i b\u00e1ny\u00e1szati \u00e9s erd\u00e9szeti akad. -n erd\u00e9sz oklevelet szerzett. A m\u00e1ramarosszigeti j\u00f3sz\u00e1gigazgat\u00f3\u00ads\u00e1gn\u00e1l erd\u0151gyakornok (1879\u2013), a F\u00f6ld\u00adm\u00fcvel\u00e9s\u00fcgyi Min. szolg\u00e1lat\u00e1ba l\u00e9pett (1883\u2013), egyide\u00adj\u0171leg a bp.-i erd\u0151ker\u00fcletben erd\u00e9sz\u00adjel\u00f6lt, majd III., II. oszt\u00e1ly\u00fa alerd\u0151fel\u00fcgyel\u0151 (1885\u2013). I. oszt. alerd\u0151fel\u00fcgyel\u0151k\u00e9nt a kv.-i erd\u0151fel\u00fcgyel\u0151s\u00e9g vezet\u0151je (1890\u2013), erd\u0151 fel\u00fcgyel\u0151 (1891\u2013), mint erd\u0151igazgat\u00f3, [&hellip;]<\/p>\n","protected":false},"featured_media":0,"comment_status":"open","ping_status":"closed","template":"","meta":[],"product_brand":[],"product_cat":[137],"product_tag":[],"class_list":{"0":"post-7800","1":"product","2":"type-product","3":"status-publish","5":"product_cat-maros-megyei-eletrajzi-lexikon","7":"first","8":"instock","9":"shipping-taxable","10":"product-type-simple"},"_links":{"self":[{"href":"https:\/\/uj.adatbank.ro\/lexikon\/wp-json\/wp\/v2\/product\/7800","targetHints":{"allow":["GET"]}}],"collection":[{"href":"https:\/\/uj.adatbank.ro\/lexikon\/wp-json\/wp\/v2\/product"}],"about":[{"href":"https:\/\/uj.adatbank.ro\/lexikon\/wp-json\/wp\/v2\/types\/product"}],"replies":[{"embeddable":true,"href":"https:\/\/uj.adatbank.ro\/lexikon\/wp-json\/wp\/v2\/comments?post=7800"}],"wp:attachment":[{"href":"https:\/\/uj.adatbank.ro\/lexikon\/wp-json\/wp\/v2\/media?parent=7800"}],"wp:term":[{"taxonomy":"product_brand","embeddable":true,"href":"https:\/\/uj.adatbank.ro\/lexikon\/wp-json\/wp\/v2\/product_brand?post=7800"},{"taxonomy":"product_cat","embeddable":true,"href":"https:\/\/uj.adatbank.ro\/lexikon\/wp-json\/wp\/v2\/product_cat?post=7800"},{"taxonomy":"product_tag","embeddable":true,"href":"https:\/\/uj.adatbank.ro\/lexikon\/wp-json\/wp\/v2\/product_tag?post=7800"}],"curies":[{"name":"wp","href":"https:\/\/api.w.org\/{rel}","templated":true}]}}

<p>Törökkanizsa, 1859. febr. 18., † Nagyernye, 1925. jún. 15.: politikus. – A Selmecbányái bányászati és erdészeti akad. -n erdész oklevelet szerzett. A máramarosszigeti jószágigazgató­ságnál erdőgyakornok (1879–), a Föld­müvelésügyi Min. szolgálatába lépett (1883–), egyide­jűleg a bp.-i erdőkerületben erdész­jelölt, majd III., II. osztályú alerdőfelügyelő (1885–). I. oszt. alerdőfelügyelőként a kv.-i erdőfelügyelőség vezetője (1890–), erdő felügyelő (1891–), mint erdőigazgató, a kv.-i erdőigazgatóság vezetője (1892–99), a kv.-i fakereskedelmi rt. ügyvezetője (1894–99). Szabadelvű párti programmal a kv.-i II. választóker. ogy. képviselője (1899–1905), a képviselőház egyik alel­nöke (1903. nov. – 1905. jan.), br. Fejérváry Géza kormányában földművelés­ügyi miniszter (1905. okt. 18. – 1906. ápr. 8.). A Fejérváry-kormány bukása után visszavonult a politikai élettől. Az Erdélyi Kárpát-Egyesület elnöke, v. b. t. t. (1906). A M. Polgár c. lap szerk. (1902-03). – <strong>F. m.:</strong> F. A. programbeszéde (Kv., 1905); Birtokpo­litikai kérdések (Kv., 1913). <br /><strong>Irod.:</strong> RÚL; ÚMÉL</br></p>

<p>Törökkanizsa, 1859. febr. 18., † Nagyernye, 1925. jún. 15.: politikus. – A Selmecbányái bányászati és erdészeti akad. -n erdész oklevelet szerzett. A máramarosszigeti jószágigazgató­ságnál erdőgyakornok (1879–), a Föld­müvelésügyi Min. szolgálatába lépett (1883–), egyide­jűleg a bp.-i erdőkerületben erdész­jelölt, majd III., II. osztályú alerdőfelügyelő (1885–). I. oszt. alerdőfelügyelőként a kv.-i erdőfelügyelőség vezetője (1890–), erdő felügyelő (1891–), mint erdőigazgató, [&hellip;]</p>
