{"id":7805,"date":"2025-06-29T10:04:23","date_gmt":"2025-06-29T08:04:23","guid":{"rendered":"https:\/\/uj.adatbank.ro\/lexikon\/termek\/fejer-emmanuel\/"},"modified":"2025-06-29T10:04:23","modified_gmt":"2025-06-29T08:04:23","slug":"fejer-emmanuel","status":"publish","type":"product","link":"https:\/\/uj.adatbank.ro\/lexikon\/termek\/fejer-emmanuel\/","title":{"rendered":"FEJ\u00c9R Emm\u00e1nuel"},"content":{"rendered":"<p>Cs\u00edksz\u00e9pv\u00edz, 1848. febr. 17., \u2020\u00a0Sepsiszentgy\u00f6rgy, 1910. okt. 17.: r. k. pap. \u2013 F. Istv\u00e1n \u00e9s Antalfy Katalin fia. \u2013 Cs\u00edksomly\u00f3n \u00e9s Gyulafeh\u00e9rv\u00e1ron v\u00e9gezte teol\u00f3giai tanulm\u00e1nyait. Pap\u00e1 szentelt\u00e9k (1872. \u00e1pr. 8.). K\u00e1pl\u00e1n volt Sepsiszentgy\u00f6rgy\u00f6n, Mv.-en \u00e9s Kv.-on. Pl\u00e9b\u00e1nos (1881\u2013) Cs\u00edcs\u00f3kereszt\u00faron, Szentkatoln\u00e1n \u00e9s Cs\u00edkszenttam\u00e1son, Sepsiszentgy\u00f6rgy\u00f6n (1888). Tiszteletbeli kanonokk\u00e1 nevezt\u00e9k ki (1908). <br \/><strong>Irod.:<\/strong> Sz\u00e1va 2012<\/br><\/p>\n","protected":false},"excerpt":{"rendered":"<p>Cs\u00edksz\u00e9pv\u00edz, 1848. febr. 17., \u2020\u00a0Sepsiszentgy\u00f6rgy, 1910. okt. 17.: r. k. pap. \u2013 F. Istv\u00e1n \u00e9s Antalfy Katalin fia. \u2013 Cs\u00edksomly\u00f3n \u00e9s Gyulafeh\u00e9rv\u00e1ron v\u00e9gezte teol\u00f3giai tanulm\u00e1nyait. Pap\u00e1 szentelt\u00e9k (1872. \u00e1pr. 8.). K\u00e1pl\u00e1n volt Sepsiszentgy\u00f6rgy\u00f6n, Mv.-en \u00e9s Kv.-on. Pl\u00e9b\u00e1nos (1881\u2013) Cs\u00edcs\u00f3kereszt\u00faron, Szentkatoln\u00e1n \u00e9s Cs\u00edkszenttam\u00e1son, Sepsiszentgy\u00f6rgy\u00f6n (1888). Tiszteletbeli kanonokk\u00e1 nevezt\u00e9k ki (1908). Irod.: Sz\u00e1va 2012<\/p>\n","protected":false},"featured_media":0,"comment_status":"open","ping_status":"closed","template":"","meta":[],"product_brand":[],"product_cat":[137],"product_tag":[],"class_list":{"0":"post-7805","1":"product","2":"type-product","3":"status-publish","5":"product_cat-maros-megyei-eletrajzi-lexikon","7":"first","8":"instock","9":"shipping-taxable","10":"product-type-simple"},"_links":{"self":[{"href":"https:\/\/uj.adatbank.ro\/lexikon\/wp-json\/wp\/v2\/product\/7805","targetHints":{"allow":["GET"]}}],"collection":[{"href":"https:\/\/uj.adatbank.ro\/lexikon\/wp-json\/wp\/v2\/product"}],"about":[{"href":"https:\/\/uj.adatbank.ro\/lexikon\/wp-json\/wp\/v2\/types\/product"}],"replies":[{"embeddable":true,"href":"https:\/\/uj.adatbank.ro\/lexikon\/wp-json\/wp\/v2\/comments?post=7805"}],"wp:attachment":[{"href":"https:\/\/uj.adatbank.ro\/lexikon\/wp-json\/wp\/v2\/media?parent=7805"}],"wp:term":[{"taxonomy":"product_brand","embeddable":true,"href":"https:\/\/uj.adatbank.ro\/lexikon\/wp-json\/wp\/v2\/product_brand?post=7805"},{"taxonomy":"product_cat","embeddable":true,"href":"https:\/\/uj.adatbank.ro\/lexikon\/wp-json\/wp\/v2\/product_cat?post=7805"},{"taxonomy":"product_tag","embeddable":true,"href":"https:\/\/uj.adatbank.ro\/lexikon\/wp-json\/wp\/v2\/product_tag?post=7805"}],"curies":[{"name":"wp","href":"https:\/\/api.w.org\/{rel}","templated":true}]}}

FEJÉR Emmánuel

<p>Csíkszépvíz, 1848. febr. 17., † Sepsiszentgyörgy, 1910. okt. 17.: r. k. pap. – F. István és Antalfy Katalin fia. – Csíksomlyón és Gyulafehérváron végezte teológiai tanulmányait. Papá szentelték (1872. ápr. 8.). Káplán volt Sepsiszentgyörgyön, Mv.-en és Kv.-on. Plébános (1881–) Csícsókeresztúron, Szentkatolnán és Csíkszenttamáson, Sepsiszentgyörgyön (1888). Tiszteletbeli kanonokká nevezték ki (1908). <br /><strong>Irod.:</strong> Száva 2012</br></p>

<p>Csíkszépvíz, 1848. febr. 17., † Sepsiszentgyörgy, 1910. okt. 17.: r. k. pap. – F. István és Antalfy Katalin fia. – Csíksomlyón és Gyulafehérváron végezte teológiai tanulmányait. Papá szentelték (1872. ápr. 8.). Káplán volt Sepsiszentgyörgyön, Mv.-en és Kv.-on. Plébános (1881–) Csícsókeresztúron, Szentkatolnán és Csíkszenttamáson, Sepsiszentgyörgyön (1888). Tiszteletbeli kanonokká nevezték ki (1908). Irod.: Száva 2012</p>
