{"id":7807,"date":"2025-06-29T10:04:40","date_gmt":"2025-06-29T08:04:40","guid":{"rendered":"https:\/\/uj.adatbank.ro\/lexikon\/termek\/fejer-istvan\/"},"modified":"2025-06-29T10:04:40","modified_gmt":"2025-06-29T08:04:40","slug":"fejer-istvan","status":"publish","type":"product","link":"https:\/\/uj.adatbank.ro\/lexikon\/termek\/fejer-istvan\/","title":{"rendered":"FEJ\u00c9R Istv\u00e1n"},"content":{"rendered":"<p>Cs\u00edksz\u00e9pv\u00edz, 1909. m\u00e1rc. 6., \u2020 Mv., 2002. nov. (Cs\u00edksz\u00e9pv\u00edzen temett\u00e9k el): \u00fcgyv\u00e9d. \u2013 Segesv\u00e1ron \u00e9retts\u00e9gizett, a kv.-i Regele Ferdinand TE-en szerzett \u00fcgyv\u00e9di oklevelet (1935), itt v\u00e9dte meg doktori \u00e9rtekez\u00e9s\u00e9t (1941), majd \u00fajra megv\u00e9dte a doktori c\u00edm\u00e9t (1955). R\u00e9szt vett a II. vh.-ban. Ausztri\u00e1ban maradt, B\u00e9csben m\u0171k\u00f6d\u00f6tt, majd Klagenfurtban, v\u00e1rosi b\u00edr\u00f3k\u00e9nt tev\u00e9kenykedett nyugd\u00edjaz\u00e1s\u00e1ig. T\u00f6bbnyire Mv.-en tar\u00f3zkodott (1998-t\u00f3l) hal\u00e1l\u00e1ig. <br \/><strong>Irod.:<\/strong> Sz\u00e1va<\/br><\/p>\n","protected":false},"excerpt":{"rendered":"<p>Cs\u00edksz\u00e9pv\u00edz, 1909. m\u00e1rc. 6., \u2020 Mv., 2002. nov. (Cs\u00edksz\u00e9pv\u00edzen temett\u00e9k el): \u00fcgyv\u00e9d. \u2013 Segesv\u00e1ron \u00e9retts\u00e9gizett, a kv.-i Regele Ferdinand TE-en szerzett \u00fcgyv\u00e9di oklevelet (1935), itt v\u00e9dte meg doktori \u00e9rtekez\u00e9s\u00e9t (1941), majd \u00fajra megv\u00e9dte a doktori c\u00edm\u00e9t (1955). R\u00e9szt vett a II. vh.-ban. Ausztri\u00e1ban maradt, B\u00e9csben m\u0171k\u00f6d\u00f6tt, majd Klagenfurtban, v\u00e1rosi b\u00edr\u00f3k\u00e9nt tev\u00e9kenykedett nyugd\u00edjaz\u00e1s\u00e1ig. T\u00f6bbnyire Mv.-en tar\u00f3zkodott [&hellip;]<\/p>\n","protected":false},"featured_media":0,"comment_status":"open","ping_status":"closed","template":"","meta":[],"product_brand":[],"product_cat":[137],"product_tag":[],"class_list":{"0":"post-7807","1":"product","2":"type-product","3":"status-publish","5":"product_cat-maros-megyei-eletrajzi-lexikon","7":"first","8":"instock","9":"shipping-taxable","10":"product-type-simple"},"_links":{"self":[{"href":"https:\/\/uj.adatbank.ro\/lexikon\/wp-json\/wp\/v2\/product\/7807","targetHints":{"allow":["GET"]}}],"collection":[{"href":"https:\/\/uj.adatbank.ro\/lexikon\/wp-json\/wp\/v2\/product"}],"about":[{"href":"https:\/\/uj.adatbank.ro\/lexikon\/wp-json\/wp\/v2\/types\/product"}],"replies":[{"embeddable":true,"href":"https:\/\/uj.adatbank.ro\/lexikon\/wp-json\/wp\/v2\/comments?post=7807"}],"wp:attachment":[{"href":"https:\/\/uj.adatbank.ro\/lexikon\/wp-json\/wp\/v2\/media?parent=7807"}],"wp:term":[{"taxonomy":"product_brand","embeddable":true,"href":"https:\/\/uj.adatbank.ro\/lexikon\/wp-json\/wp\/v2\/product_brand?post=7807"},{"taxonomy":"product_cat","embeddable":true,"href":"https:\/\/uj.adatbank.ro\/lexikon\/wp-json\/wp\/v2\/product_cat?post=7807"},{"taxonomy":"product_tag","embeddable":true,"href":"https:\/\/uj.adatbank.ro\/lexikon\/wp-json\/wp\/v2\/product_tag?post=7807"}],"curies":[{"name":"wp","href":"https:\/\/api.w.org\/{rel}","templated":true}]}}

FEJÉR István

<p>Csíkszépvíz, 1909. márc. 6., † Mv., 2002. nov. (Csíkszépvízen temették el): ügyvéd. – Segesváron érettségizett, a kv.-i Regele Ferdinand TE-en szerzett ügyvédi oklevelet (1935), itt védte meg doktori értekezését (1941), majd újra megvédte a doktori címét (1955). Részt vett a II. vh.-ban. Ausztriában maradt, Bécsben működött, majd Klagenfurtban, városi bíróként tevékenykedett nyugdíjazásáig. Többnyire Mv.-en tarózkodott (1998-tól) haláláig. <br /><strong>Irod.:</strong> Száva</br></p>

<p>Csíkszépvíz, 1909. márc. 6., † Mv., 2002. nov. (Csíkszépvízen temették el): ügyvéd. – Segesváron érettségizett, a kv.-i Regele Ferdinand TE-en szerzett ügyvédi oklevelet (1935), itt védte meg doktori értekezését (1941), majd újra megvédte a doktori címét (1955). Részt vett a II. vh.-ban. Ausztriában maradt, Bécsben működött, majd Klagenfurtban, városi bíróként tevékenykedett nyugdíjazásáig. Többnyire Mv.-en tarózkodott [&hellip;]</p>
