{"id":7808,"date":"2025-06-29T10:04:45","date_gmt":"2025-06-29T08:04:45","guid":{"rendered":"https:\/\/uj.adatbank.ro\/lexikon\/termek\/fejer-istvan-%c2%a7-kapalb-fejer-istvan\/"},"modified":"2025-06-29T10:04:45","modified_gmt":"2025-06-29T08:04:45","slug":"fejer-istvan-%c2%a7-kapalb-fejer-istvan","status":"publish","type":"product","link":"https:\/\/uj.adatbank.ro\/lexikon\/termek\/fejer-istvan-%c2%a7-kapalb-fejer-istvan\/","title":{"rendered":"FEJ\u00c9R Istv\u00e1n, \u00a7 K\u00e1p\u00e1lb Fej\u00e9r Istv\u00e1n"},"content":{"rendered":"<p>Gyergy\u00f3alfalu, 1891., \u2020\u00a0Mv., ?: tisztvisel\u0151. \u2013 K\u00e1p\u00e1lb Gergely (1826\u20131857) \u00e9s Ficzus Katalin fia (1834-?). Feles\u00e9ge: Stich Ir\u00e9n. \u2013 Jegyz\u0151nek tanult. Mint \u00f6nk\u00e9ntes vonult be az 51. gy. e. -hez (1913), r\u00e9szt vett az I. vh.-ban (1914\u2013) az orosz \u00e9s az olasz fronton harcolt. Kit\u00fcntet\u00e9ssel mint f\u0151hadnagy szerelt le. Tartal\u00e9kos f\u0151hadnagy, alakulata cs. \u00e9s kir. 51. gyalogezred. Kit\u00fcnt\u00e9sei: Br. Sign., O1, O2, Kcsk. Vit\u00e9z avat\u00e1si id\u0151pontja: 1943. m\u00e1j. 12. Mv.-en v\u00e1rosi k\u00f6z\u00fczemi tisztvisel\u0151, oszt\u00e1lyvezet\u0151. Sportolt, az MSE akt\u00edv tagja volt (1918\u201319; 1934\u2013). Letette a j\u00e1t\u00e9kvezet\u0151i vizsg\u00e1t (1920) \u00e9s a Sz\u00e9kelyf\u00f6ld j\u00e1t\u00e9kvezet\u0151 kirendelts\u00e9g int\u00e9z\u0151 \u00e9s egyes b\u00edr\u00f3ja volt. Az MTE f\u0151titk\u00e1ra volt egy ideig. <br \/><strong>Irod.:<\/strong> Berekm\u00e9ri\u2013Nemes; Erd\u00e9lyi ezredek; Pluh\u00e1r; Sz\u00e1va 2012<\/br><\/p>\n","protected":false},"excerpt":{"rendered":"<p>Gyergy\u00f3alfalu, 1891., \u2020\u00a0Mv., ?: tisztvisel\u0151. \u2013 K\u00e1p\u00e1lb Gergely (1826\u20131857) \u00e9s Ficzus Katalin fia (1834-?). Feles\u00e9ge: Stich Ir\u00e9n. \u2013 Jegyz\u0151nek tanult. Mint \u00f6nk\u00e9ntes vonult be az 51. gy. e. -hez (1913), r\u00e9szt vett az I. vh.-ban (1914\u2013) az orosz \u00e9s az olasz fronton harcolt. Kit\u00fcntet\u00e9ssel mint f\u0151hadnagy szerelt le. Tartal\u00e9kos f\u0151hadnagy, alakulata cs. \u00e9s kir. 51. [&hellip;]<\/p>\n","protected":false},"featured_media":0,"comment_status":"open","ping_status":"closed","template":"","meta":[],"product_brand":[],"product_cat":[137],"product_tag":[],"class_list":{"0":"post-7808","1":"product","2":"type-product","3":"status-publish","5":"product_cat-maros-megyei-eletrajzi-lexikon","7":"first","8":"instock","9":"shipping-taxable","10":"product-type-simple"},"_links":{"self":[{"href":"https:\/\/uj.adatbank.ro\/lexikon\/wp-json\/wp\/v2\/product\/7808","targetHints":{"allow":["GET"]}}],"collection":[{"href":"https:\/\/uj.adatbank.ro\/lexikon\/wp-json\/wp\/v2\/product"}],"about":[{"href":"https:\/\/uj.adatbank.ro\/lexikon\/wp-json\/wp\/v2\/types\/product"}],"replies":[{"embeddable":true,"href":"https:\/\/uj.adatbank.ro\/lexikon\/wp-json\/wp\/v2\/comments?post=7808"}],"wp:attachment":[{"href":"https:\/\/uj.adatbank.ro\/lexikon\/wp-json\/wp\/v2\/media?parent=7808"}],"wp:term":[{"taxonomy":"product_brand","embeddable":true,"href":"https:\/\/uj.adatbank.ro\/lexikon\/wp-json\/wp\/v2\/product_brand?post=7808"},{"taxonomy":"product_cat","embeddable":true,"href":"https:\/\/uj.adatbank.ro\/lexikon\/wp-json\/wp\/v2\/product_cat?post=7808"},{"taxonomy":"product_tag","embeddable":true,"href":"https:\/\/uj.adatbank.ro\/lexikon\/wp-json\/wp\/v2\/product_tag?post=7808"}],"curies":[{"name":"wp","href":"https:\/\/api.w.org\/{rel}","templated":true}]}}

FEJÉR István, § Kápálb Fejér István

<p>Gyergyóalfalu, 1891., † Mv., ?: tisztviselő. – Kápálb Gergely (1826–1857) és Ficzus Katalin fia (1834-?). Felesége: Stich Irén. – Jegyzőnek tanult. Mint önkéntes vonult be az 51. gy. e. -hez (1913), részt vett az I. vh.-ban (1914–) az orosz és az olasz fronton harcolt. Kitüntetéssel mint főhadnagy szerelt le. Tartalékos főhadnagy, alakulata cs. és kir. 51. gyalogezred. Kitüntései: Br. Sign., O1, O2, Kcsk. Vitéz avatási időpontja: 1943. máj. 12. Mv.-en városi közüzemi tisztviselő, osztályvezető. Sportolt, az MSE aktív tagja volt (1918–19; 1934–). Letette a játékvezetői vizsgát (1920) és a Székelyföld játékvezető kirendeltség intéző és egyes bírója volt. Az MTE főtitkára volt egy ideig. <br /><strong>Irod.:</strong> Berekméri–Nemes; Erdélyi ezredek; Pluhár; Száva 2012</br></p>

<p>Gyergyóalfalu, 1891., † Mv., ?: tisztviselő. – Kápálb Gergely (1826–1857) és Ficzus Katalin fia (1834-?). Felesége: Stich Irén. – Jegyzőnek tanult. Mint önkéntes vonult be az 51. gy. e. -hez (1913), részt vett az I. vh.-ban (1914–) az orosz és az olasz fronton harcolt. Kitüntetéssel mint főhadnagy szerelt le. Tartalékos főhadnagy, alakulata cs. és kir. 51. [&hellip;]</p>
