{"id":7809,"date":"2025-06-29T10:04:47","date_gmt":"2025-06-29T08:04:47","guid":{"rendered":"https:\/\/uj.adatbank.ro\/lexikon\/termek\/fejer-janos-haralyi\/"},"modified":"2025-06-29T10:04:47","modified_gmt":"2025-06-29T08:04:47","slug":"fejer-janos-haralyi","status":"publish","type":"product","link":"https:\/\/uj.adatbank.ro\/lexikon\/termek\/fejer-janos-haralyi\/","title":{"rendered":"FEJ\u00c9R J\u00e1nos, haralyi"},"content":{"rendered":"<p>? \u2020\u00a0?: sz\u00edn\u00e9sz. \u2013 Apjuk F. Ferenc (\u2020\u00a0Torda, 1780). Testv\u00e9rei: Istv\u00e1n, S\u00e1ndor, Roz\u00e1lia Kotsi Patk\u00f3 J\u00e1nosn\u00e9 (1777\u20131811). \u2013 A fi\u00fak a kv.-i ref. koll.-ban tanultak. Sz\u00edn\u00e9szek lettek (1790 k.). J\u00e1nos Nagyenyeden, Istv\u00e1n Mo. r\u00f3l. toborzott sz\u00edn\u00e9szeket. A megalakult t\u00e1rsas\u00e1guk Kv.-on mutatkozott be a k\u00f6z\u00f6ns\u00e9gnek (1792 nov. 11). F. J. volt az els\u0151 igazgat\u00f3, egy \u00e9vad ut\u00e1n Kotsi Patk\u00f3 J\u00e1nos vette \u00e1t a vezet\u00e9st. A h\u00e1rom Fej\u00e9r testv\u00e9r megvetette az alapj\u00e1t Nemes ifjak J\u00e1dz\u00f3 T\u00e1rsas\u00e1g\u00e1nak Mv.-en (1792). <br \/><strong>Irod.:<\/strong> Chereji Peris T.: A mv.-i sz\u00ednh\u00e1z \u00e9s sz\u00ednj\u00e1tsz\u00e1s megteremt\u00e9s\u00e9r\u0151l  =  Mv. t\u00f6rt\u00e9net\u00e9b\u0151l, K\u00e1li Nagy L\u00e1z\u00e1r visszaeml\u00e9kez\u00e9sei<\/br><\/p>\n","protected":false},"excerpt":{"rendered":"<p>? \u2020\u00a0?: sz\u00edn\u00e9sz. \u2013 Apjuk F. Ferenc (\u2020\u00a0Torda, 1780). Testv\u00e9rei: Istv\u00e1n, S\u00e1ndor, Roz\u00e1lia Kotsi Patk\u00f3 J\u00e1nosn\u00e9 (1777\u20131811). \u2013 A fi\u00fak a kv.-i ref. koll.-ban tanultak. Sz\u00edn\u00e9szek lettek (1790 k.). J\u00e1nos Nagyenyeden, Istv\u00e1n Mo. r\u00f3l. toborzott sz\u00edn\u00e9szeket. A megalakult t\u00e1rsas\u00e1guk Kv.-on mutatkozott be a k\u00f6z\u00f6ns\u00e9gnek (1792 nov. 11). F. J. volt az els\u0151 igazgat\u00f3, egy \u00e9vad [&hellip;]<\/p>\n","protected":false},"featured_media":0,"comment_status":"open","ping_status":"closed","template":"","meta":[],"product_brand":[],"product_cat":[137],"product_tag":[],"class_list":{"0":"post-7809","1":"product","2":"type-product","3":"status-publish","5":"product_cat-maros-megyei-eletrajzi-lexikon","7":"first","8":"instock","9":"shipping-taxable","10":"product-type-simple"},"_links":{"self":[{"href":"https:\/\/uj.adatbank.ro\/lexikon\/wp-json\/wp\/v2\/product\/7809","targetHints":{"allow":["GET"]}}],"collection":[{"href":"https:\/\/uj.adatbank.ro\/lexikon\/wp-json\/wp\/v2\/product"}],"about":[{"href":"https:\/\/uj.adatbank.ro\/lexikon\/wp-json\/wp\/v2\/types\/product"}],"replies":[{"embeddable":true,"href":"https:\/\/uj.adatbank.ro\/lexikon\/wp-json\/wp\/v2\/comments?post=7809"}],"wp:attachment":[{"href":"https:\/\/uj.adatbank.ro\/lexikon\/wp-json\/wp\/v2\/media?parent=7809"}],"wp:term":[{"taxonomy":"product_brand","embeddable":true,"href":"https:\/\/uj.adatbank.ro\/lexikon\/wp-json\/wp\/v2\/product_brand?post=7809"},{"taxonomy":"product_cat","embeddable":true,"href":"https:\/\/uj.adatbank.ro\/lexikon\/wp-json\/wp\/v2\/product_cat?post=7809"},{"taxonomy":"product_tag","embeddable":true,"href":"https:\/\/uj.adatbank.ro\/lexikon\/wp-json\/wp\/v2\/product_tag?post=7809"}],"curies":[{"name":"wp","href":"https:\/\/api.w.org\/{rel}","templated":true}]}}

FEJÉR János, haralyi

<p>? † ?: színész. – Apjuk F. Ferenc († Torda, 1780). Testvérei: István, Sándor, Rozália Kotsi Patkó Jánosné (1777–1811). – A fiúk a kv.-i ref. koll.-ban tanultak. Színészek lettek (1790 k.). János Nagyenyeden, István Mo. ról. toborzott színészeket. A megalakult társaságuk Kv.-on mutatkozott be a közönségnek (1792 nov. 11). F. J. volt az első igazgató, egy évad után Kotsi Patkó János vette át a vezetést. A három Fejér testvér megvetette az alapját Nemes ifjak Jádzó Társaságának Mv.-en (1792). <br /><strong>Irod.:</strong> Chereji Peris T.: A mv.-i színház és színjátszás megteremtéséről  =  Mv. történetéből, Káli Nagy Lázár visszaemlékezései</br></p>

<p>? † ?: színész. – Apjuk F. Ferenc († Torda, 1780). Testvérei: István, Sándor, Rozália Kotsi Patkó Jánosné (1777–1811). – A fiúk a kv.-i ref. koll.-ban tanultak. Színészek lettek (1790 k.). János Nagyenyeden, István Mo. ról. toborzott színészeket. A megalakult társaságuk Kv.-on mutatkozott be a közönségnek (1792 nov. 11). F. J. volt az első igazgató, egy évad [&hellip;]</p>
