{"id":7811,"date":"2025-06-29T10:04:49","date_gmt":"2025-06-29T08:04:49","guid":{"rendered":"https:\/\/uj.adatbank.ro\/lexikon\/termek\/fejer-jozsef\/"},"modified":"2025-06-29T10:04:49","modified_gmt":"2025-06-29T08:04:49","slug":"fejer-jozsef","status":"publish","type":"product","link":"https:\/\/uj.adatbank.ro\/lexikon\/termek\/fejer-jozsef\/","title":{"rendered":"FEJ\u00c9R J\u00f3zsef"},"content":{"rendered":"<p>Hatolyka, 1825. m\u00e1rc. 12. \u2020\u00a01887. \u00e1pr. 11.: r. k. pap. \u2013 Tanult Kant\u00e1n, Kv.-on, Gyulafeh\u00e9rv\u00e1ron. Papp\u00e1 szentelt\u00e9k (1848. j\u00fal. 26.). K\u00e1pl\u00e1n Gyergy\u00f3szentmikl\u00f3son. Fogoly volt Nagyszebenben, Sz\u00e9kelyudvarhelyen, \u00e9s Cs\u00edksomly\u00f3n (1849). K\u00e1pl\u00e1n Sz\u00e9kelyudvarhelyen, Cs\u00edksomly\u00f3n, Kapnikb\u00e1ny\u00e1n. Tan\u00e1r Mv.-en (1856\u201361). Tus\u00e1don k\u00e1pl\u00e1n. Pl\u00e9b\u00e1nos Mez\u0151szengyelen (1863\u201365), majd Illyefalv\u00e1n, Bal\u00e1nb\u00e1ny\u00e1n, Cs\u00edkszentl\u00e9leken. <br \/><strong>Irod.:<\/strong> Ferenczi S\u00e1ndor 2009<\/br><\/p>\n","protected":false},"excerpt":{"rendered":"<p>Hatolyka, 1825. m\u00e1rc. 12. \u2020\u00a01887. \u00e1pr. 11.: r. k. pap. \u2013 Tanult Kant\u00e1n, Kv.-on, Gyulafeh\u00e9rv\u00e1ron. Papp\u00e1 szentelt\u00e9k (1848. j\u00fal. 26.). K\u00e1pl\u00e1n Gyergy\u00f3szentmikl\u00f3son. Fogoly volt Nagyszebenben, Sz\u00e9kelyudvarhelyen, \u00e9s Cs\u00edksomly\u00f3n (1849). K\u00e1pl\u00e1n Sz\u00e9kelyudvarhelyen, Cs\u00edksomly\u00f3n, Kapnikb\u00e1ny\u00e1n. Tan\u00e1r Mv.-en (1856\u201361). Tus\u00e1don k\u00e1pl\u00e1n. Pl\u00e9b\u00e1nos Mez\u0151szengyelen (1863\u201365), majd Illyefalv\u00e1n, Bal\u00e1nb\u00e1ny\u00e1n, Cs\u00edkszentl\u00e9leken. Irod.: Ferenczi S\u00e1ndor 2009<\/p>\n","protected":false},"featured_media":0,"comment_status":"open","ping_status":"closed","template":"","meta":[],"product_brand":[],"product_cat":[137],"product_tag":[],"class_list":{"0":"post-7811","1":"product","2":"type-product","3":"status-publish","5":"product_cat-maros-megyei-eletrajzi-lexikon","7":"first","8":"instock","9":"shipping-taxable","10":"product-type-simple"},"_links":{"self":[{"href":"https:\/\/uj.adatbank.ro\/lexikon\/wp-json\/wp\/v2\/product\/7811","targetHints":{"allow":["GET"]}}],"collection":[{"href":"https:\/\/uj.adatbank.ro\/lexikon\/wp-json\/wp\/v2\/product"}],"about":[{"href":"https:\/\/uj.adatbank.ro\/lexikon\/wp-json\/wp\/v2\/types\/product"}],"replies":[{"embeddable":true,"href":"https:\/\/uj.adatbank.ro\/lexikon\/wp-json\/wp\/v2\/comments?post=7811"}],"wp:attachment":[{"href":"https:\/\/uj.adatbank.ro\/lexikon\/wp-json\/wp\/v2\/media?parent=7811"}],"wp:term":[{"taxonomy":"product_brand","embeddable":true,"href":"https:\/\/uj.adatbank.ro\/lexikon\/wp-json\/wp\/v2\/product_brand?post=7811"},{"taxonomy":"product_cat","embeddable":true,"href":"https:\/\/uj.adatbank.ro\/lexikon\/wp-json\/wp\/v2\/product_cat?post=7811"},{"taxonomy":"product_tag","embeddable":true,"href":"https:\/\/uj.adatbank.ro\/lexikon\/wp-json\/wp\/v2\/product_tag?post=7811"}],"curies":[{"name":"wp","href":"https:\/\/api.w.org\/{rel}","templated":true}]}}

FEJÉR József

<p>Hatolyka, 1825. márc. 12. † 1887. ápr. 11.: r. k. pap. – Tanult Kantán, Kv.-on, Gyulafehérváron. Pappá szentelték (1848. júl. 26.). Káplán Gyergyószentmiklóson. Fogoly volt Nagyszebenben, Székelyudvarhelyen, és Csíksomlyón (1849). Káplán Székelyudvarhelyen, Csíksomlyón, Kapnikbányán. Tanár Mv.-en (1856–61). Tusádon káplán. Plébános Mezőszengyelen (1863–65), majd Illyefalván, Balánbányán, Csíkszentléleken. <br /><strong>Irod.:</strong> Ferenczi Sándor 2009</br></p>

<p>Hatolyka, 1825. márc. 12. † 1887. ápr. 11.: r. k. pap. – Tanult Kantán, Kv.-on, Gyulafehérváron. Pappá szentelték (1848. júl. 26.). Káplán Gyergyószentmiklóson. Fogoly volt Nagyszebenben, Székelyudvarhelyen, és Csíksomlyón (1849). Káplán Székelyudvarhelyen, Csíksomlyón, Kapnikbányán. Tanár Mv.-en (1856–61). Tusádon káplán. Plébános Mezőszengyelen (1863–65), majd Illyefalván, Balánbányán, Csíkszentléleken. Irod.: Ferenczi Sándor 2009</p>
