{"id":7814,"date":"2025-06-29T10:04:52","date_gmt":"2025-06-29T08:04:52","guid":{"rendered":"https:\/\/uj.adatbank.ro\/lexikon\/termek\/fejer-mano-weisz-mano\/"},"modified":"2025-06-29T10:04:52","modified_gmt":"2025-06-29T08:04:52","slug":"fejer-mano-weisz-mano","status":"publish","type":"product","link":"https:\/\/uj.adatbank.ro\/lexikon\/termek\/fejer-mano-weisz-mano\/","title":{"rendered":"FEJ\u00c9R Man\u00f3, Weisz Man\u00f3"},"content":{"rendered":"<p>Sz\u00e1szr\u00e9gen, 1848. febr. 17., \u2020 Sepsiszentgy\u00f6gy, 1910. febr. 17.: r. k. tb. kanonok, esperespl\u00e9b\u00e1nos, szak\u00edr\u00f3. \u2013 Papp\u00e1 szentelt\u00e9k (1872). Seg\u00e9dlelk\u00e9sz: Sepsiszentgy\u00f6rgy\u00f6n, Mv.-en. K\u00e1pl\u00e1n: Kv.-on, Csics\u00f3kereszt\u00faron, Szentkatoln\u00e1n, Csikszenttam\u00e1son. Pl\u00e9b\u00e9nos Sepsiszentgy\u00f6rgy\u00f6n, alesperes (1891\u2013), f\u0151esperes (1900\u2013), c. kanonok (1908\u2013). <strong>Cikkei:<\/strong> a gyulafeh\u00e9rv\u00e1ri K\u00f6zm\u0171vel\u0151d\u00e9sben jelentek meg. <br \/><strong>Irod.:<\/strong> Guly\u00e1s; Kempelen; P\u00e1lmay<\/br><\/p>\n","protected":false},"excerpt":{"rendered":"<p>Sz\u00e1szr\u00e9gen, 1848. febr. 17., \u2020 Sepsiszentgy\u00f6gy, 1910. febr. 17.: r. k. tb. kanonok, esperespl\u00e9b\u00e1nos, szak\u00edr\u00f3. \u2013 Papp\u00e1 szentelt\u00e9k (1872). Seg\u00e9dlelk\u00e9sz: Sepsiszentgy\u00f6rgy\u00f6n, Mv.-en. K\u00e1pl\u00e1n: Kv.-on, Csics\u00f3kereszt\u00faron, Szentkatoln\u00e1n, Csikszenttam\u00e1son. Pl\u00e9b\u00e9nos Sepsiszentgy\u00f6rgy\u00f6n, alesperes (1891\u2013), f\u0151esperes (1900\u2013), c. kanonok (1908\u2013). Cikkei: a gyulafeh\u00e9rv\u00e1ri K\u00f6zm\u0171vel\u0151d\u00e9sben jelentek meg. Irod.: Guly\u00e1s; Kempelen; P\u00e1lmay<\/p>\n","protected":false},"featured_media":0,"comment_status":"open","ping_status":"closed","template":"","meta":[],"product_brand":[],"product_cat":[137],"product_tag":[],"class_list":{"0":"post-7814","1":"product","2":"type-product","3":"status-publish","5":"product_cat-maros-megyei-eletrajzi-lexikon","7":"first","8":"instock","9":"shipping-taxable","10":"product-type-simple"},"_links":{"self":[{"href":"https:\/\/uj.adatbank.ro\/lexikon\/wp-json\/wp\/v2\/product\/7814","targetHints":{"allow":["GET"]}}],"collection":[{"href":"https:\/\/uj.adatbank.ro\/lexikon\/wp-json\/wp\/v2\/product"}],"about":[{"href":"https:\/\/uj.adatbank.ro\/lexikon\/wp-json\/wp\/v2\/types\/product"}],"replies":[{"embeddable":true,"href":"https:\/\/uj.adatbank.ro\/lexikon\/wp-json\/wp\/v2\/comments?post=7814"}],"wp:attachment":[{"href":"https:\/\/uj.adatbank.ro\/lexikon\/wp-json\/wp\/v2\/media?parent=7814"}],"wp:term":[{"taxonomy":"product_brand","embeddable":true,"href":"https:\/\/uj.adatbank.ro\/lexikon\/wp-json\/wp\/v2\/product_brand?post=7814"},{"taxonomy":"product_cat","embeddable":true,"href":"https:\/\/uj.adatbank.ro\/lexikon\/wp-json\/wp\/v2\/product_cat?post=7814"},{"taxonomy":"product_tag","embeddable":true,"href":"https:\/\/uj.adatbank.ro\/lexikon\/wp-json\/wp\/v2\/product_tag?post=7814"}],"curies":[{"name":"wp","href":"https:\/\/api.w.org\/{rel}","templated":true}]}}

FEJÉR Manó, Weisz Manó

<p>Szászrégen, 1848. febr. 17., † Sepsiszentgyögy, 1910. febr. 17.: r. k. tb. kanonok, esperesplébános, szakíró. – Pappá szentelték (1872). Segédlelkész: Sepsiszentgyörgyön, Mv.-en. Káplán: Kv.-on, Csicsókeresztúron, Szentkatolnán, Csikszenttamáson. Plébénos Sepsiszentgyörgyön, alesperes (1891–), főesperes (1900–), c. kanonok (1908–). <strong>Cikkei:</strong> a gyulafehérvári Közművelődésben jelentek meg. <br /><strong>Irod.:</strong> Gulyás; Kempelen; Pálmay</br></p>

<p>Szászrégen, 1848. febr. 17., † Sepsiszentgyögy, 1910. febr. 17.: r. k. tb. kanonok, esperesplébános, szakíró. – Pappá szentelték (1872). Segédlelkész: Sepsiszentgyörgyön, Mv.-en. Káplán: Kv.-on, Csicsókeresztúron, Szentkatolnán, Csikszenttamáson. Plébénos Sepsiszentgyörgyön, alesperes (1891–), főesperes (1900–), c. kanonok (1908–). Cikkei: a gyulafehérvári Közművelődésben jelentek meg. Irod.: Gulyás; Kempelen; Pálmay</p>
