{"id":7815,"date":"2025-06-29T10:04:54","date_gmt":"2025-06-29T08:04:54","guid":{"rendered":"https:\/\/uj.adatbank.ro\/lexikon\/termek\/fejer-marton\/"},"modified":"2025-06-29T10:04:54","modified_gmt":"2025-06-29T08:04:54","slug":"fejer-marton","status":"publish","type":"product","link":"https:\/\/uj.adatbank.ro\/lexikon\/termek\/fejer-marton\/","title":{"rendered":"FEJ\u00c9R M\u00e1rton"},"content":{"rendered":"<p>K\u00f6vend, 1812. szept. 30., \u2020\u00a01865. a H\u00e1zsong\u00e1rdi temet\u0151ben nyugszik: \u00fcgyv\u00e9d. \u2013 F. Mih\u00e1ly \u00e9s \u00c1d\u00e1mosi Kl\u00e1ra fia. \u2013 Tord\u00e1n \u00e9s Kv.-on tanult b\u00f6lcseletet, jogot \u00e9s hittudom\u00e1nyt. Di\u00e1kkor\u00e1ban j\u00f3 szervez\u0151 volt, olvas\u00f3k\u00f6rt, \u00f6nk\u00e9pz\u0151k\u00f6rt alap\u00edtott a kv.-i unit. f\u0151iskolai hallgat\u00f3knak. B\u00f6lcseletet, jogot \u00e9s hittudom\u00e1nyt tanult. Az Iskolai \u00c1lland\u00f3 m. t\u00e1rs. jegyz\u0151je. Aranyossz\u00e9ki t\u00e1blab\u00edr\u00f3 (1836), majd kir. t\u00e1blai \u00edrnok. A hat\u00f3s\u00e1gok nem engedt\u00e9k k\u00fclf\u00f6ldi tanul\u00e1sra. \u00dcgyv\u00e9di vizsg\u00e1t tett, \u00edrnok a kir. k\u00f6z\u00fcgyigazgat\u00f3s\u00e1gn\u00e1l. D\u00e9zsakn\u00e1n volt kamarai tan\u00e1csos, Mv.-en Takar\u00e9kp\u00e9nzt\u00e1r alap\u00edt\u00f3tagja (1844). Pesten v\u00e1lt\u00f3 \u00e9s hitelt\u00f6rv\u00e9ny vizsg\u00e1t tett. Aranyossz\u00e9k k\u00e9pvisel\u0151je a pesti ogy.-en \u00e9s Cs\u00e1nyi korm\u00e1nybiztos seg\u00edt\u0151 t\u00e1rsa (1848\u201349). Kv.-on letart\u00f3ztatt\u00e1k, majd fogs\u00e1got szenvedett (1850. jan. 18-ig). Kiszabadul\u00e1sa ut\u00e1n r\u00e9szt vett az EGE (Erd\u00e9lyi Gazdas\u00e1gi Egylet) alap\u00edt\u00e1s\u00e1ban \u00e9s az unit. egyh\u00e1z f\u0151tan\u00e1csosa, a kv.-i unit. f\u0151iskola gondnoka. Az orsz\u00e1ggy\u00fcl\u00e9sen Kv. -t (1851), Aranyossz\u00e9ket (1863) k\u00e9pviselte. Az egyh\u00e1zn\u00e1l az iskolai fel\u00fcgyel\u0151-gondnoki, nevel\u00e9s\u00fcgyi bizotts\u00e1g tagja \u00e9s tan\u00e1csos. \u00edrt a Besz\u00e9lyt\u00e1rba (1834), a kv.-i K\u00f6zl\u00f6nybe (1865), magyarra ford\u00edtotta Werb\u0151czi H\u00e1rmask\u00f6nyv c. munk\u00e1j\u00e1nak 1. r\u00e9sz\u00e9t. <br \/><strong>Irod.:<\/strong> H\u00e1zsong\u00e1rd; Kelemen; Rugonfalvi<\/br><\/p>\n","protected":false},"excerpt":{"rendered":"<p>K\u00f6vend, 1812. szept. 30., \u2020\u00a01865. a H\u00e1zsong\u00e1rdi temet\u0151ben nyugszik: \u00fcgyv\u00e9d. \u2013 F. Mih\u00e1ly \u00e9s \u00c1d\u00e1mosi Kl\u00e1ra fia. \u2013 Tord\u00e1n \u00e9s Kv.-on tanult b\u00f6lcseletet, jogot \u00e9s hittudom\u00e1nyt. Di\u00e1kkor\u00e1ban j\u00f3 szervez\u0151 volt, olvas\u00f3k\u00f6rt, \u00f6nk\u00e9pz\u0151k\u00f6rt alap\u00edtott a kv.-i unit. f\u0151iskolai hallgat\u00f3knak. B\u00f6lcseletet, jogot \u00e9s hittudom\u00e1nyt tanult. Az Iskolai \u00c1lland\u00f3 m. t\u00e1rs. jegyz\u0151je. Aranyossz\u00e9ki t\u00e1blab\u00edr\u00f3 (1836), majd kir. t\u00e1blai [&hellip;]<\/p>\n","protected":false},"featured_media":0,"comment_status":"open","ping_status":"closed","template":"","meta":[],"product_brand":[],"product_cat":[137],"product_tag":[],"class_list":{"0":"post-7815","1":"product","2":"type-product","3":"status-publish","5":"product_cat-maros-megyei-eletrajzi-lexikon","7":"first","8":"instock","9":"shipping-taxable","10":"product-type-simple"},"_links":{"self":[{"href":"https:\/\/uj.adatbank.ro\/lexikon\/wp-json\/wp\/v2\/product\/7815","targetHints":{"allow":["GET"]}}],"collection":[{"href":"https:\/\/uj.adatbank.ro\/lexikon\/wp-json\/wp\/v2\/product"}],"about":[{"href":"https:\/\/uj.adatbank.ro\/lexikon\/wp-json\/wp\/v2\/types\/product"}],"replies":[{"embeddable":true,"href":"https:\/\/uj.adatbank.ro\/lexikon\/wp-json\/wp\/v2\/comments?post=7815"}],"wp:attachment":[{"href":"https:\/\/uj.adatbank.ro\/lexikon\/wp-json\/wp\/v2\/media?parent=7815"}],"wp:term":[{"taxonomy":"product_brand","embeddable":true,"href":"https:\/\/uj.adatbank.ro\/lexikon\/wp-json\/wp\/v2\/product_brand?post=7815"},{"taxonomy":"product_cat","embeddable":true,"href":"https:\/\/uj.adatbank.ro\/lexikon\/wp-json\/wp\/v2\/product_cat?post=7815"},{"taxonomy":"product_tag","embeddable":true,"href":"https:\/\/uj.adatbank.ro\/lexikon\/wp-json\/wp\/v2\/product_tag?post=7815"}],"curies":[{"name":"wp","href":"https:\/\/api.w.org\/{rel}","templated":true}]}}

FEJÉR Márton

<p>Kövend, 1812. szept. 30., † 1865. a Házsongárdi temetőben nyugszik: ügyvéd. – F. Mihály és Ádámosi Klára fia. – Tordán és Kv.-on tanult bölcseletet, jogot és hittudományt. Diákkorában jó szervező volt, olvasókört, önképzőkört alapított a kv.-i unit. főiskolai hallgatóknak. Bölcseletet, jogot és hittudományt tanult. Az Iskolai Állandó m. társ. jegyzője. Aranyosszéki táblabíró (1836), majd kir. táblai írnok. A hatóságok nem engedték külföldi tanulásra. Ügyvédi vizsgát tett, írnok a kir. közügyigazgatóságnál. Dézsaknán volt kamarai tanácsos, Mv.-en Takarékpénztár alapítótagja (1844). Pesten váltó és hiteltörvény vizsgát tett. Aranyosszék képviselője a pesti ogy.-en és Csányi kormánybiztos segítő társa (1848–49). Kv.-on letartóztatták, majd fogságot szenvedett (1850. jan. 18-ig). Kiszabadulása után részt vett az EGE (Erdélyi Gazdasági Egylet) alapításában és az unit. egyház főtanácsosa, a kv.-i unit. főiskola gondnoka. Az országgyülésen Kv. -t (1851), Aranyosszéket (1863) képviselte. Az egyháznál az iskolai felügyelő-gondnoki, nevelésügyi bizottság tagja és tanácsos. írt a Beszélytárba (1834), a kv.-i Közlönybe (1865), magyarra fordította Werbőczi Hármaskönyv c. munkájának 1. részét. <br /><strong>Irod.:</strong> Házsongárd; Kelemen; Rugonfalvi</br></p>

<p>Kövend, 1812. szept. 30., † 1865. a Házsongárdi temetőben nyugszik: ügyvéd. – F. Mihály és Ádámosi Klára fia. – Tordán és Kv.-on tanult bölcseletet, jogot és hittudományt. Diákkorában jó szervező volt, olvasókört, önképzőkört alapított a kv.-i unit. főiskolai hallgatóknak. Bölcseletet, jogot és hittudományt tanult. Az Iskolai Állandó m. társ. jegyzője. Aranyosszéki táblabíró (1836), majd kir. táblai [&hellip;]</p>
