{"id":7816,"date":"2025-06-29T10:04:56","date_gmt":"2025-06-29T08:04:56","guid":{"rendered":"https:\/\/uj.adatbank.ro\/lexikon\/termek\/fejer-odon\/"},"modified":"2025-06-29T10:04:56","modified_gmt":"2025-06-29T08:04:56","slug":"fejer-odon","status":"publish","type":"product","link":"https:\/\/uj.adatbank.ro\/lexikon\/termek\/fejer-odon\/","title":{"rendered":"FEJ\u00c9R \u00d6d\u00f6n"},"content":{"rendered":"<p>Mv., 1892., \u2020\u00a0? : sz\u00f6v\u0151de tulajdonos. \u2013 Iskol\u00e1i elv\u00e9gz\u00e9se ut\u00e1n a sz\u00f6v\u0151ipart tanulta Nagydiszn\u00f3don. \u00d6n\u00e1ll\u00f3 lett (1924), Kov\u00e1szn\u00e1n majd Mv.-en l\u00e9tes\u00edtett sz\u00f6v\u0151d\u00e9t, ahonnan tiszta gyapj\u00fab\u00f3l sz\u0151tt abroszok, leped\u0151k, sz\u00e9kely sz\u0151ttesek ker\u00fcltek ki. 5 sz\u00f6v\u0151sz\u00e9ke volt, 15 alkalmazottat foglalkoztatott. Az els\u0151 vh.-ban szakaszvezet\u0151i rangban harcolt, a bronz v. \u00e9rem \u00e9s a K\u00e1roly Csapatkereszt kit\u00fcntetettje. <br \/><strong>Irod.:<\/strong> Sz\u00e9kelyf\u00f6ld \u00ed. k<\/br><\/p>\n","protected":false},"excerpt":{"rendered":"<p>Mv., 1892., \u2020\u00a0? : sz\u00f6v\u0151de tulajdonos. \u2013 Iskol\u00e1i elv\u00e9gz\u00e9se ut\u00e1n a sz\u00f6v\u0151ipart tanulta Nagydiszn\u00f3don. \u00d6n\u00e1ll\u00f3 lett (1924), Kov\u00e1szn\u00e1n majd Mv.-en l\u00e9tes\u00edtett sz\u00f6v\u0151d\u00e9t, ahonnan tiszta gyapj\u00fab\u00f3l sz\u0151tt abroszok, leped\u0151k, sz\u00e9kely sz\u0151ttesek ker\u00fcltek ki. 5 sz\u00f6v\u0151sz\u00e9ke volt, 15 alkalmazottat foglalkoztatott. Az els\u0151 vh.-ban szakaszvezet\u0151i rangban harcolt, a bronz v. \u00e9rem \u00e9s a K\u00e1roly Csapatkereszt kit\u00fcntetettje. Irod.: Sz\u00e9kelyf\u00f6ld [&hellip;]<\/p>\n","protected":false},"featured_media":0,"comment_status":"open","ping_status":"closed","template":"","meta":[],"product_brand":[],"product_cat":[137],"product_tag":[],"class_list":{"0":"post-7816","1":"product","2":"type-product","3":"status-publish","5":"product_cat-maros-megyei-eletrajzi-lexikon","7":"first","8":"instock","9":"shipping-taxable","10":"product-type-simple"},"_links":{"self":[{"href":"https:\/\/uj.adatbank.ro\/lexikon\/wp-json\/wp\/v2\/product\/7816","targetHints":{"allow":["GET"]}}],"collection":[{"href":"https:\/\/uj.adatbank.ro\/lexikon\/wp-json\/wp\/v2\/product"}],"about":[{"href":"https:\/\/uj.adatbank.ro\/lexikon\/wp-json\/wp\/v2\/types\/product"}],"replies":[{"embeddable":true,"href":"https:\/\/uj.adatbank.ro\/lexikon\/wp-json\/wp\/v2\/comments?post=7816"}],"wp:attachment":[{"href":"https:\/\/uj.adatbank.ro\/lexikon\/wp-json\/wp\/v2\/media?parent=7816"}],"wp:term":[{"taxonomy":"product_brand","embeddable":true,"href":"https:\/\/uj.adatbank.ro\/lexikon\/wp-json\/wp\/v2\/product_brand?post=7816"},{"taxonomy":"product_cat","embeddable":true,"href":"https:\/\/uj.adatbank.ro\/lexikon\/wp-json\/wp\/v2\/product_cat?post=7816"},{"taxonomy":"product_tag","embeddable":true,"href":"https:\/\/uj.adatbank.ro\/lexikon\/wp-json\/wp\/v2\/product_tag?post=7816"}],"curies":[{"name":"wp","href":"https:\/\/api.w.org\/{rel}","templated":true}]}}

FEJÉR Ödön

<p>Mv., 1892., † ? : szövőde tulajdonos. – Iskolái elvégzése után a szövőipart tanulta Nagydisznódon. Önálló lett (1924), Kovásznán majd Mv.-en létesített szövődét, ahonnan tiszta gyapjúból szőtt abroszok, lepedők, székely szőttesek kerültek ki. 5 szövőszéke volt, 15 alkalmazottat foglalkoztatott. Az első vh.-ban szakaszvezetői rangban harcolt, a bronz v. érem és a Károly Csapatkereszt kitüntetettje. <br /><strong>Irod.:</strong> Székelyföld í. k</br></p>

<p>Mv., 1892., † ? : szövőde tulajdonos. – Iskolái elvégzése után a szövőipart tanulta Nagydisznódon. Önálló lett (1924), Kovásznán majd Mv.-en létesített szövődét, ahonnan tiszta gyapjúból szőtt abroszok, lepedők, székely szőttesek kerültek ki. 5 szövőszéke volt, 15 alkalmazottat foglalkoztatott. Az első vh.-ban szakaszvezetői rangban harcolt, a bronz v. érem és a Károly Csapatkereszt kitüntetettje. Irod.: Székelyföld [&hellip;]</p>
