{"id":7825,"date":"2025-06-29T10:05:11","date_gmt":"2025-06-29T08:05:11","guid":{"rendered":"https:\/\/uj.adatbank.ro\/lexikon\/termek\/fekete-arpad\/"},"modified":"2025-06-29T10:05:11","modified_gmt":"2025-06-29T08:05:11","slug":"fekete-arpad","status":"publish","type":"product","link":"https:\/\/uj.adatbank.ro\/lexikon\/termek\/fekete-arpad\/","title":{"rendered":"FEKETE \u00c1rp\u00e1d"},"content":{"rendered":"<p>Pankota, 1922. \u00e1pr. 1 \u2020 ? : keramikus. \u2013 Bp.-en v\u00e9gezte a Sz\u00e9pm\u0171v\u00e9szeti Akad. -\u00e1t (1846). A segesv\u00e1ri \u00fcveg \u00e9s csempe gy\u00e1rban dolgozott a tervez\u0151 r\u00e9szlegen mint keramikus. Alkot\u00e1saival sz\u00e1mos egy\u00e9ni \u00e9s csoportos ki\u00e1ll\u00edt\u00e1son vett r\u00e9szt. M\u0171vei fellelhet\u0151k hazai m\u00fazeumokban \u00e9s mag\u00e1ngy\u0171jtem\u00e9nyekben, valamint k\u00fclf\u00f6ld\u00f6n is. A K\u00e9pz\u0151m\u0171v\u00e9szek Sz\u00f6vets\u00e9ge Maros megyei fi\u00f3kj\u00e1nak tagja. \u2013 <strong>F. ki\u00e1ll.:<\/strong> egy\u00e9ni: Brass\u00f3 (1966, 67, 68); Buc. Dalles terem (1971); Mv. Apollo Galeria (1972); Temesv\u00e1r (1955); csoportos: megyei t\u00e1rlatok: Temes megye (1952), Arad (1954). <br \/><strong>Irod.:<\/strong> Todea 2013<\/br><\/p>\n","protected":false},"excerpt":{"rendered":"<p>Pankota, 1922. \u00e1pr. 1 \u2020 ? : keramikus. \u2013 Bp.-en v\u00e9gezte a Sz\u00e9pm\u0171v\u00e9szeti Akad. -\u00e1t (1846). A segesv\u00e1ri \u00fcveg \u00e9s csempe gy\u00e1rban dolgozott a tervez\u0151 r\u00e9szlegen mint keramikus. Alkot\u00e1saival sz\u00e1mos egy\u00e9ni \u00e9s csoportos ki\u00e1ll\u00edt\u00e1son vett r\u00e9szt. M\u0171vei fellelhet\u0151k hazai m\u00fazeumokban \u00e9s mag\u00e1ngy\u0171jtem\u00e9nyekben, valamint k\u00fclf\u00f6ld\u00f6n is. A K\u00e9pz\u0151m\u0171v\u00e9szek Sz\u00f6vets\u00e9ge Maros megyei fi\u00f3kj\u00e1nak tagja. \u2013 F. ki\u00e1ll.: [&hellip;]<\/p>\n","protected":false},"featured_media":0,"comment_status":"open","ping_status":"closed","template":"","meta":[],"product_brand":[],"product_cat":[137],"product_tag":[],"class_list":{"0":"post-7825","1":"product","2":"type-product","3":"status-publish","5":"product_cat-maros-megyei-eletrajzi-lexikon","7":"first","8":"instock","9":"shipping-taxable","10":"product-type-simple"},"_links":{"self":[{"href":"https:\/\/uj.adatbank.ro\/lexikon\/wp-json\/wp\/v2\/product\/7825","targetHints":{"allow":["GET"]}}],"collection":[{"href":"https:\/\/uj.adatbank.ro\/lexikon\/wp-json\/wp\/v2\/product"}],"about":[{"href":"https:\/\/uj.adatbank.ro\/lexikon\/wp-json\/wp\/v2\/types\/product"}],"replies":[{"embeddable":true,"href":"https:\/\/uj.adatbank.ro\/lexikon\/wp-json\/wp\/v2\/comments?post=7825"}],"wp:attachment":[{"href":"https:\/\/uj.adatbank.ro\/lexikon\/wp-json\/wp\/v2\/media?parent=7825"}],"wp:term":[{"taxonomy":"product_brand","embeddable":true,"href":"https:\/\/uj.adatbank.ro\/lexikon\/wp-json\/wp\/v2\/product_brand?post=7825"},{"taxonomy":"product_cat","embeddable":true,"href":"https:\/\/uj.adatbank.ro\/lexikon\/wp-json\/wp\/v2\/product_cat?post=7825"},{"taxonomy":"product_tag","embeddable":true,"href":"https:\/\/uj.adatbank.ro\/lexikon\/wp-json\/wp\/v2\/product_tag?post=7825"}],"curies":[{"name":"wp","href":"https:\/\/api.w.org\/{rel}","templated":true}]}}

FEKETE Árpád

<p>Pankota, 1922. ápr. 1 † ? : keramikus. – Bp.-en végezte a Szépművészeti Akad. -át (1846). A segesvári üveg és csempe gyárban dolgozott a tervező részlegen mint keramikus. Alkotásaival számos egyéni és csoportos kiállításon vett részt. Művei fellelhetők hazai múzeumokban és magángyűjteményekben, valamint külföldön is. A Képzőművészek Szövetsége Maros megyei fiókjának tagja. – <strong>F. kiáll.:</strong> egyéni: Brassó (1966, 67, 68); Buc. Dalles terem (1971); Mv. Apollo Galeria (1972); Temesvár (1955); csoportos: megyei tárlatok: Temes megye (1952), Arad (1954). <br /><strong>Irod.:</strong> Todea 2013</br></p>

<p>Pankota, 1922. ápr. 1 † ? : keramikus. – Bp.-en végezte a Szépművészeti Akad. -át (1846). A segesvári üveg és csempe gyárban dolgozott a tervező részlegen mint keramikus. Alkotásaival számos egyéni és csoportos kiállításon vett részt. Művei fellelhetők hazai múzeumokban és magángyűjteményekben, valamint külföldön is. A Képzőművészek Szövetsége Maros megyei fiókjának tagja. – F. kiáll.: [&hellip;]</p>
