{"id":7826,"date":"2025-06-29T10:05:12","date_gmt":"2025-06-29T08:05:12","guid":{"rendered":"https:\/\/uj.adatbank.ro\/lexikon\/termek\/fekete-arpad-laszlo\/"},"modified":"2025-06-29T10:05:12","modified_gmt":"2025-06-29T08:05:12","slug":"fekete-arpad-laszlo","status":"publish","type":"product","link":"https:\/\/uj.adatbank.ro\/lexikon\/termek\/fekete-arpad-laszlo\/","title":{"rendered":"FEKETE \u00c1rp\u00e1d L\u00e1szl\u00f3"},"content":{"rendered":"<p>Boroskrakk\u00f3, 1910. okt. 25., \u2020\u00a0? : keresked\u0151. \u2013 Mv.-en volt mag\u00e1nkeresked\u0151. Letart\u00f3ztatt\u00e1k (1965. szept. 21.), a t\u00e1rsadalmi rend elleni t\u00e9nyked\u00e9s v\u00e1dj\u00e1val \u00e1ll\u00edtott\u00e1k b\u00edr\u00f3s\u00e1g el\u00e9, 3 \u00e9v \u00e9s 6 h\u00f3nap b\u00f6rt\u00f6nre \u00edt\u00e9lt\u00e9k (szabadul\u00e1sa: 1967. nov. 23.). Mv-en lakott. \u2013 Irod: 1956 Erd\u00e9lyben<\/br><\/p>\n","protected":false},"excerpt":{"rendered":"<p>Boroskrakk\u00f3, 1910. okt. 25., \u2020\u00a0? : keresked\u0151. \u2013 Mv.-en volt mag\u00e1nkeresked\u0151. Letart\u00f3ztatt\u00e1k (1965. szept. 21.), a t\u00e1rsadalmi rend elleni t\u00e9nyked\u00e9s v\u00e1dj\u00e1val \u00e1ll\u00edtott\u00e1k b\u00edr\u00f3s\u00e1g el\u00e9, 3 \u00e9v \u00e9s 6 h\u00f3nap b\u00f6rt\u00f6nre \u00edt\u00e9lt\u00e9k (szabadul\u00e1sa: 1967. nov. 23.). Mv-en lakott. \u2013 Irod: 1956 Erd\u00e9lyben<\/p>\n","protected":false},"featured_media":0,"comment_status":"open","ping_status":"closed","template":"","meta":[],"product_brand":[],"product_cat":[137],"product_tag":[],"class_list":{"0":"post-7826","1":"product","2":"type-product","3":"status-publish","5":"product_cat-maros-megyei-eletrajzi-lexikon","7":"first","8":"instock","9":"shipping-taxable","10":"product-type-simple"},"_links":{"self":[{"href":"https:\/\/uj.adatbank.ro\/lexikon\/wp-json\/wp\/v2\/product\/7826","targetHints":{"allow":["GET"]}}],"collection":[{"href":"https:\/\/uj.adatbank.ro\/lexikon\/wp-json\/wp\/v2\/product"}],"about":[{"href":"https:\/\/uj.adatbank.ro\/lexikon\/wp-json\/wp\/v2\/types\/product"}],"replies":[{"embeddable":true,"href":"https:\/\/uj.adatbank.ro\/lexikon\/wp-json\/wp\/v2\/comments?post=7826"}],"wp:attachment":[{"href":"https:\/\/uj.adatbank.ro\/lexikon\/wp-json\/wp\/v2\/media?parent=7826"}],"wp:term":[{"taxonomy":"product_brand","embeddable":true,"href":"https:\/\/uj.adatbank.ro\/lexikon\/wp-json\/wp\/v2\/product_brand?post=7826"},{"taxonomy":"product_cat","embeddable":true,"href":"https:\/\/uj.adatbank.ro\/lexikon\/wp-json\/wp\/v2\/product_cat?post=7826"},{"taxonomy":"product_tag","embeddable":true,"href":"https:\/\/uj.adatbank.ro\/lexikon\/wp-json\/wp\/v2\/product_tag?post=7826"}],"curies":[{"name":"wp","href":"https:\/\/api.w.org\/{rel}","templated":true}]}}