{"id":7829,"date":"2025-06-29T10:05:18","date_gmt":"2025-06-29T08:05:18","guid":{"rendered":"https:\/\/uj.adatbank.ro\/lexikon\/termek\/fekete-benedek\/"},"modified":"2025-06-29T10:05:18","modified_gmt":"2025-06-29T08:05:18","slug":"fekete-benedek","status":"publish","type":"product","link":"https:\/\/uj.adatbank.ro\/lexikon\/termek\/fekete-benedek\/","title":{"rendered":"FEKETE Benedek"},"content":{"rendered":"<p>L\u0151rincfalva, 1862., \u2020 Hossz\u00fafalu, 1905. \u00e1pr. 28.: tan\u00edt\u00f3, \u00edr\u00f3. \u2013 P\u00e1ly\u00e1j\u00e1t mint n\u00e9ptan\u00edt\u00f3 kezdte (1884). Tan\u00edtott Szakad\u00e1ton (1895\u2013), Nagyszebenben (1895\u2013), Hossz\u00fafaluban (1898\u2013). Cikkeit k\u00f6z\u00f6lte: a Polg\u00e1ri Iskolai K\u00f6zl\u00f6ny, a Hossz\u00fafalusi \u00c1llami Polg\u00e1ri iskola \u00c9rtes\u00edt\u0151j\u00e9. \u2013 <strong>F. m.:<\/strong> Tan\u00edt\u00f3k \u00e9s gyermekek: Rajzok \u00e9s elbesz\u00e9l\u00e9sek (1894); Gyermekek az iskol\u00e1ban, Cs\u00e1ng\u00f3 hist\u00f3ri\u00e1k, A b\u00f3zi szoknya (Bp.). <br \/><strong>Irod.:<\/strong> Guly\u00e1s<\/br><\/p>\n","protected":false},"excerpt":{"rendered":"<p>L\u0151rincfalva, 1862., \u2020 Hossz\u00fafalu, 1905. \u00e1pr. 28.: tan\u00edt\u00f3, \u00edr\u00f3. \u2013 P\u00e1ly\u00e1j\u00e1t mint n\u00e9ptan\u00edt\u00f3 kezdte (1884). Tan\u00edtott Szakad\u00e1ton (1895\u2013), Nagyszebenben (1895\u2013), Hossz\u00fafaluban (1898\u2013). Cikkeit k\u00f6z\u00f6lte: a Polg\u00e1ri Iskolai K\u00f6zl\u00f6ny, a Hossz\u00fafalusi \u00c1llami Polg\u00e1ri iskola \u00c9rtes\u00edt\u0151j\u00e9. \u2013 F. m.: Tan\u00edt\u00f3k \u00e9s gyermekek: Rajzok \u00e9s elbesz\u00e9l\u00e9sek (1894); Gyermekek az iskol\u00e1ban, Cs\u00e1ng\u00f3 hist\u00f3ri\u00e1k, A b\u00f3zi szoknya (Bp.). Irod.: Guly\u00e1s<\/p>\n","protected":false},"featured_media":0,"comment_status":"open","ping_status":"closed","template":"","meta":[],"product_brand":[],"product_cat":[137],"product_tag":[],"class_list":{"0":"post-7829","1":"product","2":"type-product","3":"status-publish","5":"product_cat-maros-megyei-eletrajzi-lexikon","7":"first","8":"instock","9":"shipping-taxable","10":"product-type-simple"},"_links":{"self":[{"href":"https:\/\/uj.adatbank.ro\/lexikon\/wp-json\/wp\/v2\/product\/7829","targetHints":{"allow":["GET"]}}],"collection":[{"href":"https:\/\/uj.adatbank.ro\/lexikon\/wp-json\/wp\/v2\/product"}],"about":[{"href":"https:\/\/uj.adatbank.ro\/lexikon\/wp-json\/wp\/v2\/types\/product"}],"replies":[{"embeddable":true,"href":"https:\/\/uj.adatbank.ro\/lexikon\/wp-json\/wp\/v2\/comments?post=7829"}],"wp:attachment":[{"href":"https:\/\/uj.adatbank.ro\/lexikon\/wp-json\/wp\/v2\/media?parent=7829"}],"wp:term":[{"taxonomy":"product_brand","embeddable":true,"href":"https:\/\/uj.adatbank.ro\/lexikon\/wp-json\/wp\/v2\/product_brand?post=7829"},{"taxonomy":"product_cat","embeddable":true,"href":"https:\/\/uj.adatbank.ro\/lexikon\/wp-json\/wp\/v2\/product_cat?post=7829"},{"taxonomy":"product_tag","embeddable":true,"href":"https:\/\/uj.adatbank.ro\/lexikon\/wp-json\/wp\/v2\/product_tag?post=7829"}],"curies":[{"name":"wp","href":"https:\/\/api.w.org\/{rel}","templated":true}]}}

<p>Lőrincfalva, 1862., † Hosszúfalu, 1905. ápr. 28.: tanító, író. – Pályáját mint néptanító kezdte (1884). Tanított Szakadáton (1895–), Nagyszebenben (1895–), Hosszúfaluban (1898–). Cikkeit közölte: a Polgári Iskolai Közlöny, a Hosszúfalusi Állami Polgári iskola Értesítőjé. – <strong>F. m.:</strong> Tanítók és gyermekek: Rajzok és elbeszélések (1894); Gyermekek az iskolában, Csángó históriák, A bózi szoknya (Bp.). <br /><strong>Irod.:</strong> Gulyás</br></p>

<p>Lőrincfalva, 1862., † Hosszúfalu, 1905. ápr. 28.: tanító, író. – Pályáját mint néptanító kezdte (1884). Tanított Szakadáton (1895–), Nagyszebenben (1895–), Hosszúfaluban (1898–). Cikkeit közölte: a Polgári Iskolai Közlöny, a Hosszúfalusi Állami Polgári iskola Értesítőjé. – F. m.: Tanítók és gyermekek: Rajzok és elbeszélések (1894); Gyermekek az iskolában, Csángó históriák, A bózi szoknya (Bp.). Irod.: Gulyás</p>
