{"id":7830,"date":"2025-06-29T10:05:20","date_gmt":"2025-06-29T08:05:20","guid":{"rendered":"https:\/\/uj.adatbank.ro\/lexikon\/termek\/fekete-bernat\/"},"modified":"2025-06-29T10:05:20","modified_gmt":"2025-06-29T08:05:20","slug":"fekete-bernat","status":"publish","type":"product","link":"https:\/\/uj.adatbank.ro\/lexikon\/termek\/fekete-bernat\/","title":{"rendered":"FEKETE Bern\u00e1t"},"content":{"rendered":"<p>? \u2020\u00a0? : nagykeresked\u0151, v\u00e1llalkoz\u00f3, v\u00e1rosi tan\u00e1csos. \u2013 Schwartz Herman \u00e9s Gr\u00fcnfeld \u00c9va fia. Testv\u00e9rei: Sch. Hel\u00e9n Sch. Ign\u00e1cn\u00e9; Fekete Bern\u00e1t, feles\u00e9ge Hochdorf Zs\u00f3fia; Fekete Izs\u00e1k, feles\u00e9ge Rosenfeld Ir\u00e9n; Sch. M\u00f3r (1861.? \u2013 1908. \u00e1pr. 29.). Feles\u00e9ge: Hochdorf Zs\u00f3fia. \u2013 A t\u00f6rv\u00e9nyhat\u00f3s\u00e1g korm\u00e1nyp\u00e1rti k\u00e9pvisel\u0151je a mv.-i v\u00e1rosi tan\u00e1csban (1913). Virilista (1913). A Nemzeti Munkap\u00e1rt helyi szervezet\u00e9nek alap\u00edt\u00f3tagja (1910). M\u0171t\u00e1rgyakat v\u00e1s\u00e1rolt (1904\u201311). Hazat\u00e9rt Mv. -re Bp.-r\u0151l illetve B\u00e9csb\u0151l (1919). Felparcell\u00e1zta \u00e9s eladta a Szabadi \u00faton fekv\u0151 f\u00f6ldter\u00fclet\u00e9t \u00e9p\u00edtkez\u00e9si teleknek (1924). <br \/><strong>Irod.:<\/strong> D\u00e9ry B\u00e9la: Almanach (Bp., 1912); Id\u0151t\u00e1r 2, Id\u0151t\u00e1r 3<\/br><\/p>\n","protected":false},"excerpt":{"rendered":"<p>? \u2020\u00a0? : nagykeresked\u0151, v\u00e1llalkoz\u00f3, v\u00e1rosi tan\u00e1csos. \u2013 Schwartz Herman \u00e9s Gr\u00fcnfeld \u00c9va fia. Testv\u00e9rei: Sch. Hel\u00e9n Sch. Ign\u00e1cn\u00e9; Fekete Bern\u00e1t, feles\u00e9ge Hochdorf Zs\u00f3fia; Fekete Izs\u00e1k, feles\u00e9ge Rosenfeld Ir\u00e9n; Sch. M\u00f3r (1861.? \u2013 1908. \u00e1pr. 29.). Feles\u00e9ge: Hochdorf Zs\u00f3fia. \u2013 A t\u00f6rv\u00e9nyhat\u00f3s\u00e1g korm\u00e1nyp\u00e1rti k\u00e9pvisel\u0151je a mv.-i v\u00e1rosi tan\u00e1csban (1913). Virilista (1913). A Nemzeti Munkap\u00e1rt helyi [&hellip;]<\/p>\n","protected":false},"featured_media":0,"comment_status":"open","ping_status":"closed","template":"","meta":[],"product_brand":[],"product_cat":[137],"product_tag":[],"class_list":{"0":"post-7830","1":"product","2":"type-product","3":"status-publish","5":"product_cat-maros-megyei-eletrajzi-lexikon","7":"first","8":"instock","9":"shipping-taxable","10":"product-type-simple"},"_links":{"self":[{"href":"https:\/\/uj.adatbank.ro\/lexikon\/wp-json\/wp\/v2\/product\/7830","targetHints":{"allow":["GET"]}}],"collection":[{"href":"https:\/\/uj.adatbank.ro\/lexikon\/wp-json\/wp\/v2\/product"}],"about":[{"href":"https:\/\/uj.adatbank.ro\/lexikon\/wp-json\/wp\/v2\/types\/product"}],"replies":[{"embeddable":true,"href":"https:\/\/uj.adatbank.ro\/lexikon\/wp-json\/wp\/v2\/comments?post=7830"}],"wp:attachment":[{"href":"https:\/\/uj.adatbank.ro\/lexikon\/wp-json\/wp\/v2\/media?parent=7830"}],"wp:term":[{"taxonomy":"product_brand","embeddable":true,"href":"https:\/\/uj.adatbank.ro\/lexikon\/wp-json\/wp\/v2\/product_brand?post=7830"},{"taxonomy":"product_cat","embeddable":true,"href":"https:\/\/uj.adatbank.ro\/lexikon\/wp-json\/wp\/v2\/product_cat?post=7830"},{"taxonomy":"product_tag","embeddable":true,"href":"https:\/\/uj.adatbank.ro\/lexikon\/wp-json\/wp\/v2\/product_tag?post=7830"}],"curies":[{"name":"wp","href":"https:\/\/api.w.org\/{rel}","templated":true}]}}

FEKETE Bernát

<p>? † ? : nagykereskedő, vállalkozó, városi tanácsos. – Schwartz Herman és Grünfeld Éva fia. Testvérei: Sch. Helén Sch. Ignácné; Fekete Bernát, felesége Hochdorf Zsófia; Fekete Izsák, felesége Rosenfeld Irén; Sch. Mór (1861.? – 1908. ápr. 29.). Felesége: Hochdorf Zsófia. – A törvényhatóság kormánypárti képviselője a mv.-i városi tanácsban (1913). Virilista (1913). A Nemzeti Munkapárt helyi szervezetének alapítótagja (1910). Műtárgyakat vásárolt (1904–11). Hazatért Mv. -re Bp.-ről illetve Bécsből (1919). Felparcellázta és eladta a Szabadi úton fekvő földterületét építkezési teleknek (1924). <br /><strong>Irod.:</strong> Déry Béla: Almanach (Bp., 1912); Időtár 2, Időtár 3</br></p>

<p>? † ? : nagykereskedő, vállalkozó, városi tanácsos. – Schwartz Herman és Grünfeld Éva fia. Testvérei: Sch. Helén Sch. Ignácné; Fekete Bernát, felesége Hochdorf Zsófia; Fekete Izsák, felesége Rosenfeld Irén; Sch. Mór (1861.? – 1908. ápr. 29.). Felesége: Hochdorf Zsófia. – A törvényhatóság kormánypárti képviselője a mv.-i városi tanácsban (1913). Virilista (1913). A Nemzeti Munkapárt helyi [&hellip;]</p>
