{"id":7831,"date":"2025-06-29T10:05:21","date_gmt":"2025-06-29T08:05:21","guid":{"rendered":"https:\/\/uj.adatbank.ro\/lexikon\/termek\/fekete-david-%c2%a7\/"},"modified":"2025-06-29T10:05:21","modified_gmt":"2025-06-29T08:05:21","slug":"fekete-david-%c2%a7","status":"publish","type":"product","link":"https:\/\/uj.adatbank.ro\/lexikon\/termek\/fekete-david-%c2%a7\/","title":{"rendered":"FEKETE D\u00e1vid, \u00a7"},"content":{"rendered":"<p>? \u2020\u00a0?: keresked\u0151. \u2013 Testv\u00e9re: F. Jakab, gyalogos az olasz harct\u00e9ren h\u0151si hal\u00e1lt halt. \u2013 Mv.-r\u0151l vonult be a 6. lovast\u0171z\u00e9rekhez (1914. aug. \u2013 leszerelt 1918. nov.). T\u0171z\u00e9rmester volt az orosz \u00e9s szerb harct\u00e9ren. <strong>Kit\u00fcntet\u00e9sei:<\/strong> K. v. \u00e9. k. a v. \u00e9. sz.; Ob \u00e9s K\u00e1roly cs. k. ig. a. <br \/><strong>Irod.:<\/strong> M. hadviselt zsid\u00f3k<\/br><\/p>\n","protected":false},"excerpt":{"rendered":"<p>? \u2020\u00a0?: keresked\u0151. \u2013 Testv\u00e9re: F. Jakab, gyalogos az olasz harct\u00e9ren h\u0151si hal\u00e1lt halt. \u2013 Mv.-r\u0151l vonult be a 6. lovast\u0171z\u00e9rekhez (1914. aug. \u2013 leszerelt 1918. nov.). T\u0171z\u00e9rmester volt az orosz \u00e9s szerb harct\u00e9ren. Kit\u00fcntet\u00e9sei: K. v. \u00e9. k. a v. \u00e9. sz.; Ob \u00e9s K\u00e1roly cs. k. ig. a. Irod.: M. hadviselt zsid\u00f3k<\/p>\n","protected":false},"featured_media":0,"comment_status":"open","ping_status":"closed","template":"","meta":[],"product_brand":[],"product_cat":[137],"product_tag":[],"class_list":{"0":"post-7831","1":"product","2":"type-product","3":"status-publish","5":"product_cat-maros-megyei-eletrajzi-lexikon","7":"first","8":"instock","9":"shipping-taxable","10":"product-type-simple"},"_links":{"self":[{"href":"https:\/\/uj.adatbank.ro\/lexikon\/wp-json\/wp\/v2\/product\/7831","targetHints":{"allow":["GET"]}}],"collection":[{"href":"https:\/\/uj.adatbank.ro\/lexikon\/wp-json\/wp\/v2\/product"}],"about":[{"href":"https:\/\/uj.adatbank.ro\/lexikon\/wp-json\/wp\/v2\/types\/product"}],"replies":[{"embeddable":true,"href":"https:\/\/uj.adatbank.ro\/lexikon\/wp-json\/wp\/v2\/comments?post=7831"}],"wp:attachment":[{"href":"https:\/\/uj.adatbank.ro\/lexikon\/wp-json\/wp\/v2\/media?parent=7831"}],"wp:term":[{"taxonomy":"product_brand","embeddable":true,"href":"https:\/\/uj.adatbank.ro\/lexikon\/wp-json\/wp\/v2\/product_brand?post=7831"},{"taxonomy":"product_cat","embeddable":true,"href":"https:\/\/uj.adatbank.ro\/lexikon\/wp-json\/wp\/v2\/product_cat?post=7831"},{"taxonomy":"product_tag","embeddable":true,"href":"https:\/\/uj.adatbank.ro\/lexikon\/wp-json\/wp\/v2\/product_tag?post=7831"}],"curies":[{"name":"wp","href":"https:\/\/api.w.org\/{rel}","templated":true}]}}