{"id":7833,"date":"2025-06-29T10:05:24","date_gmt":"2025-06-29T08:05:24","guid":{"rendered":"https:\/\/uj.adatbank.ro\/lexikon\/termek\/fekete-gabor-%c2%a7-nagyfalusi-alneve-severus\/"},"modified":"2025-06-29T10:05:24","modified_gmt":"2025-06-29T08:05:24","slug":"fekete-gabor-%c2%a7-nagyfalusi-alneve-severus","status":"publish","type":"product","link":"https:\/\/uj.adatbank.ro\/lexikon\/termek\/fekete-gabor-%c2%a7-nagyfalusi-alneve-severus\/","title":{"rendered":"FEKETE G\u00e1bor, \u00a7 nagyfalusi, \u00e1lneve: Severus"},"content":{"rendered":"<p>Mv., 1845. okt. 2., \u2020\u00a0Kv., 1917. j\u00fan. 18. a H\u00e1zsong\u00e1rdi temet\u0151ben nyugszik: \u00fcgyv\u00e9d, kir. t\u00e1blai b\u00edr\u00f3, it\u00e9l\u0151t\u00e1blai eln\u00f6k. \u2013 Feles\u00e9ge: F\u00f3tosi Balogh Anna. Gyermekeik: Annuska Gajz\u00e1g\u00f3 Vilmosn\u00e9; Katinka Almay Salin\u00e9; S\u00e1ndor, orvos. \u2013 Iskol\u00e1it Mv.-en a Ref. Koll.-ban kezdte, Segesv\u00e1rt az Ev. Gimn.-ban folytatta, a jogot Kv.-on hallgatta (1865\u201369), ott alapvizsg\u00e1t \u00e9s Mv.-en a Kir\u00e1lyi T\u00e1bl\u00e1n \u00fcgyv\u00e9di vizsg\u00e1t tett (1870). \u00dcgyv\u00e9d Kv.-on (1871). Nagyszebenben kir. al\u00fcgy\u00e9sz (1872). Mv.-en t\u00e1blai eln\u00f6ki titk\u00e1r (1873\u2013), majd kir. \u00cdt\u00e9l\u0151 t\u00e1blai b\u00edr\u00f3 (1877\u2013), rendes b\u00edr\u00f3 \u00e9s tan\u00e1cseln\u00f6k (1890\u201394), a kv.-i \u00cdt\u00e9l\u0151 t\u00e1bla eln\u00f6ke (1894\u2013), v. b. t. t. A Mv.-i Jog\u00e1sz Egylet titk\u00e1ra (1871). Az unit. egyh\u00e1z f\u0151gondnoka \u00e9s a marosi egyh\u00e1zk\u00f6r fel\u00fcgyel\u0151 gondnoka A mv.-i Torna Egyes\u00fclet m\u00e1sodeln\u00f6ke (1884). Az EMKE mv.-i v\u00e1rosi v\u00e1lasztm\u00e1ny\u00e1nak alap\u00edt\u00f3tagja, aleln\u00f6ke (1885). A Mv.-i Kaszin\u00f3 v\u00e1logatott tagja (1883\u2013). Az MKTT (1892). A D\u00e1vid Ferenc Egylet aleln\u00f6ke volt. Tolnai Lajossal a KZST alap\u00edt\u00f3ja (1879). Cikkeit k\u00f6z\u00f6lte: A M. Igazs\u00e1g\u00fcgy, M. Themis, B\u00fcntet\u0151jog T\u00e1ra \u00e9s a helyi lapokban. \u2013 <strong>F. m.:<\/strong> V\u00e9lem\u00e9ny \u00e9s ind\u00edtv\u00e1ny a Mv.-i Jog\u00e1szegylet 3. szakoszt\u00e1lya \u00e1ltal kit\u0171z\u00f6tt azon k\u00e9rd\u00e9s felett: A tiszta v\u00e1drendszer kiv\u00e1natosabb volna-e n\u00e1lunk a jelenleg alkalmazott vegyes rendszern\u00e9l, s ha igen min\u0151 felt\u00e9telek mellett\u00a0? (Mv., 1876), A KZST alapszab\u00e1lyai (Mv., 1876). <br \/><strong>Irod.:<\/strong> Bi\u00e1s Istv\u00e1n; Eml\u00e9kk\u00f6nyv a KMTT f\u00e9lsz\u00e1zados jubileum\u00e1n (Bp., 1892); Ga\u00e1l 2001; Ga\u00e1l: Kv. vonz\u00e1s\u00e1ban; Gy\u00e1szjelent\u0151; H\u00e1zsong\u00e1rd; P\u00e1lmay; RNL; R\u00daL; S\u00e1ndor; Sikl\u00f3ssy; Szinnyei; Szinnyei J.; Tolnai Lajos: S\u00f6t\u00e9t vil\u00e1g<\/br><\/p>\n","protected":false},"excerpt":{"rendered":"<p>Mv., 1845. okt. 2., \u2020\u00a0Kv., 1917. j\u00fan. 18. a H\u00e1zsong\u00e1rdi temet\u0151ben nyugszik: \u00fcgyv\u00e9d, kir. t\u00e1blai b\u00edr\u00f3, it\u00e9l\u0151t\u00e1blai eln\u00f6k. \u2013 Feles\u00e9ge: F\u00f3tosi Balogh Anna. Gyermekeik: Annuska Gajz\u00e1g\u00f3 Vilmosn\u00e9; Katinka Almay Salin\u00e9; S\u00e1ndor, orvos. \u2013 Iskol\u00e1it Mv.-en a Ref. Koll.-ban kezdte, Segesv\u00e1rt az Ev. Gimn.-ban folytatta, a jogot Kv.-on hallgatta (1865\u201369), ott alapvizsg\u00e1t \u00e9s Mv.-en a Kir\u00e1lyi [&hellip;]<\/p>\n","protected":false},"featured_media":0,"comment_status":"open","ping_status":"closed","template":"","meta":[],"product_brand":[],"product_cat":[137],"product_tag":[],"class_list":{"0":"post-7833","1":"product","2":"type-product","3":"status-publish","5":"product_cat-maros-megyei-eletrajzi-lexikon","7":"first","8":"instock","9":"shipping-taxable","10":"product-type-simple"},"_links":{"self":[{"href":"https:\/\/uj.adatbank.ro\/lexikon\/wp-json\/wp\/v2\/product\/7833","targetHints":{"allow":["GET"]}}],"collection":[{"href":"https:\/\/uj.adatbank.ro\/lexikon\/wp-json\/wp\/v2\/product"}],"about":[{"href":"https:\/\/uj.adatbank.ro\/lexikon\/wp-json\/wp\/v2\/types\/product"}],"replies":[{"embeddable":true,"href":"https:\/\/uj.adatbank.ro\/lexikon\/wp-json\/wp\/v2\/comments?post=7833"}],"wp:attachment":[{"href":"https:\/\/uj.adatbank.ro\/lexikon\/wp-json\/wp\/v2\/media?parent=7833"}],"wp:term":[{"taxonomy":"product_brand","embeddable":true,"href":"https:\/\/uj.adatbank.ro\/lexikon\/wp-json\/wp\/v2\/product_brand?post=7833"},{"taxonomy":"product_cat","embeddable":true,"href":"https:\/\/uj.adatbank.ro\/lexikon\/wp-json\/wp\/v2\/product_cat?post=7833"},{"taxonomy":"product_tag","embeddable":true,"href":"https:\/\/uj.adatbank.ro\/lexikon\/wp-json\/wp\/v2\/product_tag?post=7833"}],"curies":[{"name":"wp","href":"https:\/\/api.w.org\/{rel}","templated":true}]}}

FEKETE Gábor, § nagyfalusi, álneve: Severus

<p>Mv., 1845. okt. 2., † Kv., 1917. jún. 18. a Házsongárdi temetőben nyugszik: ügyvéd, kir. táblai bíró, itélőtáblai elnök. – Felesége: Fótosi Balogh Anna. Gyermekeik: Annuska Gajzágó Vilmosné; Katinka Almay Saliné; Sándor, orvos. – Iskoláit Mv.-en a Ref. Koll.-ban kezdte, Segesvárt az Ev. Gimn.-ban folytatta, a jogot Kv.-on hallgatta (1865–69), ott alapvizsgát és Mv.-en a Királyi Táblán ügyvédi vizsgát tett (1870). Ügyvéd Kv.-on (1871). Nagyszebenben kir. alügyész (1872). Mv.-en táblai elnöki titkár (1873–), majd kir. Ítélő táblai bíró (1877–), rendes bíró és tanácselnök (1890–94), a kv.-i Ítélő tábla elnöke (1894–), v. b. t. t. A Mv.-i Jogász Egylet titkára (1871). Az unit. egyház főgondnoka és a marosi egyházkör felügyelő gondnoka A mv.-i Torna Egyesület másodelnöke (1884). Az EMKE mv.-i városi választmányának alapítótagja, alelnöke (1885). A Mv.-i Kaszinó válogatott tagja (1883–). Az MKTT (1892). A Dávid Ferenc Egylet alelnöke volt. Tolnai Lajossal a KZST alapítója (1879). Cikkeit közölte: A M. Igazságügy, M. Themis, Büntetőjog Tára és a helyi lapokban. – <strong>F. m.:</strong> Vélemény és indítvány a Mv.-i Jogászegylet 3. szakosztálya által kitűzött azon kérdés felett: A tiszta vádrendszer kivánatosabb volna-e nálunk a jelenleg alkalmazott vegyes rendszernél, s ha igen minő feltételek mellett ? (Mv., 1876), A KZST alapszabályai (Mv., 1876). <br /><strong>Irod.:</strong> Biás István; Emlékkönyv a KMTT félszázados jubileumán (Bp., 1892); Gaál 2001; Gaál: Kv. vonzásában; Gyászjelentő; Házsongárd; Pálmay; RNL; RÚL; Sándor; Siklóssy; Szinnyei; Szinnyei J.; Tolnai Lajos: Sötét világ</br></p>

<p>Mv., 1845. okt. 2., † Kv., 1917. jún. 18. a Házsongárdi temetőben nyugszik: ügyvéd, kir. táblai bíró, itélőtáblai elnök. – Felesége: Fótosi Balogh Anna. Gyermekeik: Annuska Gajzágó Vilmosné; Katinka Almay Saliné; Sándor, orvos. – Iskoláit Mv.-en a Ref. Koll.-ban kezdte, Segesvárt az Ev. Gimn.-ban folytatta, a jogot Kv.-on hallgatta (1865–69), ott alapvizsgát és Mv.-en a Királyi [&hellip;]</p>
