{"id":7836,"date":"2025-06-29T10:05:32","date_gmt":"2025-06-29T08:05:32","guid":{"rendered":"https:\/\/uj.adatbank.ro\/lexikon\/termek\/fekete-gyula-fekete-iuliu\/"},"modified":"2025-06-29T10:05:32","modified_gmt":"2025-06-29T08:05:32","slug":"fekete-gyula-fekete-iuliu","status":"publish","type":"product","link":"https:\/\/uj.adatbank.ro\/lexikon\/termek\/fekete-gyula-fekete-iuliu\/","title":{"rendered":"FEKETE Gyula, Fekete Iuliu"},"content":{"rendered":"<p>Cs\u00f3kfalva, 1893. szept. 6. \u2020\u00a0? : \u00fcgyv\u00e9d, dr. \u2013 \u00dcgyv\u00e9d Mv. \u2013en. Az unit. egyh\u00e1zi \u00e9letben j\u00e1tszott szerepet, a templom\u00e9p\u00edt\u0151 bizotts\u00e1g eln\u00f6ke volt, a templomot felszentelt\u00e9k (1929. j\u00fal. 20.). A felszentel\u00e9s alkalm\u00e1val Eml\u00e9kf\u00fczet k\u00e9sz\u00fclt, amelyben szerepel az \u0151 \u00e9p\u00edt\u00e9sbiztosi megnyir\u00f3 besz\u00e9de, az \u00e9p\u00edtkez\u00e9s t\u00f6rt\u00e9net\u00e9r\u0151l, majd az alapk\u0151let\u00e9teli besz\u00e9de. Az OMP v\u00e1rosi int\u00e9z\u0151bizotts\u00e1g\u00e1nak tagja (1927, 1934). \u2013 <strong>F. m.:<\/strong> <strong>antol\u00f3g.:<\/strong> Bern\u00e1dy (Mv., 1934). <br \/><strong>Irod.:<\/strong> Almanah Tg. M.; EM; Id\u0151t\u00e1r 3; Kelemen; Kelemen Lajos 2009; Mv.-i Unit. Ek.<\/br><\/p>\n","protected":false},"excerpt":{"rendered":"<p>Cs\u00f3kfalva, 1893. szept. 6. \u2020\u00a0? : \u00fcgyv\u00e9d, dr. \u2013 \u00dcgyv\u00e9d Mv. \u2013en. Az unit. egyh\u00e1zi \u00e9letben j\u00e1tszott szerepet, a templom\u00e9p\u00edt\u0151 bizotts\u00e1g eln\u00f6ke volt, a templomot felszentelt\u00e9k (1929. j\u00fal. 20.). A felszentel\u00e9s alkalm\u00e1val Eml\u00e9kf\u00fczet k\u00e9sz\u00fclt, amelyben szerepel az \u0151 \u00e9p\u00edt\u00e9sbiztosi megnyir\u00f3 besz\u00e9de, az \u00e9p\u00edtkez\u00e9s t\u00f6rt\u00e9net\u00e9r\u0151l, majd az alapk\u0151let\u00e9teli besz\u00e9de. Az OMP v\u00e1rosi int\u00e9z\u0151bizotts\u00e1g\u00e1nak tagja (1927, 1934). [&hellip;]<\/p>\n","protected":false},"featured_media":0,"comment_status":"open","ping_status":"closed","template":"","meta":[],"product_brand":[],"product_cat":[137],"product_tag":[],"class_list":{"0":"post-7836","1":"product","2":"type-product","3":"status-publish","5":"product_cat-maros-megyei-eletrajzi-lexikon","7":"first","8":"instock","9":"shipping-taxable","10":"product-type-simple"},"_links":{"self":[{"href":"https:\/\/uj.adatbank.ro\/lexikon\/wp-json\/wp\/v2\/product\/7836","targetHints":{"allow":["GET"]}}],"collection":[{"href":"https:\/\/uj.adatbank.ro\/lexikon\/wp-json\/wp\/v2\/product"}],"about":[{"href":"https:\/\/uj.adatbank.ro\/lexikon\/wp-json\/wp\/v2\/types\/product"}],"replies":[{"embeddable":true,"href":"https:\/\/uj.adatbank.ro\/lexikon\/wp-json\/wp\/v2\/comments?post=7836"}],"wp:attachment":[{"href":"https:\/\/uj.adatbank.ro\/lexikon\/wp-json\/wp\/v2\/media?parent=7836"}],"wp:term":[{"taxonomy":"product_brand","embeddable":true,"href":"https:\/\/uj.adatbank.ro\/lexikon\/wp-json\/wp\/v2\/product_brand?post=7836"},{"taxonomy":"product_cat","embeddable":true,"href":"https:\/\/uj.adatbank.ro\/lexikon\/wp-json\/wp\/v2\/product_cat?post=7836"},{"taxonomy":"product_tag","embeddable":true,"href":"https:\/\/uj.adatbank.ro\/lexikon\/wp-json\/wp\/v2\/product_tag?post=7836"}],"curies":[{"name":"wp","href":"https:\/\/api.w.org\/{rel}","templated":true}]}}

<p>Csókfalva, 1893. szept. 6. † ? : ügyvéd, dr. – Ügyvéd Mv. –en. Az unit. egyházi életben játszott szerepet, a templomépítő bizottság elnöke volt, a templomot felszentelték (1929. júl. 20.). A felszentelés alkalmával Emlékfüzet készült, amelyben szerepel az ő építésbiztosi megnyiró beszéde, az építkezés történetéről, majd az alapkőletételi beszéde. Az OMP városi intézőbizottságának tagja (1927, 1934). – <strong>F. m.:</strong> <strong>antológ.:</strong> Bernády (Mv., 1934). <br /><strong>Irod.:</strong> Almanah Tg. M.; EM; Időtár 3; Kelemen; Kelemen Lajos 2009; Mv.-i Unit. Ek.</br></p>

<p>Csókfalva, 1893. szept. 6. † ? : ügyvéd, dr. – Ügyvéd Mv. –en. Az unit. egyházi életben játszott szerepet, a templomépítő bizottság elnöke volt, a templomot felszentelték (1929. júl. 20.). A felszentelés alkalmával Emlékfüzet készült, amelyben szerepel az ő építésbiztosi megnyiró beszéde, az építkezés történetéről, majd az alapkőletételi beszéde. Az OMP városi intézőbizottságának tagja (1927, 1934). [&hellip;]</p>
