{"id":7839,"date":"2025-06-29T10:05:36","date_gmt":"2025-06-29T08:05:36","guid":{"rendered":"https:\/\/uj.adatbank.ro\/lexikon\/termek\/fekete-imre\/"},"modified":"2025-06-29T10:05:36","modified_gmt":"2025-06-29T08:05:36","slug":"fekete-imre","status":"publish","type":"product","link":"https:\/\/uj.adatbank.ro\/lexikon\/termek\/fekete-imre\/","title":{"rendered":"FEKETE Imre"},"content":{"rendered":"<p>? \u2020\u00a0? : t\u00e1blab\u00edr\u00f3. \u2013 R\u00e9szt vett a sz\u00fcl\u0151k r\u00e9sz\u00e9t\u0151l azon a tan\u00e1cskoz\u00e1son, amelyet a mv.-i fels\u0151bb le\u00e1nyiskola le\u00e1nygimn. -m\u00e1 fejleszt\u00e9se \u00e9rdek\u00e9ben tartottak (1915). <br \/><strong>Irod.:<\/strong> Id\u0151t\u00e1r 2<\/br><\/p>\n","protected":false},"excerpt":{"rendered":"<p>? \u2020\u00a0? : t\u00e1blab\u00edr\u00f3. \u2013 R\u00e9szt vett a sz\u00fcl\u0151k r\u00e9sz\u00e9t\u0151l azon a tan\u00e1cskoz\u00e1son, amelyet a mv.-i fels\u0151bb le\u00e1nyiskola le\u00e1nygimn. -m\u00e1 fejleszt\u00e9se \u00e9rdek\u00e9ben tartottak (1915). Irod.: Id\u0151t\u00e1r 2<\/p>\n","protected":false},"featured_media":0,"comment_status":"open","ping_status":"closed","template":"","meta":[],"product_brand":[],"product_cat":[137],"product_tag":[],"class_list":{"0":"post-7839","1":"product","2":"type-product","3":"status-publish","5":"product_cat-maros-megyei-eletrajzi-lexikon","7":"first","8":"instock","9":"shipping-taxable","10":"product-type-simple"},"_links":{"self":[{"href":"https:\/\/uj.adatbank.ro\/lexikon\/wp-json\/wp\/v2\/product\/7839","targetHints":{"allow":["GET"]}}],"collection":[{"href":"https:\/\/uj.adatbank.ro\/lexikon\/wp-json\/wp\/v2\/product"}],"about":[{"href":"https:\/\/uj.adatbank.ro\/lexikon\/wp-json\/wp\/v2\/types\/product"}],"replies":[{"embeddable":true,"href":"https:\/\/uj.adatbank.ro\/lexikon\/wp-json\/wp\/v2\/comments?post=7839"}],"wp:attachment":[{"href":"https:\/\/uj.adatbank.ro\/lexikon\/wp-json\/wp\/v2\/media?parent=7839"}],"wp:term":[{"taxonomy":"product_brand","embeddable":true,"href":"https:\/\/uj.adatbank.ro\/lexikon\/wp-json\/wp\/v2\/product_brand?post=7839"},{"taxonomy":"product_cat","embeddable":true,"href":"https:\/\/uj.adatbank.ro\/lexikon\/wp-json\/wp\/v2\/product_cat?post=7839"},{"taxonomy":"product_tag","embeddable":true,"href":"https:\/\/uj.adatbank.ro\/lexikon\/wp-json\/wp\/v2\/product_tag?post=7839"}],"curies":[{"name":"wp","href":"https:\/\/api.w.org\/{rel}","templated":true}]}}