{"id":7851,"date":"2025-06-29T10:06:01","date_gmt":"2025-06-29T08:06:01","guid":{"rendered":"https:\/\/uj.adatbank.ro\/lexikon\/termek\/fekete-janos-5\/"},"modified":"2025-06-29T10:06:01","modified_gmt":"2025-06-29T08:06:01","slug":"fekete-janos-5","status":"publish","type":"product","link":"https:\/\/uj.adatbank.ro\/lexikon\/termek\/fekete-janos-5\/","title":{"rendered":"FEKETE J\u00e1nos"},"content":{"rendered":"<p>? \u2020 ? : ref. lek\u00e9sz. &#8211; M\u00e1j\u00e1ban volt lelk\u00e9sz (1949\u201359). \u00d6sszefogta az ifj\u00fas\u00e1got, \u00e9s k\u00fcl\u00f6n foglalkozott a gyermekekkel. Felemelte szav\u00e1t az isz\u00e1koss\u00e1g, a babon\u00e1k \u00e9s a vadh\u00e1zass\u00e1g ellen. A rendszerv\u00e1ltoz\u00e1s ut\u00e1n az egyh\u00e1zat megfosztott\u00e1k minden f\u00f6ldj\u00e9t\u0151l (1953). A vall\u00e1sos nevel\u00e9s csak a vas\u00e1rnapokra szor\u00edtkozhatott. Az egyh\u00e1z adom\u00e1nyokkal gyarapodott, egys\u00e9ges tehervisel\u00e9st szabtak ki (1955). \u00dajra\u00f6nt\u00f6ttek k\u00e9t harangot, amelyeket ma is haszn\u00e1lnak. \u00d6sszegy\u0171jt\u00f6tte a falu t\u00f6rt\u00e9net\u00e9re vonatkoz\u00f3 sz\u00e9tsz\u00f3rt dokumentumokat, \u00e9s miel\u0151tt leadta azokat az \u00e1llami lev\u00e9lt\u00e1rnak, meg\u00edrta a falu monogr\u00e1fi\u00e1j\u00e1t. M\u00e1j\u00e1ban is kezdet\u00e9t vette az apad\u00e1s (13 temet\u00e9s, k\u00e9t keresztel\u0151). A lelk\u00e9sz is elt\u00e1vozott a falub\u00f3l (1959). <br \/><strong>Irod.:<\/strong> M\u00e1ja<\/br><\/p>\n","protected":false},"excerpt":{"rendered":"<p>? \u2020 ? : ref. lek\u00e9sz. &#8211; M\u00e1j\u00e1ban volt lelk\u00e9sz (1949\u201359). \u00d6sszefogta az ifj\u00fas\u00e1got, \u00e9s k\u00fcl\u00f6n foglalkozott a gyermekekkel. Felemelte szav\u00e1t az isz\u00e1koss\u00e1g, a babon\u00e1k \u00e9s a vadh\u00e1zass\u00e1g ellen. A rendszerv\u00e1ltoz\u00e1s ut\u00e1n az egyh\u00e1zat megfosztott\u00e1k minden f\u00f6ldj\u00e9t\u0151l (1953). A vall\u00e1sos nevel\u00e9s csak a vas\u00e1rnapokra szor\u00edtkozhatott. Az egyh\u00e1z adom\u00e1nyokkal gyarapodott, egys\u00e9ges tehervisel\u00e9st szabtak ki (1955). \u00dajra\u00f6nt\u00f6ttek [&hellip;]<\/p>\n","protected":false},"featured_media":0,"comment_status":"open","ping_status":"closed","template":"","meta":[],"product_brand":[],"product_cat":[137],"product_tag":[],"class_list":{"0":"post-7851","1":"product","2":"type-product","3":"status-publish","5":"product_cat-maros-megyei-eletrajzi-lexikon","7":"first","8":"instock","9":"shipping-taxable","10":"product-type-simple"},"_links":{"self":[{"href":"https:\/\/uj.adatbank.ro\/lexikon\/wp-json\/wp\/v2\/product\/7851","targetHints":{"allow":["GET"]}}],"collection":[{"href":"https:\/\/uj.adatbank.ro\/lexikon\/wp-json\/wp\/v2\/product"}],"about":[{"href":"https:\/\/uj.adatbank.ro\/lexikon\/wp-json\/wp\/v2\/types\/product"}],"replies":[{"embeddable":true,"href":"https:\/\/uj.adatbank.ro\/lexikon\/wp-json\/wp\/v2\/comments?post=7851"}],"wp:attachment":[{"href":"https:\/\/uj.adatbank.ro\/lexikon\/wp-json\/wp\/v2\/media?parent=7851"}],"wp:term":[{"taxonomy":"product_brand","embeddable":true,"href":"https:\/\/uj.adatbank.ro\/lexikon\/wp-json\/wp\/v2\/product_brand?post=7851"},{"taxonomy":"product_cat","embeddable":true,"href":"https:\/\/uj.adatbank.ro\/lexikon\/wp-json\/wp\/v2\/product_cat?post=7851"},{"taxonomy":"product_tag","embeddable":true,"href":"https:\/\/uj.adatbank.ro\/lexikon\/wp-json\/wp\/v2\/product_tag?post=7851"}],"curies":[{"name":"wp","href":"https:\/\/api.w.org\/{rel}","templated":true}]}}

FEKETE János

<p>? † ? : ref. lekész. &#8211; Májában volt lelkész (1949–59). Összefogta az ifjúságot, és külön foglalkozott a gyermekekkel. Felemelte szavát az iszákosság, a babonák és a vadházasság ellen. A rendszerváltozás után az egyházat megfosztották minden földjétől (1953). A vallásos nevelés csak a vasárnapokra szorítkozhatott. Az egyház adományokkal gyarapodott, egységes teherviselést szabtak ki (1955). Újraöntöttek két harangot, amelyeket ma is használnak. Összegyűjtötte a falu történetére vonatkozó szétszórt dokumentumokat, és mielőtt leadta azokat az állami levéltárnak, megírta a falu monográfiáját. Májában is kezdetét vette az apadás (13 temetés, két keresztelő). A lelkész is eltávozott a faluból (1959). <br /><strong>Irod.:</strong> Mája</br></p>

<p>? † ? : ref. lekész. &#8211; Májában volt lelkész (1949–59). Összefogta az ifjúságot, és külön foglalkozott a gyermekekkel. Felemelte szavát az iszákosság, a babonák és a vadházasság ellen. A rendszerváltozás után az egyházat megfosztották minden földjétől (1953). A vallásos nevelés csak a vasárnapokra szorítkozhatott. Az egyház adományokkal gyarapodott, egységes teherviselést szabtak ki (1955). Újraöntöttek [&hellip;]</p>
