{"id":7854,"date":"2025-06-29T10:06:04","date_gmt":"2025-06-29T08:06:04","guid":{"rendered":"https:\/\/uj.adatbank.ro\/lexikon\/termek\/fekete-janos-lorincfalvi\/"},"modified":"2025-06-29T10:06:04","modified_gmt":"2025-06-29T08:06:04","slug":"fekete-janos-lorincfalvi","status":"publish","type":"product","link":"https:\/\/uj.adatbank.ro\/lexikon\/termek\/fekete-janos-lorincfalvi\/","title":{"rendered":"FEKETE J\u00e1nos, l\u0151rincfalvi"},"content":{"rendered":"<p>Sz\u00e9kelykakasd, 1904. j\u00fal. 1., \u2020\u00a0Mv., 1965. nov.?: ref. lelk\u00e9sz. \u2013 Feles\u00e9ge: Fodor Piroska (1908\u20132004). Fi\u00fak: Fekete Zsolt, Mv.-en \u00e9l\u0151 fest\u0151m\u0171v\u00e9sz. \u2013 K\u00f6z\u00e9piskol\u00e1it Mv.-en, a teol\u00f3gi\u00e1t Kv.-on v\u00e9gezte. 2 \u00e9vig Mv.-en volt seg\u00e9dlelk\u00e9sz, Fels\u0151j\u00e1r\u00e1r\u00e1n, majd Ny\u00e1r\u00e1dkar\u00e1csonfalv\u00e1n, Folyfalv\u00e1n lelk\u00e9sz (1934\u2013), ahol egyben egyh\u00e1zmegyei tan\u00e1csb\u00edr\u00f3, a Hangya, a Hitelsz\u00f6vetkezet \u00e9s a Tejsz\u00f6vetkezet eln\u00f6ke, a Gazdak\u00f6r ellen\u0151re, a MT Megyei F\u00f6ldm\u0171vessz\u00f6vets\u00e9g v\u00e1lasztm\u00e1nyi tagja, a Sz\u00e9kelyf\u00f6ldi H\u00e1ziipari K\u00f6zpont igazgat\u00f3tan\u00e1csi tagja. H\u00e1ziipari \u00e9s N\u00e9pm\u0171v\u00e9szeti ki\u00e1ll\u00edt\u00e1sokat rendezett dr. Gy\u00e1rf\u00e1s P\u00e1ln\u00e9val. A n\u00e9pviselet megtart\u00e1s\u00e1t c\u00e9lz\u00f3 sz\u00e9kely tal\u00e1lkoz\u00f3t szervezett Korondon, gazdas\u00e1gi tanfolyamot tartott \u00e9s Folyfalv\u00e1n gazdanapot rendezett. Ny\u00e1r\u00e1dkar\u00e1csonyfalvi lelk\u00e9sz (1934\u2013), az Erd\u00e9lyi P\u00e1rt tagja, a CE-ir\u00e1nyzat h\u00edve. Ny\u00e1r\u00e1dkar\u00e1csonban tart\u00f3ztatt\u00e1k le (1958. m\u00e1j. 29.). A v\u00e1dirat szerint tagja volt a Beth\u00e1nia nev\u0171 illeg\u00e1lis, papokb\u00f3l \u00e9s vil\u00e1gi szem\u00e9lyekb\u0151l \u00e1ll\u00f3 \u00e1llamellenes szervezetnek, amelyet Rom\u00e1ni\u00e1ban betiltottak (1948), de \u0151k tov\u00e1bb tev\u00e9kenykedtek, tiltott kiadv\u00e1nyokat terjesztettek, amelyekben a rom\u00e1n korm\u00e1ny politik\u00e1ja ellen tiltakoztak. Kapcsolatot tartottak fenn a mo.-i azonos nev\u0171 szervezettel. 10 \u00e9v b\u00f6rt\u00f6nre \u00edt\u00e9lt\u00e9k. B\u00fcntet\u00e9s\u00e9t Szamos\u00fajv\u00e1ron t\u00f6lt\u00f6tte, onnan szabadult (1964. aug.). Betegen ker\u00fclt haza, lelk\u00e9szi \u00e1ll\u00e1st nem kapott, nyugd\u00edjban sem r\u00e9szes\u00fclt. <br \/><strong>Irod.:<\/strong> 1956 Erd\u00e9lyben; \u00c1ldozatok; Cs\u00e1ky; Id\u0151t\u00e1r 4.; P\u00e1l-Antal 2013; Sz\u00e9kelyf\u00f6ld \u00ed. k<\/br><\/p>\n","protected":false},"excerpt":{"rendered":"<p>Sz\u00e9kelykakasd, 1904. j\u00fal. 1., \u2020\u00a0Mv., 1965. nov.?: ref. lelk\u00e9sz. \u2013 Feles\u00e9ge: Fodor Piroska (1908\u20132004). Fi\u00fak: Fekete Zsolt, Mv.-en \u00e9l\u0151 fest\u0151m\u0171v\u00e9sz. \u2013 K\u00f6z\u00e9piskol\u00e1it Mv.-en, a teol\u00f3gi\u00e1t Kv.-on v\u00e9gezte. 2 \u00e9vig Mv.-en volt seg\u00e9dlelk\u00e9sz, Fels\u0151j\u00e1r\u00e1r\u00e1n, majd Ny\u00e1r\u00e1dkar\u00e1csonfalv\u00e1n, Folyfalv\u00e1n lelk\u00e9sz (1934\u2013), ahol egyben egyh\u00e1zmegyei tan\u00e1csb\u00edr\u00f3, a Hangya, a Hitelsz\u00f6vetkezet \u00e9s a Tejsz\u00f6vetkezet eln\u00f6ke, a Gazdak\u00f6r ellen\u0151re, a MT [&hellip;]<\/p>\n","protected":false},"featured_media":0,"comment_status":"open","ping_status":"closed","template":"","meta":[],"product_brand":[],"product_cat":[137],"product_tag":[],"class_list":{"0":"post-7854","1":"product","2":"type-product","3":"status-publish","5":"product_cat-maros-megyei-eletrajzi-lexikon","7":"first","8":"instock","9":"shipping-taxable","10":"product-type-simple"},"_links":{"self":[{"href":"https:\/\/uj.adatbank.ro\/lexikon\/wp-json\/wp\/v2\/product\/7854","targetHints":{"allow":["GET"]}}],"collection":[{"href":"https:\/\/uj.adatbank.ro\/lexikon\/wp-json\/wp\/v2\/product"}],"about":[{"href":"https:\/\/uj.adatbank.ro\/lexikon\/wp-json\/wp\/v2\/types\/product"}],"replies":[{"embeddable":true,"href":"https:\/\/uj.adatbank.ro\/lexikon\/wp-json\/wp\/v2\/comments?post=7854"}],"wp:attachment":[{"href":"https:\/\/uj.adatbank.ro\/lexikon\/wp-json\/wp\/v2\/media?parent=7854"}],"wp:term":[{"taxonomy":"product_brand","embeddable":true,"href":"https:\/\/uj.adatbank.ro\/lexikon\/wp-json\/wp\/v2\/product_brand?post=7854"},{"taxonomy":"product_cat","embeddable":true,"href":"https:\/\/uj.adatbank.ro\/lexikon\/wp-json\/wp\/v2\/product_cat?post=7854"},{"taxonomy":"product_tag","embeddable":true,"href":"https:\/\/uj.adatbank.ro\/lexikon\/wp-json\/wp\/v2\/product_tag?post=7854"}],"curies":[{"name":"wp","href":"https:\/\/api.w.org\/{rel}","templated":true}]}}

FEKETE János, lőrincfalvi

<p>Székelykakasd, 1904. júl. 1., † Mv., 1965. nov.?: ref. lelkész. – Felesége: Fodor Piroska (1908–2004). Fiúk: Fekete Zsolt, Mv.-en élő festőművész. – Középiskoláit Mv.-en, a teológiát Kv.-on végezte. 2 évig Mv.-en volt segédlelkész, Felsőjárárán, majd Nyárádkarácsonfalván, Folyfalván lelkész (1934–), ahol egyben egyházmegyei tanácsbíró, a Hangya, a Hitelszövetkezet és a Tejszövetkezet elnöke, a Gazdakör ellenőre, a MT Megyei Földművesszövetség választmányi tagja, a Székelyföldi Háziipari Központ igazgatótanácsi tagja. Háziipari és Népművészeti kiállításokat rendezett dr. Gyárfás Pálnéval. A népviselet megtartását célzó székely találkozót szervezett Korondon, gazdasági tanfolyamot tartott és Folyfalván gazdanapot rendezett. Nyárádkarácsonyfalvi lelkész (1934–), az Erdélyi Párt tagja, a CE-irányzat híve. Nyárádkarácsonban tartóztatták le (1958. máj. 29.). A vádirat szerint tagja volt a Bethánia nevű illegális, papokból és világi személyekből álló államellenes szervezetnek, amelyet Romániában betiltottak (1948), de ők tovább tevékenykedtek, tiltott kiadványokat terjesztettek, amelyekben a román kormány politikája ellen tiltakoztak. Kapcsolatot tartottak fenn a mo.-i azonos nevű szervezettel. 10 év börtönre ítélték. Büntetését Szamosújváron töltötte, onnan szabadult (1964. aug.). Betegen került haza, lelkészi állást nem kapott, nyugdíjban sem részesült. <br /><strong>Irod.:</strong> 1956 Erdélyben; Áldozatok; Csáky; Időtár 4.; Pál-Antal 2013; Székelyföld í. k</br></p>

<p>Székelykakasd, 1904. júl. 1., † Mv., 1965. nov.?: ref. lelkész. – Felesége: Fodor Piroska (1908–2004). Fiúk: Fekete Zsolt, Mv.-en élő festőművész. – Középiskoláit Mv.-en, a teológiát Kv.-on végezte. 2 évig Mv.-en volt segédlelkész, Felsőjárárán, majd Nyárádkarácsonfalván, Folyfalván lelkész (1934–), ahol egyben egyházmegyei tanácsbíró, a Hangya, a Hitelszövetkezet és a Tejszövetkezet elnöke, a Gazdakör ellenőre, a MT [&hellip;]</p>
