{"id":7857,"date":"2025-06-29T10:06:08","date_gmt":"2025-06-29T08:06:08","guid":{"rendered":"https:\/\/uj.adatbank.ro\/lexikon\/termek\/fekete-jozsef-2\/"},"modified":"2025-06-29T10:06:08","modified_gmt":"2025-06-29T08:06:08","slug":"fekete-jozsef-2","status":"publish","type":"product","link":"https:\/\/uj.adatbank.ro\/lexikon\/termek\/fekete-jozsef-2\/","title":{"rendered":"FEKETE J\u00f3zsef"},"content":{"rendered":"<p>1815.? \u2020 Mv., 1870. \u00e1pr. 22.: f\u0151b\u00edr\u00f3, polg\u00e1rmester, ogy.-i k\u00f6vet. \u2013 Testv\u00e9re: Krisztina. Feles\u00e9ge: M\u00fcncher Borb\u00e1la. Gyermekeik: J\u00e1nos, feles\u00e9ge Szirovi M\u00e1ria; Antonia Keintzel J\u00e1nosn\u00e9; Katalin, m. kir. honv\u00e9dsz\u00e1zados Er\u0151s Tuschovszki Gyul\u00e1n\u00e9; K\u00e1roly; \u00c1gnes, tan\u00e1r Sz\u00e1va Farkasn\u00e9; Luiza, keresked\u0151 Holczer Gyul\u00e1n\u00e9; Gyula; J\u00f3zsef; G\u00e9iza, vas\u00fati hivatalnok, feles\u00e9ge M\u00e1th\u00e9 Luiza; Mikl\u00f3s cs. kir. f\u0151hadnagy. \u2013 V\u00e1rosi tan\u00e1csos (1862), az antiszemita zavarg\u00e1sok idej\u00e9n, bet\u0151rt\u00e9k az ablakait, mert a zsid\u00f3k p\u00e1rtol\u00e1s\u00e1val v\u00e1dolt\u00e1k. Mv. polg\u00e1rmestere (1863\u201372). Mv. sz. kir. v\u00e1ros f\u0151b\u00edr\u00e1ja (1863\u201370), ogy.-i k\u00f6vete \u00e9s a r. k. megye f\u0151gondnoka, 45 \u00e9vig szolg\u00e1lta a v\u00e1rost. <br \/><strong>Irod.:<\/strong> Fodor\u2013Bal\u00e1s; Gy\u00e1szjelent\u0151; Id\u0151t\u00e1r 2; A M. Orvosok \u00e9s Term\u00e9szetvizsg\u00e1l\u00f3k 1863 szept. 19\u201326. Pesten tartott IX. nagygy\u0171l\u00e9s\u00e9nek t\u00f6rt\u00e9neti v\u00e1zlata \u00e9s munk\u00e1latai (Pest, 1864); \u00d6kr\u00f6s<\/br><\/p>\n","protected":false},"excerpt":{"rendered":"<p>1815.? \u2020 Mv., 1870. \u00e1pr. 22.: f\u0151b\u00edr\u00f3, polg\u00e1rmester, ogy.-i k\u00f6vet. \u2013 Testv\u00e9re: Krisztina. Feles\u00e9ge: M\u00fcncher Borb\u00e1la. Gyermekeik: J\u00e1nos, feles\u00e9ge Szirovi M\u00e1ria; Antonia Keintzel J\u00e1nosn\u00e9; Katalin, m. kir. honv\u00e9dsz\u00e1zados Er\u0151s Tuschovszki Gyul\u00e1n\u00e9; K\u00e1roly; \u00c1gnes, tan\u00e1r Sz\u00e1va Farkasn\u00e9; Luiza, keresked\u0151 Holczer Gyul\u00e1n\u00e9; Gyula; J\u00f3zsef; G\u00e9iza, vas\u00fati hivatalnok, feles\u00e9ge M\u00e1th\u00e9 Luiza; Mikl\u00f3s cs. kir. f\u0151hadnagy. \u2013 V\u00e1rosi tan\u00e1csos [&hellip;]<\/p>\n","protected":false},"featured_media":0,"comment_status":"open","ping_status":"closed","template":"","meta":[],"product_brand":[],"product_cat":[137],"product_tag":[],"class_list":{"0":"post-7857","1":"product","2":"type-product","3":"status-publish","5":"product_cat-maros-megyei-eletrajzi-lexikon","7":"first","8":"instock","9":"shipping-taxable","10":"product-type-simple"},"_links":{"self":[{"href":"https:\/\/uj.adatbank.ro\/lexikon\/wp-json\/wp\/v2\/product\/7857","targetHints":{"allow":["GET"]}}],"collection":[{"href":"https:\/\/uj.adatbank.ro\/lexikon\/wp-json\/wp\/v2\/product"}],"about":[{"href":"https:\/\/uj.adatbank.ro\/lexikon\/wp-json\/wp\/v2\/types\/product"}],"replies":[{"embeddable":true,"href":"https:\/\/uj.adatbank.ro\/lexikon\/wp-json\/wp\/v2\/comments?post=7857"}],"wp:attachment":[{"href":"https:\/\/uj.adatbank.ro\/lexikon\/wp-json\/wp\/v2\/media?parent=7857"}],"wp:term":[{"taxonomy":"product_brand","embeddable":true,"href":"https:\/\/uj.adatbank.ro\/lexikon\/wp-json\/wp\/v2\/product_brand?post=7857"},{"taxonomy":"product_cat","embeddable":true,"href":"https:\/\/uj.adatbank.ro\/lexikon\/wp-json\/wp\/v2\/product_cat?post=7857"},{"taxonomy":"product_tag","embeddable":true,"href":"https:\/\/uj.adatbank.ro\/lexikon\/wp-json\/wp\/v2\/product_tag?post=7857"}],"curies":[{"name":"wp","href":"https:\/\/api.w.org\/{rel}","templated":true}]}}

FEKETE József

<p>1815.? † Mv., 1870. ápr. 22.: főbíró, polgármester, ogy.-i követ. – Testvére: Krisztina. Felesége: Müncher Borbála. Gyermekeik: János, felesége Szirovi Mária; Antonia Keintzel Jánosné; Katalin, m. kir. honvédszázados Erős Tuschovszki Gyuláné; Károly; Ágnes, tanár Száva Farkasné; Luiza, kereskedő Holczer Gyuláné; Gyula; József; Géiza, vasúti hivatalnok, felesége Máthé Luiza; Miklós cs. kir. főhadnagy. – Városi tanácsos (1862), az antiszemita zavargások idején, betőrték az ablakait, mert a zsidók pártolásával vádolták. Mv. polgármestere (1863–72). Mv. sz. kir. város főbírája (1863–70), ogy.-i követe és a r. k. megye főgondnoka, 45 évig szolgálta a várost. <br /><strong>Irod.:</strong> Fodor–Balás; Gyászjelentő; Időtár 2; A M. Orvosok és Természetvizsgálók 1863 szept. 19–26. Pesten tartott IX. nagygyűlésének történeti vázlata és munkálatai (Pest, 1864); Ökrös</br></p>

<p>1815.? † Mv., 1870. ápr. 22.: főbíró, polgármester, ogy.-i követ. – Testvére: Krisztina. Felesége: Müncher Borbála. Gyermekeik: János, felesége Szirovi Mária; Antonia Keintzel Jánosné; Katalin, m. kir. honvédszázados Erős Tuschovszki Gyuláné; Károly; Ágnes, tanár Száva Farkasné; Luiza, kereskedő Holczer Gyuláné; Gyula; József; Géiza, vasúti hivatalnok, felesége Máthé Luiza; Miklós cs. kir. főhadnagy. – Városi tanácsos [&hellip;]</p>
