{"id":7859,"date":"2025-06-29T10:06:13","date_gmt":"2025-06-29T08:06:13","guid":{"rendered":"https:\/\/uj.adatbank.ro\/lexikon\/termek\/fekete-jozsef-4\/"},"modified":"2025-06-29T10:06:13","modified_gmt":"2025-06-29T08:06:13","slug":"fekete-jozsef-4","status":"publish","type":"product","link":"https:\/\/uj.adatbank.ro\/lexikon\/termek\/fekete-jozsef-4\/","title":{"rendered":"FEKETE J\u00f3zsef"},"content":{"rendered":"<p>Nyom\u00e1t, 1880., \u2020\u00a0? : jegyz\u0151, f\u00f6ldbirtokos. \u2013 F\u0151gimn. -ot \u00e9s jegyz\u0151i tanfolyamot Kv.-on v\u00e9gzett. Harc\u00f3n kezdte p\u00e1lyafut\u00e1s\u00e1t, majd Mez\u0151paniton lett jegyz\u0151. Nyugalomba vonult (1920) \u00e9s a nyom\u00e1ti birtok\u00e1n gazd\u00e1lkodott. A MP ragja volt ez\u00e9rt b\u00f6rt\u00f6nbe z\u00e1rt\u00e1k. Nyom\u00e1t k\u00f6zs\u00e9g k\u00f6z\u00e9let\u00e9ben is kivette r\u00e9sz\u00e9t, a Tejsz\u00f6vetkezet megszervez\u0151je \u00e9s \u00fcgyvezet\u0151 igazgat\u00f3ja, a k\u00f6zs\u00e9g k\u00e9pvisel\u0151test\u00fclet\u00e9nek tagja volt. <br \/><strong>Irod.:<\/strong> Sz\u00e9kelyf\u00f6ld \u00ed. k<\/br><\/p>\n","protected":false},"excerpt":{"rendered":"<p>Nyom\u00e1t, 1880., \u2020\u00a0? : jegyz\u0151, f\u00f6ldbirtokos. \u2013 F\u0151gimn. -ot \u00e9s jegyz\u0151i tanfolyamot Kv.-on v\u00e9gzett. Harc\u00f3n kezdte p\u00e1lyafut\u00e1s\u00e1t, majd Mez\u0151paniton lett jegyz\u0151. Nyugalomba vonult (1920) \u00e9s a nyom\u00e1ti birtok\u00e1n gazd\u00e1lkodott. A MP ragja volt ez\u00e9rt b\u00f6rt\u00f6nbe z\u00e1rt\u00e1k. Nyom\u00e1t k\u00f6zs\u00e9g k\u00f6z\u00e9let\u00e9ben is kivette r\u00e9sz\u00e9t, a Tejsz\u00f6vetkezet megszervez\u0151je \u00e9s \u00fcgyvezet\u0151 igazgat\u00f3ja, a k\u00f6zs\u00e9g k\u00e9pvisel\u0151test\u00fclet\u00e9nek tagja volt. Irod.: Sz\u00e9kelyf\u00f6ld [&hellip;]<\/p>\n","protected":false},"featured_media":0,"comment_status":"open","ping_status":"closed","template":"","meta":[],"product_brand":[],"product_cat":[137],"product_tag":[],"class_list":{"0":"post-7859","1":"product","2":"type-product","3":"status-publish","5":"product_cat-maros-megyei-eletrajzi-lexikon","7":"first","8":"instock","9":"shipping-taxable","10":"product-type-simple"},"_links":{"self":[{"href":"https:\/\/uj.adatbank.ro\/lexikon\/wp-json\/wp\/v2\/product\/7859","targetHints":{"allow":["GET"]}}],"collection":[{"href":"https:\/\/uj.adatbank.ro\/lexikon\/wp-json\/wp\/v2\/product"}],"about":[{"href":"https:\/\/uj.adatbank.ro\/lexikon\/wp-json\/wp\/v2\/types\/product"}],"replies":[{"embeddable":true,"href":"https:\/\/uj.adatbank.ro\/lexikon\/wp-json\/wp\/v2\/comments?post=7859"}],"wp:attachment":[{"href":"https:\/\/uj.adatbank.ro\/lexikon\/wp-json\/wp\/v2\/media?parent=7859"}],"wp:term":[{"taxonomy":"product_brand","embeddable":true,"href":"https:\/\/uj.adatbank.ro\/lexikon\/wp-json\/wp\/v2\/product_brand?post=7859"},{"taxonomy":"product_cat","embeddable":true,"href":"https:\/\/uj.adatbank.ro\/lexikon\/wp-json\/wp\/v2\/product_cat?post=7859"},{"taxonomy":"product_tag","embeddable":true,"href":"https:\/\/uj.adatbank.ro\/lexikon\/wp-json\/wp\/v2\/product_tag?post=7859"}],"curies":[{"name":"wp","href":"https:\/\/api.w.org\/{rel}","templated":true}]}}

FEKETE József

<p>Nyomát, 1880., † ? : jegyző, földbirtokos. – Főgimn. -ot és jegyzői tanfolyamot Kv.-on végzett. Harcón kezdte pályafutását, majd Mezőpaniton lett jegyző. Nyugalomba vonult (1920) és a nyomáti birtokán gazdálkodott. A MP ragja volt ezért börtönbe zárták. Nyomát község közéletében is kivette részét, a Tejszövetkezet megszervezője és ügyvezető igazgatója, a község képviselőtestületének tagja volt. <br /><strong>Irod.:</strong> Székelyföld í. k</br></p>

<p>Nyomát, 1880., † ? : jegyző, földbirtokos. – Főgimn. -ot és jegyzői tanfolyamot Kv.-on végzett. Harcón kezdte pályafutását, majd Mezőpaniton lett jegyző. Nyugalomba vonult (1920) és a nyomáti birtokán gazdálkodott. A MP ragja volt ezért börtönbe zárták. Nyomát község közéletében is kivette részét, a Tejszövetkezet megszervezője és ügyvezető igazgatója, a község képviselőtestületének tagja volt. Irod.: Székelyföld [&hellip;]</p>
