{"id":7860,"date":"2025-06-29T10:06:16","date_gmt":"2025-06-29T08:06:16","guid":{"rendered":"https:\/\/uj.adatbank.ro\/lexikon\/termek\/fekete-jozsef-5\/"},"modified":"2025-06-29T10:06:16","modified_gmt":"2025-06-29T08:06:16","slug":"fekete-jozsef-5","status":"publish","type":"product","link":"https:\/\/uj.adatbank.ro\/lexikon\/termek\/fekete-jozsef-5\/","title":{"rendered":"FEKETE J\u00f3zsef"},"content":{"rendered":"<p>Szent\u00e1brah\u00e1m, 1882., \u2020\u00a0?: unit. lelk\u00e9sz, l\u00e9vita tan\u00edt\u00f3. \u2013 A k\u00f6z\u00e9piskol\u00e1t Sz\u00e9kelykereszt\u00faron, a k\u00e9pz\u0151t u. o. v\u00e9gezte el. Tan\u00edt\u00f3 m\u0171k\u00f6d\u00e9s\u00e9t Kis- \u00e9s Nagyked\u00e9n kezdte meg, majd Kisadorj\u00e1nba tan\u00edtott nyugd\u00edjaz\u00e1s\u00e1ig (1905\u201339), ezut\u00e1n mint lelk\u00e9sz teljes\u00edtett szolg\u00e1latot, majd \u00fajb\u00f3l tan\u00edtott (1940\u201347). Az EMGE helyi eln\u00f6ke, a D\u00e1vid Ferenc Egylet ifj\u00fas\u00e1gi eln\u00f6ke. Az \u00faj templom fel\u00e9p\u00edt\u00e9se az \u0151 munk\u00e1ss\u00e1g\u00e1nak eredm\u00e9nye. <br \/><strong>Irod.:<\/strong> Kisadorj\u00e1n; S\u00e1ndor Szil\u00e1rd; Sz\u00e9kelyf\u00f6ld \u00ed. k<\/br><\/p>\n","protected":false},"excerpt":{"rendered":"<p>Szent\u00e1brah\u00e1m, 1882., \u2020\u00a0?: unit. lelk\u00e9sz, l\u00e9vita tan\u00edt\u00f3. \u2013 A k\u00f6z\u00e9piskol\u00e1t Sz\u00e9kelykereszt\u00faron, a k\u00e9pz\u0151t u. o. v\u00e9gezte el. Tan\u00edt\u00f3 m\u0171k\u00f6d\u00e9s\u00e9t Kis- \u00e9s Nagyked\u00e9n kezdte meg, majd Kisadorj\u00e1nba tan\u00edtott nyugd\u00edjaz\u00e1s\u00e1ig (1905\u201339), ezut\u00e1n mint lelk\u00e9sz teljes\u00edtett szolg\u00e1latot, majd \u00fajb\u00f3l tan\u00edtott (1940\u201347). Az EMGE helyi eln\u00f6ke, a D\u00e1vid Ferenc Egylet ifj\u00fas\u00e1gi eln\u00f6ke. Az \u00faj templom fel\u00e9p\u00edt\u00e9se az \u0151 munk\u00e1ss\u00e1g\u00e1nak [&hellip;]<\/p>\n","protected":false},"featured_media":0,"comment_status":"open","ping_status":"closed","template":"","meta":[],"product_brand":[],"product_cat":[137],"product_tag":[],"class_list":{"0":"post-7860","1":"product","2":"type-product","3":"status-publish","5":"product_cat-maros-megyei-eletrajzi-lexikon","7":"first","8":"instock","9":"shipping-taxable","10":"product-type-simple"},"_links":{"self":[{"href":"https:\/\/uj.adatbank.ro\/lexikon\/wp-json\/wp\/v2\/product\/7860","targetHints":{"allow":["GET"]}}],"collection":[{"href":"https:\/\/uj.adatbank.ro\/lexikon\/wp-json\/wp\/v2\/product"}],"about":[{"href":"https:\/\/uj.adatbank.ro\/lexikon\/wp-json\/wp\/v2\/types\/product"}],"replies":[{"embeddable":true,"href":"https:\/\/uj.adatbank.ro\/lexikon\/wp-json\/wp\/v2\/comments?post=7860"}],"wp:attachment":[{"href":"https:\/\/uj.adatbank.ro\/lexikon\/wp-json\/wp\/v2\/media?parent=7860"}],"wp:term":[{"taxonomy":"product_brand","embeddable":true,"href":"https:\/\/uj.adatbank.ro\/lexikon\/wp-json\/wp\/v2\/product_brand?post=7860"},{"taxonomy":"product_cat","embeddable":true,"href":"https:\/\/uj.adatbank.ro\/lexikon\/wp-json\/wp\/v2\/product_cat?post=7860"},{"taxonomy":"product_tag","embeddable":true,"href":"https:\/\/uj.adatbank.ro\/lexikon\/wp-json\/wp\/v2\/product_tag?post=7860"}],"curies":[{"name":"wp","href":"https:\/\/api.w.org\/{rel}","templated":true}]}}

FEKETE József

<p>Szentábrahám, 1882., † ?: unit. lelkész, lévita tanító. – A középiskolát Székelykeresztúron, a képzőt u. o. végezte el. Tanító működését Kis- és Nagykedén kezdte meg, majd Kisadorjánba tanított nyugdíjazásáig (1905–39), ezután mint lelkész teljesített szolgálatot, majd újból tanított (1940–47). Az EMGE helyi elnöke, a Dávid Ferenc Egylet ifjúsági elnöke. Az új templom felépítése az ő munkásságának eredménye. <br /><strong>Irod.:</strong> Kisadorján; Sándor Szilárd; Székelyföld í. k</br></p>

<p>Szentábrahám, 1882., † ?: unit. lelkész, lévita tanító. – A középiskolát Székelykeresztúron, a képzőt u. o. végezte el. Tanító működését Kis- és Nagykedén kezdte meg, majd Kisadorjánba tanított nyugdíjazásáig (1905–39), ezután mint lelkész teljesített szolgálatot, majd újból tanított (1940–47). Az EMGE helyi elnöke, a Dávid Ferenc Egylet ifjúsági elnöke. Az új templom felépítése az ő munkásságának [&hellip;]</p>
