{"id":7865,"date":"2025-06-29T10:06:25","date_gmt":"2025-06-29T08:06:25","guid":{"rendered":"https:\/\/uj.adatbank.ro\/lexikon\/termek\/fekete-jozsef-naznanfalvi-schwartz-jakab-1897-ig-fekete-jakab\/"},"modified":"2025-06-29T10:06:25","modified_gmt":"2025-06-29T08:06:25","slug":"fekete-jozsef-naznanfalvi-schwartz-jakab-1897-ig-fekete-jakab","status":"publish","type":"product","link":"https:\/\/uj.adatbank.ro\/lexikon\/termek\/fekete-jozsef-naznanfalvi-schwartz-jakab-1897-ig-fekete-jakab\/","title":{"rendered":"FEKETE J\u00f3zsef, n\u00e1zn\u00e1nfalvi; Schwartz Jakab (1897-ig), Fekete Jakab"},"content":{"rendered":"<p>Mv., 1866. m\u00e1rc. 23., \u2020 Bp., 1940. j\u00fal. 6.: g\u00e9p\u00e9szm\u00e9rn\u00f6k. \u2013 M\u0171egyetemi tanulm\u00e1nyait Bp.-en \u00e9s Z\u00fcrichben v\u00e9gezte, ahol g\u00e9p\u00e9szm\u00e9rn\u00f6ki diplom\u00e1t szerzett (1888), a z\u00fcrichi m\u0171egy.-en tan\u00e1rseg\u00e9d, N\u00e9meto.-ban m\u00e9rn\u00f6k volt (1890\u2013), hazat\u00e9rt (1892\u2013). Megalap\u00edtotta Mv.-en az \u00c1llami Fa- \u00e9s F\u00e9mipari Szakiskol\u00e1t (1894), ennek igazgat\u00f3j\u00e1v\u00e1 nevezt\u00e9k ki (1894\u20131908). Az iskola \u00c9rtes\u00edt\u0151je-t szerk. -tette a kezdetekt\u0151l (1892\u20131908). A MT megyei \u00c1lt. Tan\u00edt\u00f3test\u00fclet p\u00e1rtol\u00f3 tagja. El\u0151ad\u00f3 a Sz\u00e9kelykongresszuson Cs\u00edktusn\u00e1don (1902. aug.). Bp.-en megszervezte a technol\u00f3giai m\u00fazeumot, k\u00f6zrem\u0171k\u00f6d\u00f6tt a sz\u00e9kely iparfejleszt\u00e9si mozgalomban; a Kereskedelmi Min.-ban iparoktat\u00e1si f\u0151igazgat\u00f3, miniszteri tan\u00e1csos, majd helyettes \u00e1llamtitk\u00e1r (1908\u201326); nyugalomba vonult (1832). Nemess\u00e9get kapott a kir\u00e1lyt\u00f3l n\u00e1zn\u00e1nfalvi el\u0151n\u00e9vvel (1913). Schwartz Jakab ill. F. Jakab n\u00e9ven \u00edrt cikkeket: a mv.-i \u00c1llami Fa- \u00e9s F\u00e9mipari Iskola \u00c9rtes\u00edt\u0151je, Politechnikai Szeml\u00e9-ben. <br \/><strong>Irod.:<\/strong> Ajtay L\u00e1szl\u00f3. M\u00e1rv\u00e1nyt\u00e1bl\u00e1k helyett (N\u00fa., 1997. dec. 6.); Czirj\u00e1k; Ga\u00e1l Korn\u00e9lia: Mv.-i \u00e1llami fa \u00e9s f\u00e9mipari szakiskola (1892\u20131992) (N\u00fa., 1992. nov. 14.); Guly\u00e1s; M\u00c9L; Nemes; RNL; A Sz\u00e9kely Kongresszus szervezete, tagjainak n\u00e9vsora, t\u00e1rgyal\u00e1sai \u00e9s hat\u00e1rozatai (Bp., 1902); \u00daM\u00c9L<\/br><\/p>\n","protected":false},"excerpt":{"rendered":"<p>Mv., 1866. m\u00e1rc. 23., \u2020 Bp., 1940. j\u00fal. 6.: g\u00e9p\u00e9szm\u00e9rn\u00f6k. \u2013 M\u0171egyetemi tanulm\u00e1nyait Bp.-en \u00e9s Z\u00fcrichben v\u00e9gezte, ahol g\u00e9p\u00e9szm\u00e9rn\u00f6ki diplom\u00e1t szerzett (1888), a z\u00fcrichi m\u0171egy.-en tan\u00e1rseg\u00e9d, N\u00e9meto.-ban m\u00e9rn\u00f6k volt (1890\u2013), hazat\u00e9rt (1892\u2013). Megalap\u00edtotta Mv.-en az \u00c1llami Fa- \u00e9s F\u00e9mipari Szakiskol\u00e1t (1894), ennek igazgat\u00f3j\u00e1v\u00e1 nevezt\u00e9k ki (1894\u20131908). Az iskola \u00c9rtes\u00edt\u0151je-t szerk. -tette a kezdetekt\u0151l (1892\u20131908). A [&hellip;]<\/p>\n","protected":false},"featured_media":0,"comment_status":"open","ping_status":"closed","template":"","meta":[],"product_brand":[],"product_cat":[137],"product_tag":[],"class_list":{"0":"post-7865","1":"product","2":"type-product","3":"status-publish","5":"product_cat-maros-megyei-eletrajzi-lexikon","7":"first","8":"instock","9":"shipping-taxable","10":"product-type-simple"},"_links":{"self":[{"href":"https:\/\/uj.adatbank.ro\/lexikon\/wp-json\/wp\/v2\/product\/7865","targetHints":{"allow":["GET"]}}],"collection":[{"href":"https:\/\/uj.adatbank.ro\/lexikon\/wp-json\/wp\/v2\/product"}],"about":[{"href":"https:\/\/uj.adatbank.ro\/lexikon\/wp-json\/wp\/v2\/types\/product"}],"replies":[{"embeddable":true,"href":"https:\/\/uj.adatbank.ro\/lexikon\/wp-json\/wp\/v2\/comments?post=7865"}],"wp:attachment":[{"href":"https:\/\/uj.adatbank.ro\/lexikon\/wp-json\/wp\/v2\/media?parent=7865"}],"wp:term":[{"taxonomy":"product_brand","embeddable":true,"href":"https:\/\/uj.adatbank.ro\/lexikon\/wp-json\/wp\/v2\/product_brand?post=7865"},{"taxonomy":"product_cat","embeddable":true,"href":"https:\/\/uj.adatbank.ro\/lexikon\/wp-json\/wp\/v2\/product_cat?post=7865"},{"taxonomy":"product_tag","embeddable":true,"href":"https:\/\/uj.adatbank.ro\/lexikon\/wp-json\/wp\/v2\/product_tag?post=7865"}],"curies":[{"name":"wp","href":"https:\/\/api.w.org\/{rel}","templated":true}]}}

FEKETE József, náznánfalvi; Schwartz Jakab (1897-ig), Fekete Jakab

<p>Mv., 1866. márc. 23., † Bp., 1940. júl. 6.: gépészmérnök. – Műegyetemi tanulmányait Bp.-en és Zürichben végezte, ahol gépészmérnöki diplomát szerzett (1888), a zürichi műegy.-en tanársegéd, Németo.-ban mérnök volt (1890–), hazatért (1892–). Megalapította Mv.-en az Állami Fa- és Fémipari Szakiskolát (1894), ennek igazgatójává nevezték ki (1894–1908). Az iskola Értesítője-t szerk. -tette a kezdetektől (1892–1908). A MT megyei Ált. Tanítótestület pártoló tagja. Előadó a Székelykongresszuson Csíktusnádon (1902. aug.). Bp.-en megszervezte a technológiai múzeumot, közreműködött a székely iparfejlesztési mozgalomban; a Kereskedelmi Min.-ban iparoktatási főigazgató, miniszteri tanácsos, majd helyettes államtitkár (1908–26); nyugalomba vonult (1832). Nemességet kapott a királytól náznánfalvi előnévvel (1913). Schwartz Jakab ill. F. Jakab néven írt cikkeket: a mv.-i Állami Fa- és Fémipari Iskola Értesítője, Politechnikai Szemlé-ben. <br /><strong>Irod.:</strong> Ajtay László. Márványtáblák helyett (Nú., 1997. dec. 6.); Czirják; Gaál Kornélia: Mv.-i állami fa és fémipari szakiskola (1892–1992) (Nú., 1992. nov. 14.); Gulyás; MÉL; Nemes; RNL; A Székely Kongresszus szervezete, tagjainak névsora, tárgyalásai és határozatai (Bp., 1902); ÚMÉL</br></p>

<p>Mv., 1866. márc. 23., † Bp., 1940. júl. 6.: gépészmérnök. – Műegyetemi tanulmányait Bp.-en és Zürichben végezte, ahol gépészmérnöki diplomát szerzett (1888), a zürichi műegy.-en tanársegéd, Németo.-ban mérnök volt (1890–), hazatért (1892–). Megalapította Mv.-en az Állami Fa- és Fémipari Szakiskolát (1894), ennek igazgatójává nevezték ki (1894–1908). Az iskola Értesítője-t szerk. -tette a kezdetektől (1892–1908). A [&hellip;]</p>
