{"id":7866,"date":"2025-06-29T10:06:28","date_gmt":"2025-06-29T08:06:28","guid":{"rendered":"https:\/\/uj.adatbank.ro\/lexikon\/termek\/fekete-kalman\/"},"modified":"2025-06-29T10:06:28","modified_gmt":"2025-06-29T08:06:28","slug":"fekete-kalman","status":"publish","type":"product","link":"https:\/\/uj.adatbank.ro\/lexikon\/termek\/fekete-kalman\/","title":{"rendered":"FEKETE K\u00e1lm\u00e1n"},"content":{"rendered":"<p>B\u00f6g\u00f6z, 1914, \u2020 ? : \u00e9nekes. \u2013 B\u00f6g\u00f6zi falusi emberek tizenkettedik gyermeke. F\u00f6ldm\u0171ves volt majd \u00e1cs lett. Negyven\u00e9ves kor\u00e1ban \u00fajs\u00e1ghirdet\u00e9sb\u0151l \u00e9rtes\u00fclt a Sz\u00e9kely N\u00e9pi Egy\u00fcttes megalakul\u00e1s\u00e1r\u00f3l. Titokban felv\u00e9telizett \u00e9s a mv.-i N\u00e9pi Egy\u00fcttes tagja lett. <br \/><strong>Irod.:<\/strong> (V. Z., 1957. febr. 9.)<\/br><\/p>\n","protected":false},"excerpt":{"rendered":"<p>B\u00f6g\u00f6z, 1914, \u2020 ? : \u00e9nekes. \u2013 B\u00f6g\u00f6zi falusi emberek tizenkettedik gyermeke. F\u00f6ldm\u0171ves volt majd \u00e1cs lett. Negyven\u00e9ves kor\u00e1ban \u00fajs\u00e1ghirdet\u00e9sb\u0151l \u00e9rtes\u00fclt a Sz\u00e9kely N\u00e9pi Egy\u00fcttes megalakul\u00e1s\u00e1r\u00f3l. Titokban felv\u00e9telizett \u00e9s a mv.-i N\u00e9pi Egy\u00fcttes tagja lett. Irod.: (V. Z., 1957. febr. 9.)<\/p>\n","protected":false},"featured_media":0,"comment_status":"open","ping_status":"closed","template":"","meta":[],"product_brand":[],"product_cat":[137],"product_tag":[],"class_list":{"0":"post-7866","1":"product","2":"type-product","3":"status-publish","5":"product_cat-maros-megyei-eletrajzi-lexikon","7":"first","8":"instock","9":"shipping-taxable","10":"product-type-simple"},"_links":{"self":[{"href":"https:\/\/uj.adatbank.ro\/lexikon\/wp-json\/wp\/v2\/product\/7866","targetHints":{"allow":["GET"]}}],"collection":[{"href":"https:\/\/uj.adatbank.ro\/lexikon\/wp-json\/wp\/v2\/product"}],"about":[{"href":"https:\/\/uj.adatbank.ro\/lexikon\/wp-json\/wp\/v2\/types\/product"}],"replies":[{"embeddable":true,"href":"https:\/\/uj.adatbank.ro\/lexikon\/wp-json\/wp\/v2\/comments?post=7866"}],"wp:attachment":[{"href":"https:\/\/uj.adatbank.ro\/lexikon\/wp-json\/wp\/v2\/media?parent=7866"}],"wp:term":[{"taxonomy":"product_brand","embeddable":true,"href":"https:\/\/uj.adatbank.ro\/lexikon\/wp-json\/wp\/v2\/product_brand?post=7866"},{"taxonomy":"product_cat","embeddable":true,"href":"https:\/\/uj.adatbank.ro\/lexikon\/wp-json\/wp\/v2\/product_cat?post=7866"},{"taxonomy":"product_tag","embeddable":true,"href":"https:\/\/uj.adatbank.ro\/lexikon\/wp-json\/wp\/v2\/product_tag?post=7866"}],"curies":[{"name":"wp","href":"https:\/\/api.w.org\/{rel}","templated":true}]}}

FEKETE Kálmán

<p>Bögöz, 1914, † ? : énekes. – Bögözi falusi emberek tizenkettedik gyermeke. Földműves volt majd ács lett. Negyvenéves korában újsághirdetésből értesült a Székely Népi Együttes megalakulásáról. Titokban felvételizett és a mv.-i Népi Együttes tagja lett. <br /><strong>Irod.:</strong> (V. Z., 1957. febr. 9.)</br></p>

<p>Bögöz, 1914, † ? : énekes. – Bögözi falusi emberek tizenkettedik gyermeke. Földműves volt majd ács lett. Negyvenéves korában újsághirdetésből értesült a Székely Népi Együttes megalakulásáról. Titokban felvételizett és a mv.-i Népi Együttes tagja lett. Irod.: (V. Z., 1957. febr. 9.)</p>
