{"id":7868,"date":"2025-06-29T10:06:34","date_gmt":"2025-06-29T08:06:34","guid":{"rendered":"https:\/\/uj.adatbank.ro\/lexikon\/termek\/fekete-karoly-2\/"},"modified":"2025-06-29T10:06:34","modified_gmt":"2025-06-29T08:06:34","slug":"fekete-karoly-2","status":"publish","type":"product","link":"https:\/\/uj.adatbank.ro\/lexikon\/termek\/fekete-karoly-2\/","title":{"rendered":"FEKETE K\u00e1roly"},"content":{"rendered":"<p>Berekereszt\u00far, 1912., \u2020\u00a0? : tan\u00edt\u00f3. \u2013 Tanulm\u00e1nyait sz\u00fcl\u0151faluj\u00e1ban kezdte, a k\u00f6z\u00e9piskol\u00e1t Petrozs\u00e9nyban, H\u00e1tszegen, a tan\u00edt\u00f3k\u00e9pz\u0151t Nagyenyeden v\u00e9gezte. Berekereszt\u00faron indult tan\u00edt\u00f3i p\u00e1ly\u00e1ja (1935\u2013), ahol a dal\u00e1rda vezet\u0151je \u00e9s karnagya, a Vas\u00e1rnapi Iskola \u00e9s a vall\u00e1sos egyes\u00fcletek vezet\u00e9s\u00e9ben vett r\u00e9szt. Bed\u00e9ben tan\u00edtott (1941\u2013). <br \/><strong>Irod.:<\/strong> Omagiu; Ref. egyetemes n\u00e9vt\u00e1r; Sz\u00e9kelyf\u00f6ld \u00ed. k<\/br><\/p>\n","protected":false},"excerpt":{"rendered":"<p>Berekereszt\u00far, 1912., \u2020\u00a0? : tan\u00edt\u00f3. \u2013 Tanulm\u00e1nyait sz\u00fcl\u0151faluj\u00e1ban kezdte, a k\u00f6z\u00e9piskol\u00e1t Petrozs\u00e9nyban, H\u00e1tszegen, a tan\u00edt\u00f3k\u00e9pz\u0151t Nagyenyeden v\u00e9gezte. Berekereszt\u00faron indult tan\u00edt\u00f3i p\u00e1ly\u00e1ja (1935\u2013), ahol a dal\u00e1rda vezet\u0151je \u00e9s karnagya, a Vas\u00e1rnapi Iskola \u00e9s a vall\u00e1sos egyes\u00fcletek vezet\u00e9s\u00e9ben vett r\u00e9szt. Bed\u00e9ben tan\u00edtott (1941\u2013). Irod.: Omagiu; Ref. egyetemes n\u00e9vt\u00e1r; Sz\u00e9kelyf\u00f6ld \u00ed. k<\/p>\n","protected":false},"featured_media":0,"comment_status":"open","ping_status":"closed","template":"","meta":[],"product_brand":[],"product_cat":[137],"product_tag":[],"class_list":{"0":"post-7868","1":"product","2":"type-product","3":"status-publish","5":"product_cat-maros-megyei-eletrajzi-lexikon","7":"first","8":"instock","9":"shipping-taxable","10":"product-type-simple"},"_links":{"self":[{"href":"https:\/\/uj.adatbank.ro\/lexikon\/wp-json\/wp\/v2\/product\/7868","targetHints":{"allow":["GET"]}}],"collection":[{"href":"https:\/\/uj.adatbank.ro\/lexikon\/wp-json\/wp\/v2\/product"}],"about":[{"href":"https:\/\/uj.adatbank.ro\/lexikon\/wp-json\/wp\/v2\/types\/product"}],"replies":[{"embeddable":true,"href":"https:\/\/uj.adatbank.ro\/lexikon\/wp-json\/wp\/v2\/comments?post=7868"}],"wp:attachment":[{"href":"https:\/\/uj.adatbank.ro\/lexikon\/wp-json\/wp\/v2\/media?parent=7868"}],"wp:term":[{"taxonomy":"product_brand","embeddable":true,"href":"https:\/\/uj.adatbank.ro\/lexikon\/wp-json\/wp\/v2\/product_brand?post=7868"},{"taxonomy":"product_cat","embeddable":true,"href":"https:\/\/uj.adatbank.ro\/lexikon\/wp-json\/wp\/v2\/product_cat?post=7868"},{"taxonomy":"product_tag","embeddable":true,"href":"https:\/\/uj.adatbank.ro\/lexikon\/wp-json\/wp\/v2\/product_tag?post=7868"}],"curies":[{"name":"wp","href":"https:\/\/api.w.org\/{rel}","templated":true}]}}

FEKETE Károly

<p>Berekeresztúr, 1912., † ? : tanító. – Tanulmányait szülőfalujában kezdte, a középiskolát Petrozsényban, Hátszegen, a tanítóképzőt Nagyenyeden végezte. Berekeresztúron indult tanítói pályája (1935–), ahol a dalárda vezetője és karnagya, a Vasárnapi Iskola és a vallásos egyesületek vezetésében vett részt. Bedében tanított (1941–). <br /><strong>Irod.:</strong> Omagiu; Ref. egyetemes névtár; Székelyföld í. k</br></p>

<p>Berekeresztúr, 1912., † ? : tanító. – Tanulmányait szülőfalujában kezdte, a középiskolát Petrozsényban, Hátszegen, a tanítóképzőt Nagyenyeden végezte. Berekeresztúron indult tanítói pályája (1935–), ahol a dalárda vezetője és karnagya, a Vasárnapi Iskola és a vallásos egyesületek vezetésében vett részt. Bedében tanított (1941–). Irod.: Omagiu; Ref. egyetemes névtár; Székelyföld í. k</p>
