{"id":7873,"date":"2025-06-29T10:06:43","date_gmt":"2025-06-29T08:06:43","guid":{"rendered":"https:\/\/uj.adatbank.ro\/lexikon\/termek\/fekete-klara-fricsi-bethleni-bethlen-janosne\/"},"modified":"2025-06-29T10:06:43","modified_gmt":"2025-06-29T08:06:43","slug":"fekete-klara-fricsi-bethleni-bethlen-janosne","status":"publish","type":"product","link":"https:\/\/uj.adatbank.ro\/lexikon\/termek\/fekete-klara-fricsi-bethleni-bethlen-janosne\/","title":{"rendered":"FEKETE Kl\u00e1ra, fricsi, bethleni Bethlen J\u00e1nosn\u00e9"},"content":{"rendered":"<p>? \u2020 1686.: birtokos. \u2013 Fricsi F. L\u0151rinc (1600 el\u0151tt\u20131662) \u00e9s somogyomi Thordai Erzs\u00e9bet le\u00e1nya. F\u00e9rje: 1. Pekry Ferenc, K\u00fck\u00fcll\u0151 vm.-i f\u0151isp\u00e1n; 2. Bethlen J\u00e1nos, bethleni gr. (1613\u20131678), kancell\u00e1r m\u00e1sodik feles\u00e9ge. Gyermekeik: bethleni Bethlen Zs\u00f3fia (1654\u20131668); gr. bethleni Bethlen S\u00e1muel (1663\u20131708), K\u00fck\u00fcll\u0151 vm. f\u0151isp\u00e1nja. \u2013 F\u00e9rje hal\u00e1la ut\u00e1n fi\u00e1val, Bethlen S\u00e1muelel, meg\u00f6r\u00f6k\u00f6lte a nagyteremi udvarh\u00e1zat \u00e9s a hozz\u00e1 tartoz\u00f3 birtokokat. Kend\u0151t, takar\u00f3kat, \u00f3nkann\u00e1t \u00f6zvegyen adom\u00e1nyozta a ref. gy\u00fclekezetnek. Az \u00f3zdi ref. gy\u00fclekezetnek harangot \u00f6ntetett (1678). I. Apafi Mih\u00e1ly fejedelem Als\u00f3idecsr\u0151l k\u00fcldte azt a felsz\u00f3l\u00edt\u00f3 level\u00e9t (1679. m\u00e1rc. 24.), amelyben azzal v\u00e1dolta, hogy a B\u00e9ldi P\u00e1l-f\u00e9le \u00f6sszeesk\u00fcv\u00e9sben r\u00e9szt vett f\u00e9rj\u00e9t nem jelentette fel \u00e9s megparancsolta, hogy vegyen r\u00e9szt a k\u00f6vetkez\u0151 ogy.-en. Nagyteremi ref. templom\u00e1nak r\u00e9szben aranyozott ez\u00fcst serleget (N\u00fcrnberg, 17. sz. els\u0151 fele), a hozz\u00e1 tartoz\u00f3 t\u00e1ny\u00e9rt, keresztel\u0151 \u00e9s boros\u00f3nkann\u00e1t, kend\u0151t, sz\u00f6nyeget, \u00e9nekl\u0151sz\u00e9k- \u00e9s sz\u00f3sz\u00e9ktakar\u00f3kat aj\u00e1nd\u00e9kozott. <br \/><strong>Irod.:<\/strong> K\u00fck\u00fcll\u0151i Ref. Egyh\u00e1zm. 4.; Maros megye<\/br><\/p>\n","protected":false},"excerpt":{"rendered":"<p>? \u2020 1686.: birtokos. \u2013 Fricsi F. L\u0151rinc (1600 el\u0151tt\u20131662) \u00e9s somogyomi Thordai Erzs\u00e9bet le\u00e1nya. F\u00e9rje: 1. Pekry Ferenc, K\u00fck\u00fcll\u0151 vm.-i f\u0151isp\u00e1n; 2. Bethlen J\u00e1nos, bethleni gr. (1613\u20131678), kancell\u00e1r m\u00e1sodik feles\u00e9ge. Gyermekeik: bethleni Bethlen Zs\u00f3fia (1654\u20131668); gr. bethleni Bethlen S\u00e1muel (1663\u20131708), K\u00fck\u00fcll\u0151 vm. f\u0151isp\u00e1nja. \u2013 F\u00e9rje hal\u00e1la ut\u00e1n fi\u00e1val, Bethlen S\u00e1muelel, meg\u00f6r\u00f6k\u00f6lte a nagyteremi udvarh\u00e1zat [&hellip;]<\/p>\n","protected":false},"featured_media":0,"comment_status":"open","ping_status":"closed","template":"","meta":[],"product_brand":[],"product_cat":[137],"product_tag":[],"class_list":{"0":"post-7873","1":"product","2":"type-product","3":"status-publish","5":"product_cat-maros-megyei-eletrajzi-lexikon","7":"first","8":"instock","9":"shipping-taxable","10":"product-type-simple"},"_links":{"self":[{"href":"https:\/\/uj.adatbank.ro\/lexikon\/wp-json\/wp\/v2\/product\/7873","targetHints":{"allow":["GET"]}}],"collection":[{"href":"https:\/\/uj.adatbank.ro\/lexikon\/wp-json\/wp\/v2\/product"}],"about":[{"href":"https:\/\/uj.adatbank.ro\/lexikon\/wp-json\/wp\/v2\/types\/product"}],"replies":[{"embeddable":true,"href":"https:\/\/uj.adatbank.ro\/lexikon\/wp-json\/wp\/v2\/comments?post=7873"}],"wp:attachment":[{"href":"https:\/\/uj.adatbank.ro\/lexikon\/wp-json\/wp\/v2\/media?parent=7873"}],"wp:term":[{"taxonomy":"product_brand","embeddable":true,"href":"https:\/\/uj.adatbank.ro\/lexikon\/wp-json\/wp\/v2\/product_brand?post=7873"},{"taxonomy":"product_cat","embeddable":true,"href":"https:\/\/uj.adatbank.ro\/lexikon\/wp-json\/wp\/v2\/product_cat?post=7873"},{"taxonomy":"product_tag","embeddable":true,"href":"https:\/\/uj.adatbank.ro\/lexikon\/wp-json\/wp\/v2\/product_tag?post=7873"}],"curies":[{"name":"wp","href":"https:\/\/api.w.org\/{rel}","templated":true}]}}

FEKETE Klára, fricsi, bethleni Bethlen Jánosné

<p>? † 1686.: birtokos. – Fricsi F. Lőrinc (1600 előtt–1662) és somogyomi Thordai Erzsébet leánya. Férje: 1. Pekry Ferenc, Küküllő vm.-i főispán; 2. Bethlen János, bethleni gr. (1613–1678), kancellár második felesége. Gyermekeik: bethleni Bethlen Zsófia (1654–1668); gr. bethleni Bethlen Sámuel (1663–1708), Küküllő vm. főispánja. – Férje halála után fiával, Bethlen Sámuelel, megörökölte a nagyteremi udvarházat és a hozzá tartozó birtokokat. Kendőt, takarókat, ónkannát özvegyen adományozta a ref. gyülekezetnek. Az ózdi ref. gyülekezetnek harangot öntetett (1678). I. Apafi Mihály fejedelem Alsóidecsről küldte azt a felszólító levelét (1679. márc. 24.), amelyben azzal vádolta, hogy a Béldi Pál-féle összeesküvésben részt vett férjét nem jelentette fel és megparancsolta, hogy vegyen részt a következő ogy.-en. Nagyteremi ref. templomának részben aranyozott ezüst serleget (Nürnberg, 17. sz. első fele), a hozzá tartozó tányért, keresztelő és borosónkannát, kendőt, szönyeget, éneklőszék- és szószéktakarókat ajándékozott. <br /><strong>Irod.:</strong> Küküllői Ref. Egyházm. 4.; Maros megye</br></p>

<p>? † 1686.: birtokos. – Fricsi F. Lőrinc (1600 előtt–1662) és somogyomi Thordai Erzsébet leánya. Férje: 1. Pekry Ferenc, Küküllő vm.-i főispán; 2. Bethlen János, bethleni gr. (1613–1678), kancellár második felesége. Gyermekeik: bethleni Bethlen Zsófia (1654–1668); gr. bethleni Bethlen Sámuel (1663–1708), Küküllő vm. főispánja. – Férje halála után fiával, Bethlen Sámuelel, megörökölte a nagyteremi udvarházat [&hellip;]</p>
