{"id":7874,"date":"2025-06-29T10:06:46","date_gmt":"2025-06-29T08:06:46","guid":{"rendered":"https:\/\/uj.adatbank.ro\/lexikon\/termek\/fekete-lajos\/"},"modified":"2025-06-29T10:06:46","modified_gmt":"2025-06-29T08:06:46","slug":"fekete-lajos","status":"publish","type":"product","link":"https:\/\/uj.adatbank.ro\/lexikon\/termek\/fekete-lajos\/","title":{"rendered":"FEKETE Lajos"},"content":{"rendered":"<p>Ny\u00e1r\u00e1dt\u0151, 1895., \u2020\u00a0Ny\u00e1r\u00e1dt\u0151, 1927. szept. 21.: birtokos. \u2013 Feles\u00e9ge: F\u00e1bi\u00e1n R\u00f3za. Gyermekeik: Emma Szl\u00e1ma Emiln\u00e9; Lajos, feles\u00e9ge Ny\u00e1r\u00e1di Erzs\u00e9bet; Irma Kov\u00e1cs Albertn\u00e9; Anna Szente Lajosn\u00e9; R\u00f3zsika Dressn\u00e1ndt Ferdin\u00e1ndn\u00e9. \u2013 L\u0151rincfalvai szabad sz\u00e9kely csal\u00e1d lesz\u00e1rmazottja. Tanulm\u00e1nyait sz\u00fcl\u0151faluj\u00e1ban \u00e9s a mv.-i Ref. Koll.-ban v\u00e9gezte, majd \u00f6n\u00e1ll\u00f3an gazd\u00e1lkodott Ny\u00e1r\u00e1dt\u0151n (1927\u2013), ahol a k\u00f6zs\u00e9g m\u00e1sodb\u00edr\u00e1ja, a MP tagja, a kultur\u00e1lis mozgalmak lelkes t\u00e1mogat\u00f3ja volt. Az els\u0151 vh.-ban szerb, alb\u00e1n, montenegr\u00f3i, olasz \u00e9s orosz fronton harcolt, fogs\u00e1gba ker\u00fclt, kit\u00fcntet\u00e9ssel szerelt le (1919), a II. o. ez\u00fcst, a bronz v. \u00e9. a K\u00e1roly Csapatkereszt \u00e9s a vaskereszt tulajdonosa, a ny\u00e1r\u00e1dt\u0151i ref. Egyh\u00e1zk\u00f6zs\u00e9g gondnoka (40 \u00e9vig). <br \/><strong>Irod.:<\/strong> Gy\u00e1szjelent\u0151; Sz\u00e9kelyf\u00f6ld \u00ed. k<\/br><\/p>\n","protected":false},"excerpt":{"rendered":"<p>Ny\u00e1r\u00e1dt\u0151, 1895., \u2020\u00a0Ny\u00e1r\u00e1dt\u0151, 1927. szept. 21.: birtokos. \u2013 Feles\u00e9ge: F\u00e1bi\u00e1n R\u00f3za. Gyermekeik: Emma Szl\u00e1ma Emiln\u00e9; Lajos, feles\u00e9ge Ny\u00e1r\u00e1di Erzs\u00e9bet; Irma Kov\u00e1cs Albertn\u00e9; Anna Szente Lajosn\u00e9; R\u00f3zsika Dressn\u00e1ndt Ferdin\u00e1ndn\u00e9. \u2013 L\u0151rincfalvai szabad sz\u00e9kely csal\u00e1d lesz\u00e1rmazottja. Tanulm\u00e1nyait sz\u00fcl\u0151faluj\u00e1ban \u00e9s a mv.-i Ref. Koll.-ban v\u00e9gezte, majd \u00f6n\u00e1ll\u00f3an gazd\u00e1lkodott Ny\u00e1r\u00e1dt\u0151n (1927\u2013), ahol a k\u00f6zs\u00e9g m\u00e1sodb\u00edr\u00e1ja, a MP tagja, a [&hellip;]<\/p>\n","protected":false},"featured_media":0,"comment_status":"open","ping_status":"closed","template":"","meta":[],"product_brand":[],"product_cat":[137],"product_tag":[],"class_list":{"0":"post-7874","1":"product","2":"type-product","3":"status-publish","5":"product_cat-maros-megyei-eletrajzi-lexikon","7":"first","8":"instock","9":"shipping-taxable","10":"product-type-simple"},"_links":{"self":[{"href":"https:\/\/uj.adatbank.ro\/lexikon\/wp-json\/wp\/v2\/product\/7874","targetHints":{"allow":["GET"]}}],"collection":[{"href":"https:\/\/uj.adatbank.ro\/lexikon\/wp-json\/wp\/v2\/product"}],"about":[{"href":"https:\/\/uj.adatbank.ro\/lexikon\/wp-json\/wp\/v2\/types\/product"}],"replies":[{"embeddable":true,"href":"https:\/\/uj.adatbank.ro\/lexikon\/wp-json\/wp\/v2\/comments?post=7874"}],"wp:attachment":[{"href":"https:\/\/uj.adatbank.ro\/lexikon\/wp-json\/wp\/v2\/media?parent=7874"}],"wp:term":[{"taxonomy":"product_brand","embeddable":true,"href":"https:\/\/uj.adatbank.ro\/lexikon\/wp-json\/wp\/v2\/product_brand?post=7874"},{"taxonomy":"product_cat","embeddable":true,"href":"https:\/\/uj.adatbank.ro\/lexikon\/wp-json\/wp\/v2\/product_cat?post=7874"},{"taxonomy":"product_tag","embeddable":true,"href":"https:\/\/uj.adatbank.ro\/lexikon\/wp-json\/wp\/v2\/product_tag?post=7874"}],"curies":[{"name":"wp","href":"https:\/\/api.w.org\/{rel}","templated":true}]}}

<p>Nyárádtő, 1895., † Nyárádtő, 1927. szept. 21.: birtokos. – Felesége: Fábián Róza. Gyermekeik: Emma Szláma Emilné; Lajos, felesége Nyárádi Erzsébet; Irma Kovács Albertné; Anna Szente Lajosné; Rózsika Dressnándt Ferdinándné. – Lőrincfalvai szabad székely család leszármazottja. Tanulmányait szülőfalujában és a mv.-i Ref. Koll.-ban végezte, majd önállóan gazdálkodott Nyárádtőn (1927–), ahol a község másodbírája, a MP tagja, a kulturális mozgalmak lelkes támogatója volt. Az első vh.-ban szerb, albán, montenegrói, olasz és orosz fronton harcolt, fogságba került, kitüntetéssel szerelt le (1919), a II. o. ezüst, a bronz v. é. a Károly Csapatkereszt és a vaskereszt tulajdonosa, a nyárádtői ref. Egyházközség gondnoka (40 évig). <br /><strong>Irod.:</strong> Gyászjelentő; Székelyföld í. k</br></p>

<p>Nyárádtő, 1895., † Nyárádtő, 1927. szept. 21.: birtokos. – Felesége: Fábián Róza. Gyermekeik: Emma Szláma Emilné; Lajos, felesége Nyárádi Erzsébet; Irma Kovács Albertné; Anna Szente Lajosné; Rózsika Dressnándt Ferdinándné. – Lőrincfalvai szabad székely család leszármazottja. Tanulmányait szülőfalujában és a mv.-i Ref. Koll.-ban végezte, majd önállóan gazdálkodott Nyárádtőn (1927–), ahol a község másodbírája, a MP tagja, a [&hellip;]</p>
