{"id":7878,"date":"2025-06-29T10:06:51","date_gmt":"2025-06-29T08:06:51","guid":{"rendered":"https:\/\/uj.adatbank.ro\/lexikon\/termek\/fekete-laszlo-2\/"},"modified":"2025-06-29T10:06:51","modified_gmt":"2025-06-29T08:06:51","slug":"fekete-laszlo-2","status":"publish","type":"product","link":"https:\/\/uj.adatbank.ro\/lexikon\/termek\/fekete-laszlo-2\/","title":{"rendered":"FEKETE L\u00e1szl\u00f3"},"content":{"rendered":"<p>? \u2020\u00a0?: igazgat\u00f3. \u2013 \u00c9letrajzi adatait nem ismerj\u00fck. A mv.-i Hanzel P\u00e9ks\u00e9g \u00e1llamos\u00edt\u00e1sakor kinevezett igazgat\u00f3ja. A p\u00e9ks\u00e9g hat alkalmazottal m\u0171k\u0151d\u00f6tt, \u00e9s Hanzel Imre tulajdona volt. Az \u00e1llamos\u00edt\u00e1s ut\u00e1n az \u00faj igazgat\u00f3 b\u0151v\u00edtette a megl\u00e9v\u0151 \u00e1llom\u00e1nyt, majd egyes\u00edtett\u00e9k a November 7 P\u00e9ks\u00e9ggel, a szem\u00e9lyzet sz\u00e1ma is 37-re n\u0151tt, aligazgat\u00f3 L\u00e1z\u00e1r Maximili\u00e1n lett. A p\u00e9ks\u00e9g a v\u00e1ros tulajdon\u00e1ba ment \u00e1t (1950. jan. 1. \u2013), k\u00e9s\u0151bb beolvasztott\u00e1k a L\u00e1z\u00e1r \u00d6d\u00f6n Vegyes V\u00e1llalat-ba (1950. j\u00fal. 26.). <br \/><strong>Irod.:<\/strong> Bartos Zolt\u00e1n<\/br><\/p>\n","protected":false},"excerpt":{"rendered":"<p>? \u2020\u00a0?: igazgat\u00f3. \u2013 \u00c9letrajzi adatait nem ismerj\u00fck. A mv.-i Hanzel P\u00e9ks\u00e9g \u00e1llamos\u00edt\u00e1sakor kinevezett igazgat\u00f3ja. A p\u00e9ks\u00e9g hat alkalmazottal m\u0171k\u0151d\u00f6tt, \u00e9s Hanzel Imre tulajdona volt. Az \u00e1llamos\u00edt\u00e1s ut\u00e1n az \u00faj igazgat\u00f3 b\u0151v\u00edtette a megl\u00e9v\u0151 \u00e1llom\u00e1nyt, majd egyes\u00edtett\u00e9k a November 7 P\u00e9ks\u00e9ggel, a szem\u00e9lyzet sz\u00e1ma is 37-re n\u0151tt, aligazgat\u00f3 L\u00e1z\u00e1r Maximili\u00e1n lett. A p\u00e9ks\u00e9g a v\u00e1ros [&hellip;]<\/p>\n","protected":false},"featured_media":0,"comment_status":"open","ping_status":"closed","template":"","meta":[],"product_brand":[],"product_cat":[137],"product_tag":[],"class_list":{"0":"post-7878","1":"product","2":"type-product","3":"status-publish","5":"product_cat-maros-megyei-eletrajzi-lexikon","7":"first","8":"instock","9":"shipping-taxable","10":"product-type-simple"},"_links":{"self":[{"href":"https:\/\/uj.adatbank.ro\/lexikon\/wp-json\/wp\/v2\/product\/7878","targetHints":{"allow":["GET"]}}],"collection":[{"href":"https:\/\/uj.adatbank.ro\/lexikon\/wp-json\/wp\/v2\/product"}],"about":[{"href":"https:\/\/uj.adatbank.ro\/lexikon\/wp-json\/wp\/v2\/types\/product"}],"replies":[{"embeddable":true,"href":"https:\/\/uj.adatbank.ro\/lexikon\/wp-json\/wp\/v2\/comments?post=7878"}],"wp:attachment":[{"href":"https:\/\/uj.adatbank.ro\/lexikon\/wp-json\/wp\/v2\/media?parent=7878"}],"wp:term":[{"taxonomy":"product_brand","embeddable":true,"href":"https:\/\/uj.adatbank.ro\/lexikon\/wp-json\/wp\/v2\/product_brand?post=7878"},{"taxonomy":"product_cat","embeddable":true,"href":"https:\/\/uj.adatbank.ro\/lexikon\/wp-json\/wp\/v2\/product_cat?post=7878"},{"taxonomy":"product_tag","embeddable":true,"href":"https:\/\/uj.adatbank.ro\/lexikon\/wp-json\/wp\/v2\/product_tag?post=7878"}],"curies":[{"name":"wp","href":"https:\/\/api.w.org\/{rel}","templated":true}]}}

FEKETE László

<p>? † ?: igazgató. – Életrajzi adatait nem ismerjük. A mv.-i Hanzel Pékség államosításakor kinevezett igazgatója. A pékség hat alkalmazottal műkődött, és Hanzel Imre tulajdona volt. Az államosítás után az új igazgató bővítette a meglévő állományt, majd egyesítették a November 7 Pékséggel, a személyzet száma is 37-re nőtt, aligazgató Lázár Maximilián lett. A pékség a város tulajdonába ment át (1950. jan. 1. –), később beolvasztották a Lázár Ödön Vegyes Vállalat-ba (1950. júl. 26.). <br /><strong>Irod.:</strong> Bartos Zoltán</br></p>

<p>? † ?: igazgató. – Életrajzi adatait nem ismerjük. A mv.-i Hanzel Pékség államosításakor kinevezett igazgatója. A pékség hat alkalmazottal műkődött, és Hanzel Imre tulajdona volt. Az államosítás után az új igazgató bővítette a meglévő állományt, majd egyesítették a November 7 Pékséggel, a személyzet száma is 37-re nőtt, aligazgató Lázár Maximilián lett. A pékség a város [&hellip;]</p>
