{"id":7879,"date":"2025-06-29T10:06:53","date_gmt":"2025-06-29T08:06:53","guid":{"rendered":"https:\/\/uj.adatbank.ro\/lexikon\/termek\/fekete-mano\/"},"modified":"2025-06-29T10:06:53","modified_gmt":"2025-06-29T08:06:53","slug":"fekete-mano","status":"publish","type":"product","link":"https:\/\/uj.adatbank.ro\/lexikon\/termek\/fekete-mano\/","title":{"rendered":"FEKETE Man\u00f3"},"content":{"rendered":"<p>Sz\u0151kefalva, 1878., \u2020\u00a0?: t\u00e9glagy\u00e1r tulajdonos \u00e9s igazgat\u00f3. \u2013 K\u00f6z\u00e9piskol\u00e1it Fogarason v\u00e9gezte, kereskedelmi \u00e9retts\u00e9git tett. Bevonult a 22. h. gyalogezredhez, hadi\u00e9rdekb\u0151l felmentett\u00e9k k\u00e9thavi szolg\u00e1lat ut\u00e1n. A mv.-i Agr\u00e1r \u00e9s Takar\u00e9kp\u00e9nzt\u00e1rnak volt a tisztvisel\u0151je, igazgat\u00f3ja (1924. k.). \u00c1rver\u00e9sen vette meg a marosszentgy\u00f6rgyi t\u00e9glagy\u00e1rat (1928), melynek igazgat\u00f3ja volt. Sz\u00e1mos ipari \u00e9s gazdas\u00e1gi egyes\u00fclet vezet\u00e9s\u00e9ben vett r\u00e9szt, \u00fczeme 150\u2013160 munk\u00e1st foglalkoztatott. <br \/><strong>Irod.:<\/strong> Id\u0151t\u00e1r 3; M. hadviselt zsid\u00f3k; Pan\u0103; Sz\u00e9kelyf\u00f6ld \u00ed. k<\/br><\/p>\n","protected":false},"excerpt":{"rendered":"<p>Sz\u0151kefalva, 1878., \u2020\u00a0?: t\u00e9glagy\u00e1r tulajdonos \u00e9s igazgat\u00f3. \u2013 K\u00f6z\u00e9piskol\u00e1it Fogarason v\u00e9gezte, kereskedelmi \u00e9retts\u00e9git tett. Bevonult a 22. h. gyalogezredhez, hadi\u00e9rdekb\u0151l felmentett\u00e9k k\u00e9thavi szolg\u00e1lat ut\u00e1n. A mv.-i Agr\u00e1r \u00e9s Takar\u00e9kp\u00e9nzt\u00e1rnak volt a tisztvisel\u0151je, igazgat\u00f3ja (1924. k.). \u00c1rver\u00e9sen vette meg a marosszentgy\u00f6rgyi t\u00e9glagy\u00e1rat (1928), melynek igazgat\u00f3ja volt. Sz\u00e1mos ipari \u00e9s gazdas\u00e1gi egyes\u00fclet vezet\u00e9s\u00e9ben vett r\u00e9szt, \u00fczeme 150\u2013160 [&hellip;]<\/p>\n","protected":false},"featured_media":0,"comment_status":"open","ping_status":"closed","template":"","meta":[],"product_brand":[],"product_cat":[137],"product_tag":[],"class_list":{"0":"post-7879","1":"product","2":"type-product","3":"status-publish","5":"product_cat-maros-megyei-eletrajzi-lexikon","7":"first","8":"instock","9":"shipping-taxable","10":"product-type-simple"},"_links":{"self":[{"href":"https:\/\/uj.adatbank.ro\/lexikon\/wp-json\/wp\/v2\/product\/7879","targetHints":{"allow":["GET"]}}],"collection":[{"href":"https:\/\/uj.adatbank.ro\/lexikon\/wp-json\/wp\/v2\/product"}],"about":[{"href":"https:\/\/uj.adatbank.ro\/lexikon\/wp-json\/wp\/v2\/types\/product"}],"replies":[{"embeddable":true,"href":"https:\/\/uj.adatbank.ro\/lexikon\/wp-json\/wp\/v2\/comments?post=7879"}],"wp:attachment":[{"href":"https:\/\/uj.adatbank.ro\/lexikon\/wp-json\/wp\/v2\/media?parent=7879"}],"wp:term":[{"taxonomy":"product_brand","embeddable":true,"href":"https:\/\/uj.adatbank.ro\/lexikon\/wp-json\/wp\/v2\/product_brand?post=7879"},{"taxonomy":"product_cat","embeddable":true,"href":"https:\/\/uj.adatbank.ro\/lexikon\/wp-json\/wp\/v2\/product_cat?post=7879"},{"taxonomy":"product_tag","embeddable":true,"href":"https:\/\/uj.adatbank.ro\/lexikon\/wp-json\/wp\/v2\/product_tag?post=7879"}],"curies":[{"name":"wp","href":"https:\/\/api.w.org\/{rel}","templated":true}]}}

FEKETE Manó

<p>Szőkefalva, 1878., † ?: téglagyár tulajdonos és igazgató. – Középiskoláit Fogarason végezte, kereskedelmi érettségit tett. Bevonult a 22. h. gyalogezredhez, hadiérdekből felmentették kéthavi szolgálat után. A mv.-i Agrár és Takarékpénztárnak volt a tisztviselője, igazgatója (1924. k.). Árverésen vette meg a marosszentgyörgyi téglagyárat (1928), melynek igazgatója volt. Számos ipari és gazdasági egyesület vezetésében vett részt, üzeme 150–160 munkást foglalkoztatott. <br /><strong>Irod.:</strong> Időtár 3; M. hadviselt zsidók; Pană; Székelyföld í. k</br></p>

<p>Szőkefalva, 1878., † ?: téglagyár tulajdonos és igazgató. – Középiskoláit Fogarason végezte, kereskedelmi érettségit tett. Bevonult a 22. h. gyalogezredhez, hadiérdekből felmentették kéthavi szolgálat után. A mv.-i Agrár és Takarékpénztárnak volt a tisztviselője, igazgatója (1924. k.). Árverésen vette meg a marosszentgyörgyi téglagyárat (1928), melynek igazgatója volt. Számos ipari és gazdasági egyesület vezetésében vett részt, üzeme 150–160 [&hellip;]</p>
