{"id":7880,"date":"2025-06-29T10:06:55","date_gmt":"2025-06-29T08:06:55","guid":{"rendered":"https:\/\/uj.adatbank.ro\/lexikon\/termek\/fekete-margit\/"},"modified":"2025-06-29T10:06:55","modified_gmt":"2025-06-29T08:06:55","slug":"fekete-margit","status":"publish","type":"product","link":"https:\/\/uj.adatbank.ro\/lexikon\/termek\/fekete-margit\/","title":{"rendered":"FEKETE Margit"},"content":{"rendered":"<p>1946. m\u00e1rc. 21., \u2020\u00a0Mez\u0151s\u00e1msond, 2009. aug. 1.: tan\u00edt\u00f3n\u0151. \u2013 Mez\u0151s\u00e1msondon tan\u00edtott az \u00c1ltal\u00e1nos Iskol\u00e1ban, a k\u00f6rzet m\u00f3dszertani k\u00f6r\u00e9nek vezet\u0151je. Iskol\u00e1n k\u00edv\u00fcl is foglakozott a falu kult\u00far\u00e1j\u00e1val: sz\u00edndarabot tan\u00edtott, citeracsoportot szerveztek (1976\u2013), t\u00e1nccsoportot, r\u00e9szt vettek a Baj\u00e1n a Kisebbs\u00e9giek Fesztiv\u00e1lj\u00e1n (1996), Gy\u00f6ngykoszor\u00fa-tal\u00e1lkoz\u00f3kon szerepeltek. <br \/><strong>Irod.:<\/strong> B\u00f6l\u00f6ni Domokos: Eml\u00e9kez\u00e9s egy tan\u00edt\u00f3ra: Teljes \u00e9letet \u00e9lt (N\u00fa., 2010. j\u00fal. 31.)<\/br><\/p>\n","protected":false},"excerpt":{"rendered":"<p>1946. m\u00e1rc. 21., \u2020\u00a0Mez\u0151s\u00e1msond, 2009. aug. 1.: tan\u00edt\u00f3n\u0151. \u2013 Mez\u0151s\u00e1msondon tan\u00edtott az \u00c1ltal\u00e1nos Iskol\u00e1ban, a k\u00f6rzet m\u00f3dszertani k\u00f6r\u00e9nek vezet\u0151je. Iskol\u00e1n k\u00edv\u00fcl is foglakozott a falu kult\u00far\u00e1j\u00e1val: sz\u00edndarabot tan\u00edtott, citeracsoportot szerveztek (1976\u2013), t\u00e1nccsoportot, r\u00e9szt vettek a Baj\u00e1n a Kisebbs\u00e9giek Fesztiv\u00e1lj\u00e1n (1996), Gy\u00f6ngykoszor\u00fa-tal\u00e1lkoz\u00f3kon szerepeltek. Irod.: B\u00f6l\u00f6ni Domokos: Eml\u00e9kez\u00e9s egy tan\u00edt\u00f3ra: Teljes \u00e9letet \u00e9lt (N\u00fa., 2010. j\u00fal. 31.)<\/p>\n","protected":false},"featured_media":0,"comment_status":"open","ping_status":"closed","template":"","meta":[],"product_brand":[],"product_cat":[137],"product_tag":[],"class_list":{"0":"post-7880","1":"product","2":"type-product","3":"status-publish","5":"product_cat-maros-megyei-eletrajzi-lexikon","7":"first","8":"instock","9":"shipping-taxable","10":"product-type-simple"},"_links":{"self":[{"href":"https:\/\/uj.adatbank.ro\/lexikon\/wp-json\/wp\/v2\/product\/7880","targetHints":{"allow":["GET"]}}],"collection":[{"href":"https:\/\/uj.adatbank.ro\/lexikon\/wp-json\/wp\/v2\/product"}],"about":[{"href":"https:\/\/uj.adatbank.ro\/lexikon\/wp-json\/wp\/v2\/types\/product"}],"replies":[{"embeddable":true,"href":"https:\/\/uj.adatbank.ro\/lexikon\/wp-json\/wp\/v2\/comments?post=7880"}],"wp:attachment":[{"href":"https:\/\/uj.adatbank.ro\/lexikon\/wp-json\/wp\/v2\/media?parent=7880"}],"wp:term":[{"taxonomy":"product_brand","embeddable":true,"href":"https:\/\/uj.adatbank.ro\/lexikon\/wp-json\/wp\/v2\/product_brand?post=7880"},{"taxonomy":"product_cat","embeddable":true,"href":"https:\/\/uj.adatbank.ro\/lexikon\/wp-json\/wp\/v2\/product_cat?post=7880"},{"taxonomy":"product_tag","embeddable":true,"href":"https:\/\/uj.adatbank.ro\/lexikon\/wp-json\/wp\/v2\/product_tag?post=7880"}],"curies":[{"name":"wp","href":"https:\/\/api.w.org\/{rel}","templated":true}]}}

<p>1946. márc. 21., † Mezősámsond, 2009. aug. 1.: tanítónő. – Mezősámsondon tanított az Általános Iskolában, a körzet módszertani körének vezetője. Iskolán kívül is foglakozott a falu kultúrájával: színdarabot tanított, citeracsoportot szerveztek (1976–), tánccsoportot, részt vettek a Baján a Kisebbségiek Fesztiválján (1996), Gyöngykoszorú-találkozókon szerepeltek. <br /><strong>Irod.:</strong> Bölöni Domokos: Emlékezés egy tanítóra: Teljes életet élt (Nú., 2010. júl. 31.)</br></p>

<p>1946. márc. 21., † Mezősámsond, 2009. aug. 1.: tanítónő. – Mezősámsondon tanított az Általános Iskolában, a körzet módszertani körének vezetője. Iskolán kívül is foglakozott a falu kultúrájával: színdarabot tanított, citeracsoportot szerveztek (1976–), tánccsoportot, részt vettek a Baján a Kisebbségiek Fesztiválján (1996), Gyöngykoszorú-találkozókon szerepeltek. Irod.: Bölöni Domokos: Emlékezés egy tanítóra: Teljes életet élt (Nú., 2010. júl. 31.)</p>
