{"id":7882,"date":"2025-06-29T10:07:00","date_gmt":"2025-06-29T08:07:00","guid":{"rendered":"https:\/\/uj.adatbank.ro\/lexikon\/termek\/fekete-mihaly-%c2%a7\/"},"modified":"2025-06-29T10:07:00","modified_gmt":"2025-06-29T08:07:00","slug":"fekete-mihaly-%c2%a7","status":"publish","type":"product","link":"https:\/\/uj.adatbank.ro\/lexikon\/termek\/fekete-mihaly-%c2%a7\/","title":{"rendered":"FEKETE Mih\u00e1ly, \u00a7"},"content":{"rendered":"<p>Csongr\u00e1d, 1884. dec. 31., \u2020\u00a0Kv., 1960. \u00e1pr. 16.: sz\u00edn\u00e9sz, igazgat\u00f3, \u00edr\u00f3, rendez\u0151. \u2013 Feles\u00e9ge: 1. Sug\u00e1r Teri. 2. Felszeghy M\u00e1ria a kv.-i sz\u00ednh\u00e1z tagja volt (1939\u2013). -K\u00f6z\u00e9piskolai tanulm\u00e1nyait Szegeden v\u00e9gezte majd a pesti Sz\u00ednm\u0171v\u00e9szeti Akad. -\u00e1n. Krecs\u00e1nyi Ign\u00e1c t\u00e1rsulat\u00e1ban kezdte p\u00e1lyafut\u00e1s\u00e1t (1903), Bud\u00e1n, Temesv\u00e1ron, P\u00e9csett, Pozsonyban l\u00e9pett fel; a kv.-i sz\u00ednh\u00e1z tagja (1911\u201321), ahol rendezett \u00e9s f\u0151szerepeket j\u00e1tszott. Nagyv\u00e1radon f\u0151rendez\u0151 (1921\u201322). Igazgat\u00f3i koncesszi\u00f3t szerzett \u00e9s t\u00e1rsulatot szervezett Mv. &#8211; Szeben sz\u00e9khellyel (1922\u201323), majd Temesv\u00e1r, Arad, Lugos k\u00f6rzetben. Mv.-en szerepelt t\u00e1rsulat\u00e1val (1927, 1929). Fell\u00e9pett Bukovin\u00e1ban a cs\u00e1ng\u00f3k el\u0151tt (1929). Kv.-ra szerz\u0151d\u00f6tt (1930), \u00e9s ott j\u00e1tszott \u00e9lete v\u00e9g\u00e9ig. Kv.-on megalap\u00edtotta a Concordia Zsid\u00f3 Sz\u00ednh\u00e1zat, amelyet egyed\u00fcl vezetett (1941\u201344). A kv.-i sz\u00ednh\u00e1z m\u0171v\u00e9szeti vezet\u0151je lett (1944\u201345), azut\u00e1n mint sz\u00edn\u00e9sz j\u00e1tszott ott (\u20131959). 35 \u00e9ves sz\u00edn\u00e9szi p\u00e1lyafut\u00e1s\u00e1t jutalomj\u00e1t\u00e9kkal \u00fcnnepelte meg a Szabadkay-f\u00e9le t\u00e1rsulat. Munkat\u00e1rsa volt a Janovics Jen\u0151 Kv.-on m\u0171k\u00f6d\u0151 filmgy\u00e1r\u00e1nak (1913\u201318). J\u00e1tszott a S\u00e1rga csik\u00f3ban, t\u00f6bb filmnek \u0151 volt a rendez\u0151je, forgat\u00f3k\u00f6nyveket is \u00edrt. Tollal \u00edrt rajzai Csongr\u00e1d c. l jelentek meg Temesv\u00e1rt a Toll c. foly\u00f3iratban. \u2013 <strong>F. m.:<\/strong> Temesv\u00e1r megv\u00e9tele: Sz\u00ednm\u0171 ( a Nemzeti Sz\u00ednh\u00e1z p\u00e1ly\u00e1zat\u00e1n d\u00edcs\u00e9retet nyert); A temesv\u00e1ri sz\u00edn\u00e9szet t\u00f6rt\u00e9nete (Temesv\u00e1r, 1911); Bak\u00f3cz Tam\u00e1s jutalmazott t\u00f6rt\u00e9nelmi dr\u00e1ma; Falur\u00f3l falura: \u00c9lm\u00e9nyei (1929); Csod\u00e1k \u00e9jszak\u00e1ja (Szab\u00f3 I. -vel, 1935). \u2013 F sz.: Petur (Katona J\u00f3zsef: B\u00e1nk b\u00e1n); \u00c1d\u00e1m, Lucifer (Mad\u00e1ch: Az ember trag\u00e9di\u00e1ja); Shylock (Shakespeare: A velencei kalm\u00e1r); Her\u00f3des, Judea kir\u00e1lya (Oscar Wilde: Salome); Lindner (Lengyel Menyh\u00e9rt: Taifun); Lyon rabbi (Br\u00f3dy S\u00e1ndor: Lyon Lea); Hammerschmidt (L\u00e1szl\u00f3 Mikl\u00f3s: Illatszert\u00e1r); Vir\u00e1g (Moln\u00e1r Ferenc: Delila); M\u00e9ltos\u00e1gos \u00far (Hunyady S\u00e1ndor: Bors Istv\u00e1n), Rostand: Cyrano de Bergerac; Shakespeare: Othello. <br \/><strong>Irod.:<\/strong> Id\u0151t\u00e1r 3; K\u00f6t\u0151; Molter 1; MSZL; Osv\u00e1th; \u00d6kr\u00f6s; Sch\u00f6pflin<\/br><\/p>\n","protected":false},"excerpt":{"rendered":"<p>Csongr\u00e1d, 1884. dec. 31., \u2020\u00a0Kv., 1960. \u00e1pr. 16.: sz\u00edn\u00e9sz, igazgat\u00f3, \u00edr\u00f3, rendez\u0151. \u2013 Feles\u00e9ge: 1. Sug\u00e1r Teri. 2. Felszeghy M\u00e1ria a kv.-i sz\u00ednh\u00e1z tagja volt (1939\u2013). -K\u00f6z\u00e9piskolai tanulm\u00e1nyait Szegeden v\u00e9gezte majd a pesti Sz\u00ednm\u0171v\u00e9szeti Akad. -\u00e1n. Krecs\u00e1nyi Ign\u00e1c t\u00e1rsulat\u00e1ban kezdte p\u00e1lyafut\u00e1s\u00e1t (1903), Bud\u00e1n, Temesv\u00e1ron, P\u00e9csett, Pozsonyban l\u00e9pett fel; a kv.-i sz\u00ednh\u00e1z tagja (1911\u201321), ahol rendezett [&hellip;]<\/p>\n","protected":false},"featured_media":0,"comment_status":"open","ping_status":"closed","template":"","meta":[],"product_brand":[],"product_cat":[137],"product_tag":[],"class_list":{"0":"post-7882","1":"product","2":"type-product","3":"status-publish","5":"product_cat-maros-megyei-eletrajzi-lexikon","7":"first","8":"instock","9":"shipping-taxable","10":"product-type-simple"},"_links":{"self":[{"href":"https:\/\/uj.adatbank.ro\/lexikon\/wp-json\/wp\/v2\/product\/7882","targetHints":{"allow":["GET"]}}],"collection":[{"href":"https:\/\/uj.adatbank.ro\/lexikon\/wp-json\/wp\/v2\/product"}],"about":[{"href":"https:\/\/uj.adatbank.ro\/lexikon\/wp-json\/wp\/v2\/types\/product"}],"replies":[{"embeddable":true,"href":"https:\/\/uj.adatbank.ro\/lexikon\/wp-json\/wp\/v2\/comments?post=7882"}],"wp:attachment":[{"href":"https:\/\/uj.adatbank.ro\/lexikon\/wp-json\/wp\/v2\/media?parent=7882"}],"wp:term":[{"taxonomy":"product_brand","embeddable":true,"href":"https:\/\/uj.adatbank.ro\/lexikon\/wp-json\/wp\/v2\/product_brand?post=7882"},{"taxonomy":"product_cat","embeddable":true,"href":"https:\/\/uj.adatbank.ro\/lexikon\/wp-json\/wp\/v2\/product_cat?post=7882"},{"taxonomy":"product_tag","embeddable":true,"href":"https:\/\/uj.adatbank.ro\/lexikon\/wp-json\/wp\/v2\/product_tag?post=7882"}],"curies":[{"name":"wp","href":"https:\/\/api.w.org\/{rel}","templated":true}]}}

FEKETE Mihály, §

<p>Csongrád, 1884. dec. 31., † Kv., 1960. ápr. 16.: színész, igazgató, író, rendező. – Felesége: 1. Sugár Teri. 2. Felszeghy Mária a kv.-i színház tagja volt (1939–). -Középiskolai tanulmányait Szegeden végezte majd a pesti Színművészeti Akad. -án. Krecsányi Ignác társulatában kezdte pályafutását (1903), Budán, Temesváron, Pécsett, Pozsonyban lépett fel; a kv.-i színház tagja (1911–21), ahol rendezett és főszerepeket játszott. Nagyváradon főrendező (1921–22). Igazgatói koncessziót szerzett és társulatot szervezett Mv. &#8211; Szeben székhellyel (1922–23), majd Temesvár, Arad, Lugos körzetben. Mv.-en szerepelt társulatával (1927, 1929). Fellépett Bukovinában a csángók előtt (1929). Kv.-ra szerződött (1930), és ott játszott élete végéig. Kv.-on megalapította a Concordia Zsidó Színházat, amelyet egyedül vezetett (1941–44). A kv.-i színház művészeti vezetője lett (1944–45), azután mint színész játszott ott (–1959). 35 éves színészi pályafutását jutalomjátékkal ünnepelte meg a Szabadkay-féle társulat. Munkatársa volt a Janovics Jenő Kv.-on működő filmgyárának (1913–18). Játszott a Sárga csikóban, több filmnek ő volt a rendezője, forgatókönyveket is írt. Tollal írt rajzai Csongrád c. l jelentek meg Temesvárt a Toll c. folyóiratban. – <strong>F. m.:</strong> Temesvár megvétele: Színmű ( a Nemzeti Színház pályázatán dícséretet nyert); A temesvári színészet története (Temesvár, 1911); Bakócz Tamás jutalmazott történelmi dráma; Faluról falura: Élményei (1929); Csodák éjszakája (Szabó I. -vel, 1935). – F sz.: Petur (Katona József: Bánk bán); Ádám, Lucifer (Madách: Az ember tragédiája); Shylock (Shakespeare: A velencei kalmár); Heródes, Judea királya (Oscar Wilde: Salome); Lindner (Lengyel Menyhért: Taifun); Lyon rabbi (Bródy Sándor: Lyon Lea); Hammerschmidt (László Miklós: Illatszertár); Virág (Molnár Ferenc: Delila); Méltoságos úr (Hunyady Sándor: Bors István), Rostand: Cyrano de Bergerac; Shakespeare: Othello. <br /><strong>Irod.:</strong> Időtár 3; Kötő; Molter 1; MSZL; Osváth; Ökrös; Schöpflin</br></p>

<p>Csongrád, 1884. dec. 31., † Kv., 1960. ápr. 16.: színész, igazgató, író, rendező. – Felesége: 1. Sugár Teri. 2. Felszeghy Mária a kv.-i színház tagja volt (1939–). -Középiskolai tanulmányait Szegeden végezte majd a pesti Színművészeti Akad. -án. Krecsányi Ignác társulatában kezdte pályafutását (1903), Budán, Temesváron, Pécsett, Pozsonyban lépett fel; a kv.-i színház tagja (1911–21), ahol rendezett [&hellip;]</p>
