{"id":7888,"date":"2025-06-29T10:07:08","date_gmt":"2025-06-29T08:07:08","guid":{"rendered":"https:\/\/uj.adatbank.ro\/lexikon\/termek\/fekete-peter-fekete-petrus\/"},"modified":"2025-06-29T10:07:08","modified_gmt":"2025-06-29T08:07:08","slug":"fekete-peter-fekete-petrus","status":"publish","type":"product","link":"https:\/\/uj.adatbank.ro\/lexikon\/termek\/fekete-peter-fekete-petrus\/","title":{"rendered":"FEKETE P\u00e9ter, Fekete Petrus"},"content":{"rendered":"<p>? \u2020\u00a0? : katona. \u2013 A ny\u00e1r\u00e1dg\u00e1lfalvi Nagy csal\u00e1db\u00f3l szakadtak ki Fekete Martinussal, mint lovas sz\u00e9kelyek esk\u00fcdtek fel B\u00e1sta rendelet\u00e9re a cs. \u00e9s k. h\u0171s\u00e9g\u00e9re (1602). <br \/><strong>Irod.:<\/strong> Kempelen; Nagy Iv\u00e1n; P\u00e1lmay<\/br><\/p>\n","protected":false},"excerpt":{"rendered":"<p>? \u2020\u00a0? : katona. \u2013 A ny\u00e1r\u00e1dg\u00e1lfalvi Nagy csal\u00e1db\u00f3l szakadtak ki Fekete Martinussal, mint lovas sz\u00e9kelyek esk\u00fcdtek fel B\u00e1sta rendelet\u00e9re a cs. \u00e9s k. h\u0171s\u00e9g\u00e9re (1602). Irod.: Kempelen; Nagy Iv\u00e1n; P\u00e1lmay<\/p>\n","protected":false},"featured_media":0,"comment_status":"open","ping_status":"closed","template":"","meta":[],"product_brand":[],"product_cat":[137],"product_tag":[],"class_list":{"0":"post-7888","1":"product","2":"type-product","3":"status-publish","5":"product_cat-maros-megyei-eletrajzi-lexikon","7":"first","8":"instock","9":"shipping-taxable","10":"product-type-simple"},"_links":{"self":[{"href":"https:\/\/uj.adatbank.ro\/lexikon\/wp-json\/wp\/v2\/product\/7888","targetHints":{"allow":["GET"]}}],"collection":[{"href":"https:\/\/uj.adatbank.ro\/lexikon\/wp-json\/wp\/v2\/product"}],"about":[{"href":"https:\/\/uj.adatbank.ro\/lexikon\/wp-json\/wp\/v2\/types\/product"}],"replies":[{"embeddable":true,"href":"https:\/\/uj.adatbank.ro\/lexikon\/wp-json\/wp\/v2\/comments?post=7888"}],"wp:attachment":[{"href":"https:\/\/uj.adatbank.ro\/lexikon\/wp-json\/wp\/v2\/media?parent=7888"}],"wp:term":[{"taxonomy":"product_brand","embeddable":true,"href":"https:\/\/uj.adatbank.ro\/lexikon\/wp-json\/wp\/v2\/product_brand?post=7888"},{"taxonomy":"product_cat","embeddable":true,"href":"https:\/\/uj.adatbank.ro\/lexikon\/wp-json\/wp\/v2\/product_cat?post=7888"},{"taxonomy":"product_tag","embeddable":true,"href":"https:\/\/uj.adatbank.ro\/lexikon\/wp-json\/wp\/v2\/product_tag?post=7888"}],"curies":[{"name":"wp","href":"https:\/\/api.w.org\/{rel}","templated":true}]}}