{"id":7894,"date":"2025-06-29T10:07:21","date_gmt":"2025-06-29T08:07:21","guid":{"rendered":"https:\/\/uj.adatbank.ro\/lexikon\/termek\/fekete-sandor-nagyfalusi\/"},"modified":"2025-06-29T10:07:21","modified_gmt":"2025-06-29T08:07:21","slug":"fekete-sandor-nagyfalusi","status":"publish","type":"product","link":"https:\/\/uj.adatbank.ro\/lexikon\/termek\/fekete-sandor-nagyfalusi\/","title":{"rendered":"FEKETE S\u00e1ndor, nagyfalusi"},"content":{"rendered":"<p>Mv., 1888. j\u00fal. 21., \u2020\u00a0? : seb\u00e9sz, f\u0151orvos. \u2013 Feles\u00e9ge dr. Szab\u00f3 Erzs\u00e9bet. \u2013 Az orvosi egyetemet Kv.-on v\u00e9gzte, ahol m\u0171t\u0151i oklevelet is nyert. A kv.-i seb\u00e9szeti klinik\u00e1n c. tan\u00e1rseg\u00e9d volt. R\u00e9szt vett az I. vh.-ban (1914\u201318), a t\u00e1bori ezreddel az orosz harct\u00e9rre ment, mint ezredorvos szerelt le sz\u00e1mos kit\u00fcntet\u00e9ssel. A kv.-i V\u00f6r\u00f6skereszt szanat\u00f3riumban f\u0151orvos (1919\u201329), majd a Charit\u00e9 szanat\u00f3rium seb\u00e9sz f\u0151orvosa. Sepsiszentgy\u00f6rgy\u00f6n mag\u00e1n szanat\u00f3riumot l\u00e9tes\u00edtett (1931), amelyet feles\u00e9g\u00e9vel vezetett. <br \/><strong>Irod.:<\/strong> EM; Erd\u00e9lyi ezredek<\/br><\/p>\n","protected":false},"excerpt":{"rendered":"<p>Mv., 1888. j\u00fal. 21., \u2020\u00a0? : seb\u00e9sz, f\u0151orvos. \u2013 Feles\u00e9ge dr. Szab\u00f3 Erzs\u00e9bet. \u2013 Az orvosi egyetemet Kv.-on v\u00e9gzte, ahol m\u0171t\u0151i oklevelet is nyert. A kv.-i seb\u00e9szeti klinik\u00e1n c. tan\u00e1rseg\u00e9d volt. R\u00e9szt vett az I. vh.-ban (1914\u201318), a t\u00e1bori ezreddel az orosz harct\u00e9rre ment, mint ezredorvos szerelt le sz\u00e1mos kit\u00fcntet\u00e9ssel. A kv.-i V\u00f6r\u00f6skereszt szanat\u00f3riumban f\u0151orvos [&hellip;]<\/p>\n","protected":false},"featured_media":0,"comment_status":"open","ping_status":"closed","template":"","meta":[],"product_brand":[],"product_cat":[137],"product_tag":[],"class_list":{"0":"post-7894","1":"product","2":"type-product","3":"status-publish","5":"product_cat-maros-megyei-eletrajzi-lexikon","7":"first","8":"instock","9":"shipping-taxable","10":"product-type-simple"},"_links":{"self":[{"href":"https:\/\/uj.adatbank.ro\/lexikon\/wp-json\/wp\/v2\/product\/7894","targetHints":{"allow":["GET"]}}],"collection":[{"href":"https:\/\/uj.adatbank.ro\/lexikon\/wp-json\/wp\/v2\/product"}],"about":[{"href":"https:\/\/uj.adatbank.ro\/lexikon\/wp-json\/wp\/v2\/types\/product"}],"replies":[{"embeddable":true,"href":"https:\/\/uj.adatbank.ro\/lexikon\/wp-json\/wp\/v2\/comments?post=7894"}],"wp:attachment":[{"href":"https:\/\/uj.adatbank.ro\/lexikon\/wp-json\/wp\/v2\/media?parent=7894"}],"wp:term":[{"taxonomy":"product_brand","embeddable":true,"href":"https:\/\/uj.adatbank.ro\/lexikon\/wp-json\/wp\/v2\/product_brand?post=7894"},{"taxonomy":"product_cat","embeddable":true,"href":"https:\/\/uj.adatbank.ro\/lexikon\/wp-json\/wp\/v2\/product_cat?post=7894"},{"taxonomy":"product_tag","embeddable":true,"href":"https:\/\/uj.adatbank.ro\/lexikon\/wp-json\/wp\/v2\/product_tag?post=7894"}],"curies":[{"name":"wp","href":"https:\/\/api.w.org\/{rel}","templated":true}]}}

FEKETE Sándor, nagyfalusi

<p>Mv., 1888. júl. 21., † ? : sebész, főorvos. – Felesége dr. Szabó Erzsébet. – Az orvosi egyetemet Kv.-on végzte, ahol műtői oklevelet is nyert. A kv.-i sebészeti klinikán c. tanársegéd volt. Részt vett az I. vh.-ban (1914–18), a tábori ezreddel az orosz harctérre ment, mint ezredorvos szerelt le számos kitüntetéssel. A kv.-i Vöröskereszt szanatóriumban főorvos (1919–29), majd a Charité szanatórium sebész főorvosa. Sepsiszentgyörgyön magán szanatóriumot létesített (1931), amelyet feleségével vezetett. <br /><strong>Irod.:</strong> EM; Erdélyi ezredek</br></p>

<p>Mv., 1888. júl. 21., † ? : sebész, főorvos. – Felesége dr. Szabó Erzsébet. – Az orvosi egyetemet Kv.-on végzte, ahol műtői oklevelet is nyert. A kv.-i sebészeti klinikán c. tanársegéd volt. Részt vett az I. vh.-ban (1914–18), a tábori ezreddel az orosz harctérre ment, mint ezredorvos szerelt le számos kitüntetéssel. A kv.-i Vöröskereszt szanatóriumban főorvos [&hellip;]</p>
