{"id":7895,"date":"2025-06-29T10:07:23","date_gmt":"2025-06-29T08:07:23","guid":{"rendered":"https:\/\/uj.adatbank.ro\/lexikon\/termek\/fekete-sandor-naznanfalvi-schwartz-sandor\/"},"modified":"2025-06-29T10:07:23","modified_gmt":"2025-06-29T08:07:23","slug":"fekete-sandor-naznanfalvi-schwartz-sandor","status":"publish","type":"product","link":"https:\/\/uj.adatbank.ro\/lexikon\/termek\/fekete-sandor-naznanfalvi-schwartz-sandor\/","title":{"rendered":"FEKETE S\u00e1ndor, n\u00e1zn\u00e1nfalvi, Schwartz S\u00e1ndor"},"content":{"rendered":"<p>Mv., 1896., \u2020 Bp., 1934. jan. 14.: dr. med., ig. f\u0151orvos, szak\u00edr\u00f3. \u2013 Az els\u0151 vh. alatt katona, mint tartal\u00e9kos f\u0151hadnagy szerelt le, Bp.-en telepedett le, ahol el\u0151bb a 9 sz. anya- \u00e9s csecsm\u0151v\u00e9d\u0151 \u00e1llom\u00e1s vezet\u0151 orvosa, majd a Stef\u00e1nia Sz\u00f6vets\u00e9g helyettes ig. f\u0151orvosa (1924\u2013). \u2013 <strong>F. m.:<\/strong> Az eg\u00e9szs\u00e9g\u00fcgyi s. szem\u00e9lyzet k\u00e9pz\u00e9s\u00e9r\u0151l orvosi szempontb\u00f3l. A csecsem\u0151 \u00e9s gyermekgondoz\u00f3n\u0151k elhelyez\u00e9se (Bp., 1928); A tanyai csecsem\u0151v\u00e9delemr\u0151l (Bp., 1929); H\u00e1rom r\u00e1di\u00f3el\u0151ad\u00e1s a csecsem\u0151 t\u00e1pl\u00e1l\u00e1s\u00e1r\u00f3l \u00e9s gondoz\u00e1s\u00e1r\u00f3l (Bp., 1929); A gyermek eg\u00e9szs\u00e9ge (Bp., 1931); A mesters\u00e9ges t\u00e1pl\u00e1l\u00e1s probl\u00e9m\u00e1i csecsem\u0151v\u00e9delmi szempontb\u00f3l (Bp., 1931); Any\u00e1k iskol\u00e1ja (Bp., 1932); A csecsem\u0151 t\u00e1pl\u00e1l\u00e1sa csecsem\u0151v\u00e9delmi szempontb\u00f3l (Bp., 1932); Az anya- \u00e9s csecsem\u0151v\u00e9delem szerepe a g\u00fcm\u0151k\u00f3r elleni k\u00fczdelemben (Bp. 1932). <br \/><strong>Irod.:<\/strong> Guly\u00e1s; Kelemen<\/br><\/p>\n","protected":false},"excerpt":{"rendered":"<p>Mv., 1896., \u2020 Bp., 1934. jan. 14.: dr. med., ig. f\u0151orvos, szak\u00edr\u00f3. \u2013 Az els\u0151 vh. alatt katona, mint tartal\u00e9kos f\u0151hadnagy szerelt le, Bp.-en telepedett le, ahol el\u0151bb a 9 sz. anya- \u00e9s csecsm\u0151v\u00e9d\u0151 \u00e1llom\u00e1s vezet\u0151 orvosa, majd a Stef\u00e1nia Sz\u00f6vets\u00e9g helyettes ig. f\u0151orvosa (1924\u2013). \u2013 F. m.: Az eg\u00e9szs\u00e9g\u00fcgyi s. szem\u00e9lyzet k\u00e9pz\u00e9s\u00e9r\u0151l orvosi szempontb\u00f3l. [&hellip;]<\/p>\n","protected":false},"featured_media":0,"comment_status":"open","ping_status":"closed","template":"","meta":[],"product_brand":[],"product_cat":[137],"product_tag":[],"class_list":{"0":"post-7895","1":"product","2":"type-product","3":"status-publish","5":"product_cat-maros-megyei-eletrajzi-lexikon","7":"first","8":"instock","9":"shipping-taxable","10":"product-type-simple"},"_links":{"self":[{"href":"https:\/\/uj.adatbank.ro\/lexikon\/wp-json\/wp\/v2\/product\/7895","targetHints":{"allow":["GET"]}}],"collection":[{"href":"https:\/\/uj.adatbank.ro\/lexikon\/wp-json\/wp\/v2\/product"}],"about":[{"href":"https:\/\/uj.adatbank.ro\/lexikon\/wp-json\/wp\/v2\/types\/product"}],"replies":[{"embeddable":true,"href":"https:\/\/uj.adatbank.ro\/lexikon\/wp-json\/wp\/v2\/comments?post=7895"}],"wp:attachment":[{"href":"https:\/\/uj.adatbank.ro\/lexikon\/wp-json\/wp\/v2\/media?parent=7895"}],"wp:term":[{"taxonomy":"product_brand","embeddable":true,"href":"https:\/\/uj.adatbank.ro\/lexikon\/wp-json\/wp\/v2\/product_brand?post=7895"},{"taxonomy":"product_cat","embeddable":true,"href":"https:\/\/uj.adatbank.ro\/lexikon\/wp-json\/wp\/v2\/product_cat?post=7895"},{"taxonomy":"product_tag","embeddable":true,"href":"https:\/\/uj.adatbank.ro\/lexikon\/wp-json\/wp\/v2\/product_tag?post=7895"}],"curies":[{"name":"wp","href":"https:\/\/api.w.org\/{rel}","templated":true}]}}