{"id":7897,"date":"2025-06-29T10:07:26","date_gmt":"2025-06-29T08:07:26","guid":{"rendered":"https:\/\/uj.adatbank.ro\/lexikon\/termek\/fekete-tivadar\/"},"modified":"2025-06-29T10:07:26","modified_gmt":"2025-06-29T08:07:26","slug":"fekete-tivadar","status":"publish","type":"product","link":"https:\/\/uj.adatbank.ro\/lexikon\/termek\/fekete-tivadar\/","title":{"rendered":"FEKETE Tivadar"},"content":{"rendered":"<p>P\u00e9cs, 1894. nov. 2., \u2020 Segesv\u00e1r, 1940. nov. 4.: \u00fajs\u00e1g\u00edr\u00f3, novellista, m\u0171ford\u00edt\u00f3. \u2013 Iskol\u00e1it sz\u00fcl\u0151v\u00e1ros\u00e1ban v\u00e9gezte, Bp.-en elkezdett jogi tanulm\u00e1nyait f\u00e9lbeszak\u00edtva \u00fajs\u00e1g\u00edr\u00f3 lett. A P\u00e9csi Napl\u00f3n\u00e1l (1912\u201316) \u00e9s a Szegedi H\u00edrad\u00f3n\u00e1l (1914) dolgozott, majd Aradon telepedett le, ahol a k\u00e9t vh. k\u00f6z\u00f6tt sz\u00e1mos erd\u00e9lyi lap munkat\u00e1rs\u00e1v\u00e1 v\u00e1lt. Szerk. -tte \u00e9s kiadta a mind\u00f6ssze 8 sz\u00e1mot meg\u00e9rt Fekete Macska c. k\u00f6nny\u0171 fajs\u00faly\u00fa rev\u00fclapot (1922\u201323). \u00cdrt verseket, t\u00e1rcanovell\u00e1kat, operett- \u00e9s sl\u00e1gersz\u00f6vegeket. M\u0171ford\u00edt\u00f3k\u00e9nt a kort\u00e1rs rom\u00e1n k\u00f6lt\u00e9szetet bemutat\u00f3 antol\u00f3gi\u00e1val \u00e9s a klasszikus rom\u00e1n l\u00edra jeles alkot\u00e1saival kieg\u00e9sz\u00edtett k\u00f6tet\u00e9vel jelentkezett, kedvelt k\u00f6lt\u0151i: V\u0103c\u0103rescut\u00f3l Anghelig, majd Blaga, Crainic, Eftimiu, Minulescuig sorakoztak. Nyersford\u00edt\u00e1s ut\u00e1n, csek\u00e9ly nyelvismerettel ford\u00edtott, saj\u00e1t nyilatkozata szerint ink\u00e1bb &#8222;a vers lelk\u00e9&#8221;-nek visszaad\u00e1s\u00e1ra t\u00f6rekedett. T\u00e1rcanovell\u00e1it tartalmaz\u00f3 k\u00f6tet\u00e9benn sv\u00e1jci, olasz \u00e9s franciao.-i \u00fati \u00e9lm\u00e9nyeib\u0151l mer\u00edtve a vil\u00e1gv\u00e1rosok el\u0151kel\u0151 alvil\u00e1g\u00e1nak figur\u00e1it eleven\u00edtette meg. \u2013 <strong>F. m.:<\/strong> Genov\u00e9va hercegn\u0151 b\u0151re (Tv. 1923); \u00c9nek k\u00e9t halotti maszkr\u00f3l (Arad, 1926),<strong>ford.:<\/strong> Szerelmes kert. (Arad 1924); Klasszikus kert. (Kv. 1930). <br \/><strong>Irod.:<\/strong> Molter 1.; RMIL<\/br><\/p>\n","protected":false},"excerpt":{"rendered":"<p>P\u00e9cs, 1894. nov. 2., \u2020 Segesv\u00e1r, 1940. nov. 4.: \u00fajs\u00e1g\u00edr\u00f3, novellista, m\u0171ford\u00edt\u00f3. \u2013 Iskol\u00e1it sz\u00fcl\u0151v\u00e1ros\u00e1ban v\u00e9gezte, Bp.-en elkezdett jogi tanulm\u00e1nyait f\u00e9lbeszak\u00edtva \u00fajs\u00e1g\u00edr\u00f3 lett. A P\u00e9csi Napl\u00f3n\u00e1l (1912\u201316) \u00e9s a Szegedi H\u00edrad\u00f3n\u00e1l (1914) dolgozott, majd Aradon telepedett le, ahol a k\u00e9t vh. k\u00f6z\u00f6tt sz\u00e1mos erd\u00e9lyi lap munkat\u00e1rs\u00e1v\u00e1 v\u00e1lt. Szerk. -tte \u00e9s kiadta a mind\u00f6ssze 8 sz\u00e1mot [&hellip;]<\/p>\n","protected":false},"featured_media":0,"comment_status":"open","ping_status":"closed","template":"","meta":[],"product_brand":[],"product_cat":[137],"product_tag":[],"class_list":{"0":"post-7897","1":"product","2":"type-product","3":"status-publish","5":"product_cat-maros-megyei-eletrajzi-lexikon","7":"first","8":"instock","9":"shipping-taxable","10":"product-type-simple"},"_links":{"self":[{"href":"https:\/\/uj.adatbank.ro\/lexikon\/wp-json\/wp\/v2\/product\/7897","targetHints":{"allow":["GET"]}}],"collection":[{"href":"https:\/\/uj.adatbank.ro\/lexikon\/wp-json\/wp\/v2\/product"}],"about":[{"href":"https:\/\/uj.adatbank.ro\/lexikon\/wp-json\/wp\/v2\/types\/product"}],"replies":[{"embeddable":true,"href":"https:\/\/uj.adatbank.ro\/lexikon\/wp-json\/wp\/v2\/comments?post=7897"}],"wp:attachment":[{"href":"https:\/\/uj.adatbank.ro\/lexikon\/wp-json\/wp\/v2\/media?parent=7897"}],"wp:term":[{"taxonomy":"product_brand","embeddable":true,"href":"https:\/\/uj.adatbank.ro\/lexikon\/wp-json\/wp\/v2\/product_brand?post=7897"},{"taxonomy":"product_cat","embeddable":true,"href":"https:\/\/uj.adatbank.ro\/lexikon\/wp-json\/wp\/v2\/product_cat?post=7897"},{"taxonomy":"product_tag","embeddable":true,"href":"https:\/\/uj.adatbank.ro\/lexikon\/wp-json\/wp\/v2\/product_tag?post=7897"}],"curies":[{"name":"wp","href":"https:\/\/api.w.org\/{rel}","templated":true}]}}

<p>Pécs, 1894. nov. 2., † Segesvár, 1940. nov. 4.: újságíró, novellista, műfordító. – Iskoláit szülővárosában végezte, Bp.-en elkezdett jogi tanulmányait félbeszakítva újságíró lett. A Pécsi Naplónál (1912–16) és a Szegedi Híradónál (1914) dolgozott, majd Aradon telepedett le, ahol a két vh. között számos erdélyi lap munkatársává vált. Szerk. -tte és kiadta a mindössze 8 számot megért Fekete Macska c. könnyű fajsúlyú revülapot (1922–23). Írt verseket, tárcanovellákat, operett- és slágerszövegeket. Műfordítóként a kortárs román költészetet bemutató antológiával és a klasszikus román líra jeles alkotásaival kiegészített kötetével jelentkezett, kedvelt költői: Văcărescutól Anghelig, majd Blaga, Crainic, Eftimiu, Minulescuig sorakoztak. Nyersfordítás után, csekély nyelvismerettel fordított, saját nyilatkozata szerint inkább &#8222;a vers lelké&#8221;-nek visszaadására törekedett. Tárcanovelláit tartalmazó kötetébenn svájci, olasz és franciao.-i úti élményeiből merítve a világvárosok előkelő alvilágának figuráit elevenítette meg. – <strong>F. m.:</strong> Genovéva hercegnő bőre (Tv. 1923); Ének két halotti maszkról (Arad, 1926),<strong>ford.:</strong> Szerelmes kert. (Arad 1924); Klasszikus kert. (Kv. 1930). <br /><strong>Irod.:</strong> Molter 1.; RMIL</br></p>

<p>Pécs, 1894. nov. 2., † Segesvár, 1940. nov. 4.: újságíró, novellista, műfordító. – Iskoláit szülővárosában végezte, Bp.-en elkezdett jogi tanulmányait félbeszakítva újságíró lett. A Pécsi Naplónál (1912–16) és a Szegedi Híradónál (1914) dolgozott, majd Aradon telepedett le, ahol a két vh. között számos erdélyi lap munkatársává vált. Szerk. -tte és kiadta a mindössze 8 számot [&hellip;]</p>
