{"id":7900,"date":"2025-06-29T10:07:32","date_gmt":"2025-06-29T08:07:32","guid":{"rendered":"https:\/\/uj.adatbank.ro\/lexikon\/termek\/fekete-zsolt\/"},"modified":"2025-06-29T10:07:32","modified_gmt":"2025-06-29T08:07:32","slug":"fekete-zsolt","status":"publish","type":"product","link":"https:\/\/uj.adatbank.ro\/lexikon\/termek\/fekete-zsolt\/","title":{"rendered":"FEKETE Zsolt"},"content":{"rendered":"<p>Mv., 1935. j\u00fal. 9., \u2020 Mv., 2016. jan.: fest\u0151m\u0171v\u00e9sz, muzeogr\u00e1fus. \u2013 Feles\u00e9ge: Gy\u00f6rgy Polix\u00e9nia, \u00e9p\u00edt\u00e9sz. Gyermekeik: Zsuzs\u00e1nna (1965), geol\u00f3gus; Zsolt (1967), fotogr\u00e1fus. \u2013 A mv.-i M\u0171v\u00e9szeti L\u00edc.-ban v\u00e9gzett (1953), Bordy Andr\u00e1s \u00e9s Barab\u00e1s Istv\u00e1n fest\u0151m\u0171v\u00e9szek tan\u00edtv\u00e1nyak\u00e9nt. Cs\u00edkszered\u00e1ban az Olt M\u0171v\u00e9szker\u00e1mia Kisipari Sz\u00f6vetkezetben dolgozott (1959\u20131963), Mv.-en a Kereskedelmi v\u00e1llalat rekl\u00e1mgrafikusa (1964\u20131976), a Szentgy\u00f6rgyi Istv\u00e1n Sz\u00ednm\u0171v\u00e9szeti Int\u00e9zet d\u00edszletfest\u0151je nyugd\u00edjaz\u00e1s\u00e1ig (1976\u20131988). A Barab\u00e1s Mikl\u00f3s C\u00e9h tagja. \u2013 Ki\u00e1ll\u00edt.: egy\u00e9ni: Mv. (1968, 1972, 1978, 1983, 1988, 1992); H\u00f3dmez\u0151v\u00e1s\u00e1rhely (1990); Debrecen (1995); Esztergom (1996) Sz\u00e9kelyudvarhely, Bar\u00f3t, Cs\u00edkszereda (1978), Clevland, New York (1974), Lugano (1982), K\u00f6ln (1986, 1988), B\u00e9cs (1989), H\u00f3dmez\u0151v\u00e1s\u00e1rhely, Kiskunf\u00e9legyh\u00e1la, Kisk\u00f6r\u00f6s, Bp. (1990), Gy\u00f6ngy\u00f6s, Debrecen (1991), Szentes (1992), M\u00f3nchen (1998), csoportos: Mv., Buk.-ben a bienn\u00e1l\u00e9kon szerepelt; Barab\u00e1s Mikl\u00f3s C\u00e9h \u0150szi T\u00e1rlat (1997); M\u00fcnchen (1998), Csop. ki\u00e1ll. Mv., Buk.-ben rendszeresen (1966\u2013), Kov\u00e1szna (1995), Bp., (1995). katal\u00f3gusok: Tab\u0103ra de crea\u021bie &#8222;Prietenia&#8221; L\u0103zarea; The &#8222;Friendship&#8221; Creation Camp of Fine Arts from L\u0103zarea &#8222;Bar\u00e1ts\u00e1g&#8221; alkot\u00f3t\u00e1bor Sz\u00e1rhegy \/ szerk \u00c9gerh\u00e1zi Imre (Debrecen, 1991). Catalog: expozi\u021bie de pictur\u0103 din colec\u021bia Elisabeta \u0219i Gheorghe David (Tg. Mure\u0219, 1992); Bartis Ferenc: A k\u00e9nyszerhelyzet m\u0171v\u00e9szete \u00e9s a m\u0171v\u00e9szet k\u00e9nyszerhelyzete (Ungv\u00e1r. Bp., 1994); Marosv\u00e1s\u00e1rhelyi T\u00e1rlat: V\u00e1rmegye Gal\u00e9ria Bp. 1995. szept. 25. &#8211; 1995. okt. 29. (Bp., 1995); Csoma 1996: A magunk keres\u00e9se (Kov\u00e1szna-Csomak\u0151r\u00f6s, 1996); Rem\u00e9nys\u00e9g szigete: K\u00e9pz\u0151m\u0171v\u00e9szeti gy\u0171jtem\u00e9ny (Bp., 1996); A M. K\u00e9pz\u0151m\u0171v\u00e9szek \u00e9s Iparm\u0171v\u00e9szek T\u00e1rsas\u00e1g\u00e1nak ki\u00e1ll\u00edt\u00e1sa 1996: Erd\u00e9lyi M\u0171v\u00e9szek (Bp., 1996); Szejke-Homor\u00f3d alkot\u00f3t\u00e1bor: katal\u00f3gus (Sz\u00e9kelyudvarhely, 1997). A mv.-i m\u00faeumban t\u00f6bb munk\u00e1ja tal\u00e1lhat\u00f3. <br \/><strong>Irod.:<\/strong> 100 \u00e9v; EMKK2010; M. Kort\u00e1rs magyar m\u0171v\u00e9szeti lexikon (Bp., 1999); Nagy Mikl\u00f3s Kund M\u0171terem: Besz\u00e9lget\u00e9s huszonegy erd\u00e9lyi k\u00e9pz\u0151m\u0171v\u00e9sszet (Mv., 1999); RepM; Szab\u00f3\u2013K\u00e1llai<\/br><\/p>\n","protected":false},"excerpt":{"rendered":"<p>Mv., 1935. j\u00fal. 9., \u2020 Mv., 2016. jan.: fest\u0151m\u0171v\u00e9sz, muzeogr\u00e1fus. \u2013 Feles\u00e9ge: Gy\u00f6rgy Polix\u00e9nia, \u00e9p\u00edt\u00e9sz. Gyermekeik: Zsuzs\u00e1nna (1965), geol\u00f3gus; Zsolt (1967), fotogr\u00e1fus. \u2013 A mv.-i M\u0171v\u00e9szeti L\u00edc.-ban v\u00e9gzett (1953), Bordy Andr\u00e1s \u00e9s Barab\u00e1s Istv\u00e1n fest\u0151m\u0171v\u00e9szek tan\u00edtv\u00e1nyak\u00e9nt. Cs\u00edkszered\u00e1ban az Olt M\u0171v\u00e9szker\u00e1mia Kisipari Sz\u00f6vetkezetben dolgozott (1959\u20131963), Mv.-en a Kereskedelmi v\u00e1llalat rekl\u00e1mgrafikusa (1964\u20131976), a Szentgy\u00f6rgyi Istv\u00e1n Sz\u00ednm\u0171v\u00e9szeti Int\u00e9zet [&hellip;]<\/p>\n","protected":false},"featured_media":0,"comment_status":"open","ping_status":"closed","template":"","meta":[],"product_brand":[],"product_cat":[137],"product_tag":[],"class_list":{"0":"post-7900","1":"product","2":"type-product","3":"status-publish","5":"product_cat-maros-megyei-eletrajzi-lexikon","7":"first","8":"instock","9":"shipping-taxable","10":"product-type-simple"},"_links":{"self":[{"href":"https:\/\/uj.adatbank.ro\/lexikon\/wp-json\/wp\/v2\/product\/7900","targetHints":{"allow":["GET"]}}],"collection":[{"href":"https:\/\/uj.adatbank.ro\/lexikon\/wp-json\/wp\/v2\/product"}],"about":[{"href":"https:\/\/uj.adatbank.ro\/lexikon\/wp-json\/wp\/v2\/types\/product"}],"replies":[{"embeddable":true,"href":"https:\/\/uj.adatbank.ro\/lexikon\/wp-json\/wp\/v2\/comments?post=7900"}],"wp:attachment":[{"href":"https:\/\/uj.adatbank.ro\/lexikon\/wp-json\/wp\/v2\/media?parent=7900"}],"wp:term":[{"taxonomy":"product_brand","embeddable":true,"href":"https:\/\/uj.adatbank.ro\/lexikon\/wp-json\/wp\/v2\/product_brand?post=7900"},{"taxonomy":"product_cat","embeddable":true,"href":"https:\/\/uj.adatbank.ro\/lexikon\/wp-json\/wp\/v2\/product_cat?post=7900"},{"taxonomy":"product_tag","embeddable":true,"href":"https:\/\/uj.adatbank.ro\/lexikon\/wp-json\/wp\/v2\/product_tag?post=7900"}],"curies":[{"name":"wp","href":"https:\/\/api.w.org\/{rel}","templated":true}]}}

<p>Mv., 1935. júl. 9., † Mv., 2016. jan.: festőművész, muzeográfus. – Felesége: György Polixénia, építész. Gyermekeik: Zsuzsánna (1965), geológus; Zsolt (1967), fotográfus. – A mv.-i Művészeti Líc.-ban végzett (1953), Bordy András és Barabás István festőművészek tanítványaként. Csíkszeredában az Olt Művészkerámia Kisipari Szövetkezetben dolgozott (1959–1963), Mv.-en a Kereskedelmi vállalat reklámgrafikusa (1964–1976), a Szentgyörgyi István Színművészeti Intézet díszletfestője nyugdíjazásáig (1976–1988). A Barabás Miklós Céh tagja. – Kiállít.: egyéni: Mv. (1968, 1972, 1978, 1983, 1988, 1992); Hódmezővásárhely (1990); Debrecen (1995); Esztergom (1996) Székelyudvarhely, Barót, Csíkszereda (1978), Clevland, New York (1974), Lugano (1982), Köln (1986, 1988), Bécs (1989), Hódmezővásárhely, Kiskunfélegyhála, Kiskörös, Bp. (1990), Gyöngyös, Debrecen (1991), Szentes (1992), Mónchen (1998), csoportos: Mv., Buk.-ben a biennálékon szerepelt; Barabás Miklós Céh Őszi Tárlat (1997); München (1998), Csop. kiáll. Mv., Buk.-ben rendszeresen (1966–), Kovászna (1995), Bp., (1995). katalógusok: Tabăra de creație &#8222;Prietenia&#8221; Lăzarea; The &#8222;Friendship&#8221; Creation Camp of Fine Arts from Lăzarea &#8222;Barátság&#8221; alkotótábor Szárhegy / szerk Égerházi Imre (Debrecen, 1991). Catalog: expoziție de pictură din colecția Elisabeta și Gheorghe David (Tg. Mureș, 1992); Bartis Ferenc: A kényszerhelyzet művészete és a művészet kényszerhelyzete (Ungvár. Bp., 1994); Marosvásárhelyi Tárlat: Vármegye Galéria Bp. 1995. szept. 25. &#8211; 1995. okt. 29. (Bp., 1995); Csoma 1996: A magunk keresése (Kovászna-Csomakőrös, 1996); Reménység szigete: Képzőművészeti gyűjtemény (Bp., 1996); A M. Képzőművészek és Iparművészek Társaságának kiállítása 1996: Erdélyi Művészek (Bp., 1996); Szejke-Homoród alkotótábor: katalógus (Székelyudvarhely, 1997). A mv.-i múeumban több munkája található. <br /><strong>Irod.:</strong> 100 év; EMKK2010; M. Kortárs magyar művészeti lexikon (Bp., 1999); Nagy Miklós Kund Műterem: Beszélgetés huszonegy erdélyi képzőművésszet (Mv., 1999); RepM; Szabó–Kállai</br></p>

<p>Mv., 1935. júl. 9., † Mv., 2016. jan.: festőművész, muzeográfus. – Felesége: György Polixénia, építész. Gyermekeik: Zsuzsánna (1965), geológus; Zsolt (1967), fotográfus. – A mv.-i Művészeti Líc.-ban végzett (1953), Bordy András és Barabás István festőművészek tanítványaként. Csíkszeredában az Olt Művészkerámia Kisipari Szövetkezetben dolgozott (1959–1963), Mv.-en a Kereskedelmi vállalat reklámgrafikusa (1964–1976), a Szentgyörgyi István Színművészeti Intézet [&hellip;]</p>
