{"id":7902,"date":"2025-06-29T10:07:35","date_gmt":"2025-06-29T08:07:35","guid":{"rendered":"https:\/\/uj.adatbank.ro\/lexikon\/termek\/fekete-nagy-gergely-nagyfalusi\/"},"modified":"2025-06-29T10:07:35","modified_gmt":"2025-06-29T08:07:35","slug":"fekete-nagy-gergely-nagyfalusi","status":"publish","type":"product","link":"https:\/\/uj.adatbank.ro\/lexikon\/termek\/fekete-nagy-gergely-nagyfalusi\/","title":{"rendered":"FEKETE-NAGY Gergely, nagyfalusi"},"content":{"rendered":"<p>? \u2020 ? : nemes. \u2013 Bethlen G\u00e1bort\u00f3l nemeslevelet kapott (1621. m\u00e1rc. 4.), majd visszak\u00f6lt\u00f6z\u00f6tt Ny\u00e1r\u00e1dg\u00e1lfalv\u00e1ra. <br \/><strong>Irod.:<\/strong> P\u00e1lmay<\/br><\/p>\n","protected":false},"excerpt":{"rendered":"<p>? \u2020 ? : nemes. \u2013 Bethlen G\u00e1bort\u00f3l nemeslevelet kapott (1621. m\u00e1rc. 4.), majd visszak\u00f6lt\u00f6z\u00f6tt Ny\u00e1r\u00e1dg\u00e1lfalv\u00e1ra. Irod.: P\u00e1lmay<\/p>\n","protected":false},"featured_media":0,"comment_status":"open","ping_status":"closed","template":"","meta":[],"product_brand":[],"product_cat":[137],"product_tag":[],"class_list":{"0":"post-7902","1":"product","2":"type-product","3":"status-publish","5":"product_cat-maros-megyei-eletrajzi-lexikon","7":"first","8":"instock","9":"shipping-taxable","10":"product-type-simple"},"_links":{"self":[{"href":"https:\/\/uj.adatbank.ro\/lexikon\/wp-json\/wp\/v2\/product\/7902","targetHints":{"allow":["GET"]}}],"collection":[{"href":"https:\/\/uj.adatbank.ro\/lexikon\/wp-json\/wp\/v2\/product"}],"about":[{"href":"https:\/\/uj.adatbank.ro\/lexikon\/wp-json\/wp\/v2\/types\/product"}],"replies":[{"embeddable":true,"href":"https:\/\/uj.adatbank.ro\/lexikon\/wp-json\/wp\/v2\/comments?post=7902"}],"wp:attachment":[{"href":"https:\/\/uj.adatbank.ro\/lexikon\/wp-json\/wp\/v2\/media?parent=7902"}],"wp:term":[{"taxonomy":"product_brand","embeddable":true,"href":"https:\/\/uj.adatbank.ro\/lexikon\/wp-json\/wp\/v2\/product_brand?post=7902"},{"taxonomy":"product_cat","embeddable":true,"href":"https:\/\/uj.adatbank.ro\/lexikon\/wp-json\/wp\/v2\/product_cat?post=7902"},{"taxonomy":"product_tag","embeddable":true,"href":"https:\/\/uj.adatbank.ro\/lexikon\/wp-json\/wp\/v2\/product_tag?post=7902"}],"curies":[{"name":"wp","href":"https:\/\/api.w.org\/{rel}","templated":true}]}}