{"id":7904,"date":"2025-06-29T10:07:40","date_gmt":"2025-06-29T08:07:40","guid":{"rendered":"https:\/\/uj.adatbank.ro\/lexikon\/termek\/felfalusi-andras\/"},"modified":"2025-06-29T10:07:40","modified_gmt":"2025-06-29T08:07:40","slug":"felfalusi-andras","status":"publish","type":"product","link":"https:\/\/uj.adatbank.ro\/lexikon\/termek\/felfalusi-andras\/","title":{"rendered":"FELFALUSI Andr\u00e1s"},"content":{"rendered":"<p>? \u2020\u00a0? : ref. lelk\u00e9sz. \u2013 Mv.-en subscrib\u00e1lt (1688) v. Nagyenyeden (1693). Radn\u00f3ton volt mester (1712). Van egy Felfalusi Andr\u00e1s, aki Sz\u0151kefalv\u00e1n (1713\u201316), \u00e9s egy, aki Cs\u00e1v\u00e1son (1711\u201315) volt lelk\u00e9sz. Beresztelk\u00e9n lelk\u00e9sz (1717\u201329). <br \/><strong>Irod.:<\/strong> K\u00fck\u00fcll\u0151i Ref. Egyh\u00e1zm. 1., 4, \u0150sz<\/br><\/p>\n","protected":false},"excerpt":{"rendered":"<p>? \u2020\u00a0? : ref. lelk\u00e9sz. \u2013 Mv.-en subscrib\u00e1lt (1688) v. Nagyenyeden (1693). Radn\u00f3ton volt mester (1712). Van egy Felfalusi Andr\u00e1s, aki Sz\u0151kefalv\u00e1n (1713\u201316), \u00e9s egy, aki Cs\u00e1v\u00e1son (1711\u201315) volt lelk\u00e9sz. Beresztelk\u00e9n lelk\u00e9sz (1717\u201329). Irod.: K\u00fck\u00fcll\u0151i Ref. Egyh\u00e1zm. 1., 4, \u0150sz<\/p>\n","protected":false},"featured_media":0,"comment_status":"open","ping_status":"closed","template":"","meta":[],"product_brand":[],"product_cat":[137],"product_tag":[],"class_list":{"0":"post-7904","1":"product","2":"type-product","3":"status-publish","5":"product_cat-maros-megyei-eletrajzi-lexikon","7":"first","8":"instock","9":"shipping-taxable","10":"product-type-simple"},"_links":{"self":[{"href":"https:\/\/uj.adatbank.ro\/lexikon\/wp-json\/wp\/v2\/product\/7904","targetHints":{"allow":["GET"]}}],"collection":[{"href":"https:\/\/uj.adatbank.ro\/lexikon\/wp-json\/wp\/v2\/product"}],"about":[{"href":"https:\/\/uj.adatbank.ro\/lexikon\/wp-json\/wp\/v2\/types\/product"}],"replies":[{"embeddable":true,"href":"https:\/\/uj.adatbank.ro\/lexikon\/wp-json\/wp\/v2\/comments?post=7904"}],"wp:attachment":[{"href":"https:\/\/uj.adatbank.ro\/lexikon\/wp-json\/wp\/v2\/media?parent=7904"}],"wp:term":[{"taxonomy":"product_brand","embeddable":true,"href":"https:\/\/uj.adatbank.ro\/lexikon\/wp-json\/wp\/v2\/product_brand?post=7904"},{"taxonomy":"product_cat","embeddable":true,"href":"https:\/\/uj.adatbank.ro\/lexikon\/wp-json\/wp\/v2\/product_cat?post=7904"},{"taxonomy":"product_tag","embeddable":true,"href":"https:\/\/uj.adatbank.ro\/lexikon\/wp-json\/wp\/v2\/product_tag?post=7904"}],"curies":[{"name":"wp","href":"https:\/\/api.w.org\/{rel}","templated":true}]}}