{"id":7906,"date":"2025-06-29T10:07:45","date_gmt":"2025-06-29T08:07:45","guid":{"rendered":"https:\/\/uj.adatbank.ro\/lexikon\/termek\/felfalusi-jozsef\/"},"modified":"2025-06-29T10:07:45","modified_gmt":"2025-06-29T08:07:45","slug":"felfalusi-jozsef","status":"publish","type":"product","link":"https:\/\/uj.adatbank.ro\/lexikon\/termek\/felfalusi-jozsef\/","title":{"rendered":"FELFALUSI J\u00f3zsef"},"content":{"rendered":"<p>1660 v. 61. \u2020\u00a0Mv., 1715, : ref. lelk\u00e9sz, esperes, f\u0151iskolai tan\u00e1r. \u2013 Feles\u00e9ge: 1. T\u00f3f\u0151i Zs\u00f3fia, Toufaeus Mih\u00e1ly ref. p\u00fcsp\u00f6k le\u00e1nya, a Szak\u00e1csk\u00f6nyv \u00edr\u00f3ja. Fi\u00fak: F. Mih\u00e1ly orvos; 2. T\u00f6r\u00f6k Erzs\u00e9bet. Le\u00e1nyuk: Zs\u00f3fia. \u2013 Hazai tanulm\u00e1nyai befejezt\u00e9vel, Bethlen Mikl\u00f3snak Mih\u00e1ly fia mellett nevel\u0151 (1686 el\u0151tt), majd k\u00fclf\u00f6ldre ment: a franekeri, leideni \u00fajb\u00f3l a franekeri majd az oderafrankfurti egyetemen tanult (1686\u201390). Hazat\u00e9rve \u00fajra nevel\u0151sk\u00f6d\u00f6tt, majd Mv.-en a Ref. Koll. rektora (1691. j\u00fan. 14\u20131692), ref. pap a V\u00e1rtemplomban (1692. m\u00e1rc. 6\u20131715), a marossz\u00e9ki egyh\u00e1zmegye esperese (1711\u201315). Tagj\u00e1ul v\u00e1lasztotta az akkor \u00fajonnan szervezett f\u0151konzisztorium (1713). \u2013 <strong>F. m.:<\/strong> Disputatio philosophica De innata Dei idea (Franequerae, 1689); \u00dcdv\u00f6zl\u0151 verset \u00edrt Di\u00f3si Andr\u00e1shoz latinul (1689) \u00e9s D\u00e1lnoki Benk\u0151 M\u00e1rtonhoz magyarul (1702). <br \/><strong>Irod.:<\/strong> Id\u0151t\u00e1r 1; J\u00f3zsa Andr\u00e1s: T\u00f3f\u0151i Zs\u00f3fi (Toffei Sofia) 1692-ben Mv.-en szerkesztett szak\u00e1csk\u00f6nyve (Korunk, 3. sz., 2014); Koncz; Kozma; M. t\u00f6rt. \u00e9vk. napl\u00f3k; Marossz\u00e9ki kr\u00f3nik\u00e1k 1.; R\u00f3th: Sz\u00fcletett nyelv\u00fcnk\u00f6n; Szinnyei; V\u00e1rtemplomi lelk\u00e9szek n\u00e9vsora, 1571\u20132000 (\u00daj Kezdet, 2. sz., 2000); Zov\u00e1nyi<\/br><\/p>\n","protected":false},"excerpt":{"rendered":"<p>1660 v. 61. \u2020\u00a0Mv., 1715, : ref. lelk\u00e9sz, esperes, f\u0151iskolai tan\u00e1r. \u2013 Feles\u00e9ge: 1. T\u00f3f\u0151i Zs\u00f3fia, Toufaeus Mih\u00e1ly ref. p\u00fcsp\u00f6k le\u00e1nya, a Szak\u00e1csk\u00f6nyv \u00edr\u00f3ja. Fi\u00fak: F. Mih\u00e1ly orvos; 2. T\u00f6r\u00f6k Erzs\u00e9bet. Le\u00e1nyuk: Zs\u00f3fia. \u2013 Hazai tanulm\u00e1nyai befejezt\u00e9vel, Bethlen Mikl\u00f3snak Mih\u00e1ly fia mellett nevel\u0151 (1686 el\u0151tt), majd k\u00fclf\u00f6ldre ment: a franekeri, leideni \u00fajb\u00f3l a franekeri majd [&hellip;]<\/p>\n","protected":false},"featured_media":0,"comment_status":"open","ping_status":"closed","template":"","meta":[],"product_brand":[],"product_cat":[137],"product_tag":[],"class_list":{"0":"post-7906","1":"product","2":"type-product","3":"status-publish","5":"product_cat-maros-megyei-eletrajzi-lexikon","7":"first","8":"instock","9":"shipping-taxable","10":"product-type-simple"},"_links":{"self":[{"href":"https:\/\/uj.adatbank.ro\/lexikon\/wp-json\/wp\/v2\/product\/7906","targetHints":{"allow":["GET"]}}],"collection":[{"href":"https:\/\/uj.adatbank.ro\/lexikon\/wp-json\/wp\/v2\/product"}],"about":[{"href":"https:\/\/uj.adatbank.ro\/lexikon\/wp-json\/wp\/v2\/types\/product"}],"replies":[{"embeddable":true,"href":"https:\/\/uj.adatbank.ro\/lexikon\/wp-json\/wp\/v2\/comments?post=7906"}],"wp:attachment":[{"href":"https:\/\/uj.adatbank.ro\/lexikon\/wp-json\/wp\/v2\/media?parent=7906"}],"wp:term":[{"taxonomy":"product_brand","embeddable":true,"href":"https:\/\/uj.adatbank.ro\/lexikon\/wp-json\/wp\/v2\/product_brand?post=7906"},{"taxonomy":"product_cat","embeddable":true,"href":"https:\/\/uj.adatbank.ro\/lexikon\/wp-json\/wp\/v2\/product_cat?post=7906"},{"taxonomy":"product_tag","embeddable":true,"href":"https:\/\/uj.adatbank.ro\/lexikon\/wp-json\/wp\/v2\/product_tag?post=7906"}],"curies":[{"name":"wp","href":"https:\/\/api.w.org\/{rel}","templated":true}]}}

FELFALUSI József

<p>1660 v. 61. † Mv., 1715, : ref. lelkész, esperes, főiskolai tanár. – Felesége: 1. Tófői Zsófia, Toufaeus Mihály ref. püspök leánya, a Szakácskönyv írója. Fiúk: F. Mihály orvos; 2. Török Erzsébet. Leányuk: Zsófia. – Hazai tanulmányai befejeztével, Bethlen Miklósnak Mihály fia mellett nevelő (1686 előtt), majd külföldre ment: a franekeri, leideni újból a franekeri majd az oderafrankfurti egyetemen tanult (1686–90). Hazatérve újra nevelősködött, majd Mv.-en a Ref. Koll. rektora (1691. jún. 14–1692), ref. pap a Vártemplomban (1692. márc. 6–1715), a marosszéki egyházmegye esperese (1711–15). Tagjául választotta az akkor újonnan szervezett főkonzisztorium (1713). – <strong>F. m.:</strong> Disputatio philosophica De innata Dei idea (Franequerae, 1689); Üdvözlő verset írt Diósi Andráshoz latinul (1689) és Dálnoki Benkő Mártonhoz magyarul (1702). <br /><strong>Irod.:</strong> Időtár 1; Józsa András: Tófői Zsófi (Toffei Sofia) 1692-ben Mv.-en szerkesztett szakácskönyve (Korunk, 3. sz., 2014); Koncz; Kozma; M. tört. évk. naplók; Marosszéki krónikák 1.; Róth: Született nyelvünkön; Szinnyei; Vártemplomi lelkészek névsora, 1571–2000 (Új Kezdet, 2. sz., 2000); Zoványi</br></p>

<p>1660 v. 61. † Mv., 1715, : ref. lelkész, esperes, főiskolai tanár. – Felesége: 1. Tófői Zsófia, Toufaeus Mihály ref. püspök leánya, a Szakácskönyv írója. Fiúk: F. Mihály orvos; 2. Török Erzsébet. Leányuk: Zsófia. – Hazai tanulmányai befejeztével, Bethlen Miklósnak Mihály fia mellett nevelő (1686 előtt), majd külföldre ment: a franekeri, leideni újból a franekeri majd [&hellip;]</p>
