{"id":7912,"date":"2025-06-29T10:08:01","date_gmt":"2025-06-29T08:08:01","guid":{"rendered":"https:\/\/uj.adatbank.ro\/lexikon\/termek\/felmeri-frigyes-%c2%a7-felmery-frigyes\/"},"modified":"2025-06-29T10:08:01","modified_gmt":"2025-06-29T08:08:01","slug":"felmeri-frigyes-%c2%a7-felmery-frigyes","status":"publish","type":"product","link":"https:\/\/uj.adatbank.ro\/lexikon\/termek\/felmeri-frigyes-%c2%a7-felmery-frigyes\/","title":{"rendered":"FELM\u00c9RI Frigyes, \u00a7 Felm\u00e9ry Frigyes"},"content":{"rendered":"<p>Fogaras, 1877, \u2020\u00a0?: sz\u00edgy\u00e1rt\u00f3- \u00e9s b\u00f6r\u00f6nd\u00f6smester. \u2013 Fia: Rezs\u0151. \u2013 Ipar\u00e1t Mv.-en tanulta, majd mint seg\u00e9d szaktud\u00e1s\u00e1t az orsz\u00e1g k\u00fcl\u00f6nb\u00f6z\u0151 v\u00e1rosaiban fejlesztett, k\u00f6zben tanulm\u00e1ny\u00faton j\u00e1rt B\u00e9csben, Gr\u00e1cban. \u00d6n\u00e1ll\u00f3 lett Mv.-en a Sz\u00e9kely Iparkamar t\u00e1mogat\u00e1s\u00e1val. R\u00e9szt vett az I. vh.-ban a 9. honv\u00e9d husz\u00e1rezred k\u00f6tel\u00e9k\u00e9ben az orosz \u00e9s az olasz fronton harcolt (1914\u201318) \u0151rmesteri rangban, kit\u00fcntet\u00e9k a K\u00e1roly Csapatkereszttel. \u00dczem\u00e9t \u00e1tadta fi\u00e1nak (1934). <br \/><strong>Irod.:<\/strong> Erd\u00e9lyi ezredek; Sz\u00e9kelyf\u00f6ld \u00ed. k<\/br><\/p>\n","protected":false},"excerpt":{"rendered":"<p>Fogaras, 1877, \u2020\u00a0?: sz\u00edgy\u00e1rt\u00f3- \u00e9s b\u00f6r\u00f6nd\u00f6smester. \u2013 Fia: Rezs\u0151. \u2013 Ipar\u00e1t Mv.-en tanulta, majd mint seg\u00e9d szaktud\u00e1s\u00e1t az orsz\u00e1g k\u00fcl\u00f6nb\u00f6z\u0151 v\u00e1rosaiban fejlesztett, k\u00f6zben tanulm\u00e1ny\u00faton j\u00e1rt B\u00e9csben, Gr\u00e1cban. \u00d6n\u00e1ll\u00f3 lett Mv.-en a Sz\u00e9kely Iparkamar t\u00e1mogat\u00e1s\u00e1val. R\u00e9szt vett az I. vh.-ban a 9. honv\u00e9d husz\u00e1rezred k\u00f6tel\u00e9k\u00e9ben az orosz \u00e9s az olasz fronton harcolt (1914\u201318) \u0151rmesteri rangban, kit\u00fcntet\u00e9k [&hellip;]<\/p>\n","protected":false},"featured_media":0,"comment_status":"open","ping_status":"closed","template":"","meta":[],"product_brand":[],"product_cat":[137],"product_tag":[],"class_list":{"0":"post-7912","1":"product","2":"type-product","3":"status-publish","5":"product_cat-maros-megyei-eletrajzi-lexikon","7":"first","8":"instock","9":"shipping-taxable","10":"product-type-simple"},"_links":{"self":[{"href":"https:\/\/uj.adatbank.ro\/lexikon\/wp-json\/wp\/v2\/product\/7912","targetHints":{"allow":["GET"]}}],"collection":[{"href":"https:\/\/uj.adatbank.ro\/lexikon\/wp-json\/wp\/v2\/product"}],"about":[{"href":"https:\/\/uj.adatbank.ro\/lexikon\/wp-json\/wp\/v2\/types\/product"}],"replies":[{"embeddable":true,"href":"https:\/\/uj.adatbank.ro\/lexikon\/wp-json\/wp\/v2\/comments?post=7912"}],"wp:attachment":[{"href":"https:\/\/uj.adatbank.ro\/lexikon\/wp-json\/wp\/v2\/media?parent=7912"}],"wp:term":[{"taxonomy":"product_brand","embeddable":true,"href":"https:\/\/uj.adatbank.ro\/lexikon\/wp-json\/wp\/v2\/product_brand?post=7912"},{"taxonomy":"product_cat","embeddable":true,"href":"https:\/\/uj.adatbank.ro\/lexikon\/wp-json\/wp\/v2\/product_cat?post=7912"},{"taxonomy":"product_tag","embeddable":true,"href":"https:\/\/uj.adatbank.ro\/lexikon\/wp-json\/wp\/v2\/product_tag?post=7912"}],"curies":[{"name":"wp","href":"https:\/\/api.w.org\/{rel}","templated":true}]}}

FELMÉRI Frigyes, § Felméry Frigyes

<p>Fogaras, 1877, † ?: szígyártó- és böröndösmester. – Fia: Rezső. – Iparát Mv.-en tanulta, majd mint segéd szaktudását az ország különböző városaiban fejlesztett, közben tanulmányúton járt Bécsben, Grácban. Önálló lett Mv.-en a Székely Iparkamar támogatásával. Részt vett az I. vh.-ban a 9. honvéd huszárezred kötelékében az orosz és az olasz fronton harcolt (1914–18) őrmesteri rangban, kitünteték a Károly Csapatkereszttel. Üzemét átadta fiának (1934). <br /><strong>Irod.:</strong> Erdélyi ezredek; Székelyföld í. k</br></p>

<p>Fogaras, 1877, † ?: szígyártó- és böröndösmester. – Fia: Rezső. – Iparát Mv.-en tanulta, majd mint segéd szaktudását az ország különböző városaiban fejlesztett, közben tanulmányúton járt Bécsben, Grácban. Önálló lett Mv.-en a Székely Iparkamar támogatásával. Részt vett az I. vh.-ban a 9. honvéd huszárezred kötelékében az orosz és az olasz fronton harcolt (1914–18) őrmesteri rangban, kitünteték [&hellip;]</p>
