{"id":7913,"date":"2025-06-29T10:08:02","date_gmt":"2025-06-29T08:08:02","guid":{"rendered":"https:\/\/uj.adatbank.ro\/lexikon\/termek\/felmeri-lajos\/"},"modified":"2025-06-29T10:08:02","modified_gmt":"2025-06-29T08:08:02","slug":"felmeri-lajos","status":"publish","type":"product","link":"https:\/\/uj.adatbank.ro\/lexikon\/termek\/felmeri-lajos\/","title":{"rendered":"FELM\u00c9RI Lajos"},"content":{"rendered":"<p>Mv., 1906. m\u00e1rc. 3., \u2020\u00a0Mv., ? : aut\u00f3szerel\u0151, atl\u00e9ta. \u2013 Iskol\u00e1it Mv.-en v\u00e9gezte, azut\u00e1n apja sz\u00edjgy\u00e1rt\u00f3 \u00fczem\u00e9ben dolgozott. L\u00e9trehozta Mv.-en a legkorszer\u0171bb aut\u00f3jav\u00edt\u00f3 \u00e9s mos\u00f3 m\u0171helyt, valamint parkol\u00f3t, ahol 40\u201350 j\u00e1rm\u0171 parkolhatott (1925). Sportol\u00f3k\u00e9nt is kit\u0171nt: a ker\u00fcleti atl\u00e9tika versenyen els\u0151 d\u00edjat nyert 1500 m-es t\u00e1vfut\u00e1sban (1925), orsz\u00e1gos d\u00edjat nyert (1926). T\u00f6bb versenyen vett r\u00e9szt, \u00e9s 15 k\u00fcl\u00f6nb\u00f6z\u0151 d\u00edjat nyert. M\u0171v\u00e9szien heged\u00fclt. <br \/><strong>Irod.:<\/strong> Lexiconul vie\u0163ii publice<\/br><\/p>\n","protected":false},"excerpt":{"rendered":"<p>Mv., 1906. m\u00e1rc. 3., \u2020\u00a0Mv., ? : aut\u00f3szerel\u0151, atl\u00e9ta. \u2013 Iskol\u00e1it Mv.-en v\u00e9gezte, azut\u00e1n apja sz\u00edjgy\u00e1rt\u00f3 \u00fczem\u00e9ben dolgozott. L\u00e9trehozta Mv.-en a legkorszer\u0171bb aut\u00f3jav\u00edt\u00f3 \u00e9s mos\u00f3 m\u0171helyt, valamint parkol\u00f3t, ahol 40\u201350 j\u00e1rm\u0171 parkolhatott (1925). Sportol\u00f3k\u00e9nt is kit\u0171nt: a ker\u00fcleti atl\u00e9tika versenyen els\u0151 d\u00edjat nyert 1500 m-es t\u00e1vfut\u00e1sban (1925), orsz\u00e1gos d\u00edjat nyert (1926). T\u00f6bb versenyen vett r\u00e9szt, [&hellip;]<\/p>\n","protected":false},"featured_media":0,"comment_status":"open","ping_status":"closed","template":"","meta":[],"product_brand":[],"product_cat":[137],"product_tag":[],"class_list":{"0":"post-7913","1":"product","2":"type-product","3":"status-publish","5":"product_cat-maros-megyei-eletrajzi-lexikon","7":"first","8":"instock","9":"shipping-taxable","10":"product-type-simple"},"_links":{"self":[{"href":"https:\/\/uj.adatbank.ro\/lexikon\/wp-json\/wp\/v2\/product\/7913","targetHints":{"allow":["GET"]}}],"collection":[{"href":"https:\/\/uj.adatbank.ro\/lexikon\/wp-json\/wp\/v2\/product"}],"about":[{"href":"https:\/\/uj.adatbank.ro\/lexikon\/wp-json\/wp\/v2\/types\/product"}],"replies":[{"embeddable":true,"href":"https:\/\/uj.adatbank.ro\/lexikon\/wp-json\/wp\/v2\/comments?post=7913"}],"wp:attachment":[{"href":"https:\/\/uj.adatbank.ro\/lexikon\/wp-json\/wp\/v2\/media?parent=7913"}],"wp:term":[{"taxonomy":"product_brand","embeddable":true,"href":"https:\/\/uj.adatbank.ro\/lexikon\/wp-json\/wp\/v2\/product_brand?post=7913"},{"taxonomy":"product_cat","embeddable":true,"href":"https:\/\/uj.adatbank.ro\/lexikon\/wp-json\/wp\/v2\/product_cat?post=7913"},{"taxonomy":"product_tag","embeddable":true,"href":"https:\/\/uj.adatbank.ro\/lexikon\/wp-json\/wp\/v2\/product_tag?post=7913"}],"curies":[{"name":"wp","href":"https:\/\/api.w.org\/{rel}","templated":true}]}}

FELMÉRI Lajos

<p>Mv., 1906. márc. 3., † Mv., ? : autószerelő, atléta. – Iskoláit Mv.-en végezte, azután apja szíjgyártó üzemében dolgozott. Létrehozta Mv.-en a legkorszerűbb autójavító és mosó műhelyt, valamint parkolót, ahol 40–50 jármű parkolhatott (1925). Sportolóként is kitűnt: a kerületi atlétika versenyen első díjat nyert 1500 m-es távfutásban (1925), országos díjat nyert (1926). Több versenyen vett részt, és 15 különböző díjat nyert. Művészien hegedült. <br /><strong>Irod.:</strong> Lexiconul vieţii publice</br></p>

<p>Mv., 1906. márc. 3., † Mv., ? : autószerelő, atléta. – Iskoláit Mv.-en végezte, azután apja szíjgyártó üzemében dolgozott. Létrehozta Mv.-en a legkorszerűbb autójavító és mosó műhelyt, valamint parkolót, ahol 40–50 jármű parkolhatott (1925). Sportolóként is kitűnt: a kerületi atlétika versenyen első díjat nyert 1500 m-es távfutásban (1925), országos díjat nyert (1926). Több versenyen vett részt, [&hellip;]</p>
