{"id":7914,"date":"2025-06-29T10:08:06","date_gmt":"2025-06-29T08:08:06","guid":{"rendered":"https:\/\/uj.adatbank.ro\/lexikon\/termek\/felmeri-mihaly\/"},"modified":"2025-06-29T10:08:06","modified_gmt":"2025-06-29T08:08:06","slug":"felmeri-mihaly","status":"publish","type":"product","link":"https:\/\/uj.adatbank.ro\/lexikon\/termek\/felmeri-mihaly\/","title":{"rendered":"FELM\u00c9RI Mih\u00e1ly"},"content":{"rendered":"<p>? \u2020\u00a0? : igazgat\u00f3-tan\u00edt\u00f3. \u2013 Makfalv\u00e1n volt a Wessel\u00e9nyi iskol\u00e1ban igazgat\u00f3-tan\u00edt\u00f3 (1868\u20131910). Tan\u00edtv\u00e1nyai k\u00f6z\u00fcl 138 egyetemet v\u00e9gzett, \u00e9rtelmis\u00e9gi. Megalak\u00edtotta a tan\u00edt\u00f3test\u00fclet makfalvi fi\u00f3kj\u00e1t (1875), majd a MT megyei \u00c1ltal\u00e1nos Tan\u00edt\u00f3test\u00fclet K\u00fck\u00fcll\u0151i k\u00f6r\u00e9nek p\u00e9nzt\u00e1rnoka (1880). &#8211;<br \/><strong>Irod.:<\/strong> B\u00f6l\u00f6ni Domokos: A makfalvi sz\u00e9kely nemes ifj\u00fas\u00e1g vir\u00e1gozz\u00e9k (N\u00fa, 2000. j\u00fan. 20.); Eml\u00e9kk\u00f6nyv; F\u00fcl\u00f6p Ir\u00e9n: \u00ab. Georgius Dosa Siculus de Makfalwa in sede Maros existente. \u00ab (N\u00fa., 1997. \u00e1pr. 26.); Makfalvi okt. t\u00f6rt.<\/br><\/p>\n","protected":false},"excerpt":{"rendered":"<p>? \u2020\u00a0? : igazgat\u00f3-tan\u00edt\u00f3. \u2013 Makfalv\u00e1n volt a Wessel\u00e9nyi iskol\u00e1ban igazgat\u00f3-tan\u00edt\u00f3 (1868\u20131910). Tan\u00edtv\u00e1nyai k\u00f6z\u00fcl 138 egyetemet v\u00e9gzett, \u00e9rtelmis\u00e9gi. Megalak\u00edtotta a tan\u00edt\u00f3test\u00fclet makfalvi fi\u00f3kj\u00e1t (1875), majd a MT megyei \u00c1ltal\u00e1nos Tan\u00edt\u00f3test\u00fclet K\u00fck\u00fcll\u0151i k\u00f6r\u00e9nek p\u00e9nzt\u00e1rnoka (1880). &#8211;Irod.: B\u00f6l\u00f6ni Domokos: A makfalvi sz\u00e9kely nemes ifj\u00fas\u00e1g vir\u00e1gozz\u00e9k (N\u00fa, 2000. j\u00fan. 20.); Eml\u00e9kk\u00f6nyv; F\u00fcl\u00f6p Ir\u00e9n: \u00ab. Georgius Dosa Siculus de [&hellip;]<\/p>\n","protected":false},"featured_media":0,"comment_status":"open","ping_status":"closed","template":"","meta":[],"product_brand":[],"product_cat":[137],"product_tag":[],"class_list":{"0":"post-7914","1":"product","2":"type-product","3":"status-publish","5":"product_cat-maros-megyei-eletrajzi-lexikon","7":"first","8":"instock","9":"shipping-taxable","10":"product-type-simple"},"_links":{"self":[{"href":"https:\/\/uj.adatbank.ro\/lexikon\/wp-json\/wp\/v2\/product\/7914","targetHints":{"allow":["GET"]}}],"collection":[{"href":"https:\/\/uj.adatbank.ro\/lexikon\/wp-json\/wp\/v2\/product"}],"about":[{"href":"https:\/\/uj.adatbank.ro\/lexikon\/wp-json\/wp\/v2\/types\/product"}],"replies":[{"embeddable":true,"href":"https:\/\/uj.adatbank.ro\/lexikon\/wp-json\/wp\/v2\/comments?post=7914"}],"wp:attachment":[{"href":"https:\/\/uj.adatbank.ro\/lexikon\/wp-json\/wp\/v2\/media?parent=7914"}],"wp:term":[{"taxonomy":"product_brand","embeddable":true,"href":"https:\/\/uj.adatbank.ro\/lexikon\/wp-json\/wp\/v2\/product_brand?post=7914"},{"taxonomy":"product_cat","embeddable":true,"href":"https:\/\/uj.adatbank.ro\/lexikon\/wp-json\/wp\/v2\/product_cat?post=7914"},{"taxonomy":"product_tag","embeddable":true,"href":"https:\/\/uj.adatbank.ro\/lexikon\/wp-json\/wp\/v2\/product_tag?post=7914"}],"curies":[{"name":"wp","href":"https:\/\/api.w.org\/{rel}","templated":true}]}}

FELMÉRI Mihály

<p>? † ? : igazgató-tanító. – Makfalván volt a Wesselényi iskolában igazgató-tanító (1868–1910). Tanítványai közül 138 egyetemet végzett, értelmiségi. Megalakította a tanítótestület makfalvi fiókját (1875), majd a MT megyei Általános Tanítótestület Küküllői körének pénztárnoka (1880). &#8211;<br /><strong>Irod.:</strong> Bölöni Domokos: A makfalvi székely nemes ifjúság virágozzék (Nú, 2000. jún. 20.); Emlékkönyv; Fülöp Irén: «. Georgius Dosa Siculus de Makfalwa in sede Maros existente. « (Nú., 1997. ápr. 26.); Makfalvi okt. tört.</br></p>

<p>? † ? : igazgató-tanító. – Makfalván volt a Wesselényi iskolában igazgató-tanító (1868–1910). Tanítványai közül 138 egyetemet végzett, értelmiségi. Megalakította a tanítótestület makfalvi fiókját (1875), majd a MT megyei Általános Tanítótestület Küküllői körének pénztárnoka (1880). &#8211;Irod.: Bölöni Domokos: A makfalvi székely nemes ifjúság virágozzék (Nú, 2000. jún. 20.); Emlékkönyv; Fülöp Irén: «. Georgius Dosa Siculus de [&hellip;]</p>
