{"id":7920,"date":"2025-06-29T10:08:13","date_gmt":"2025-06-29T08:08:13","guid":{"rendered":"https:\/\/uj.adatbank.ro\/lexikon\/termek\/felszeghy-janos-szaszujfalui-felszegi-janos\/"},"modified":"2025-06-29T10:08:13","modified_gmt":"2025-06-29T08:08:13","slug":"felszeghy-janos-szaszujfalui-felszegi-janos","status":"publish","type":"product","link":"https:\/\/uj.adatbank.ro\/lexikon\/termek\/felszeghy-janos-szaszujfalui-felszegi-janos\/","title":{"rendered":"FELSZEGHY J\u00e1nos, sz\u00e1sz\u00fajfalui, Felszegi J\u00e1nos"},"content":{"rendered":"<p>Harangl\u00e1b, 1839.? \u2020\u00a0Harangl\u00e1b, 1889. dec. 30.: orvos. \u2013 Testv\u00e9rei: F. S\u00e1ndor, G\u00e1bor, Kl\u00e1ra. Feles\u00e9ge: Szentp\u00e1li \u00c1gnes. Gyermekei: Berta, Margit, Mih\u00e1ly, Erzsi. \u2013 A pesti egyetemen v\u00e9gzett \u00e9s orvosi diplom\u00e1t szerzett (1868), a seb\u00e9szdoktori oklevelet is megkapta (1871\u201372). Kisk\u00fck\u00fcll\u0151 megyei f\u0151orvos Dics\u0151szentm\u00e1rtonban (1889) az EME Orvos-Term\u00e9szettudom\u00e1nyi Szako. -nak tagja lett (1889) <br \/><strong>Irod.:<\/strong> Gy\u00e1szjelent\u0151; H\u00f6gyes Endre<\/br><\/p>\n","protected":false},"excerpt":{"rendered":"<p>Harangl\u00e1b, 1839.? \u2020\u00a0Harangl\u00e1b, 1889. dec. 30.: orvos. \u2013 Testv\u00e9rei: F. S\u00e1ndor, G\u00e1bor, Kl\u00e1ra. Feles\u00e9ge: Szentp\u00e1li \u00c1gnes. Gyermekei: Berta, Margit, Mih\u00e1ly, Erzsi. \u2013 A pesti egyetemen v\u00e9gzett \u00e9s orvosi diplom\u00e1t szerzett (1868), a seb\u00e9szdoktori oklevelet is megkapta (1871\u201372). Kisk\u00fck\u00fcll\u0151 megyei f\u0151orvos Dics\u0151szentm\u00e1rtonban (1889) az EME Orvos-Term\u00e9szettudom\u00e1nyi Szako. -nak tagja lett (1889) Irod.: Gy\u00e1szjelent\u0151; H\u00f6gyes Endre<\/p>\n","protected":false},"featured_media":0,"comment_status":"open","ping_status":"closed","template":"","meta":[],"product_brand":[],"product_cat":[137],"product_tag":[],"class_list":{"0":"post-7920","1":"product","2":"type-product","3":"status-publish","5":"product_cat-maros-megyei-eletrajzi-lexikon","7":"first","8":"instock","9":"shipping-taxable","10":"product-type-simple"},"_links":{"self":[{"href":"https:\/\/uj.adatbank.ro\/lexikon\/wp-json\/wp\/v2\/product\/7920","targetHints":{"allow":["GET"]}}],"collection":[{"href":"https:\/\/uj.adatbank.ro\/lexikon\/wp-json\/wp\/v2\/product"}],"about":[{"href":"https:\/\/uj.adatbank.ro\/lexikon\/wp-json\/wp\/v2\/types\/product"}],"replies":[{"embeddable":true,"href":"https:\/\/uj.adatbank.ro\/lexikon\/wp-json\/wp\/v2\/comments?post=7920"}],"wp:attachment":[{"href":"https:\/\/uj.adatbank.ro\/lexikon\/wp-json\/wp\/v2\/media?parent=7920"}],"wp:term":[{"taxonomy":"product_brand","embeddable":true,"href":"https:\/\/uj.adatbank.ro\/lexikon\/wp-json\/wp\/v2\/product_brand?post=7920"},{"taxonomy":"product_cat","embeddable":true,"href":"https:\/\/uj.adatbank.ro\/lexikon\/wp-json\/wp\/v2\/product_cat?post=7920"},{"taxonomy":"product_tag","embeddable":true,"href":"https:\/\/uj.adatbank.ro\/lexikon\/wp-json\/wp\/v2\/product_tag?post=7920"}],"curies":[{"name":"wp","href":"https:\/\/api.w.org\/{rel}","templated":true}]}}

FELSZEGHY János, szászújfalui, Felszegi János

<p>Harangláb, 1839.? † Harangláb, 1889. dec. 30.: orvos. – Testvérei: F. Sándor, Gábor, Klára. Felesége: Szentpáli Ágnes. Gyermekei: Berta, Margit, Mihály, Erzsi. – A pesti egyetemen végzett és orvosi diplomát szerzett (1868), a sebészdoktori oklevelet is megkapta (1871–72). Kisküküllő megyei főorvos Dicsőszentmártonban (1889) az EME Orvos-Természettudományi Szako. -nak tagja lett (1889) <br /><strong>Irod.:</strong> Gyászjelentő; Högyes Endre</br></p>

<p>Harangláb, 1839.? † Harangláb, 1889. dec. 30.: orvos. – Testvérei: F. Sándor, Gábor, Klára. Felesége: Szentpáli Ágnes. Gyermekei: Berta, Margit, Mihály, Erzsi. – A pesti egyetemen végzett és orvosi diplomát szerzett (1868), a sebészdoktori oklevelet is megkapta (1871–72). Kisküküllő megyei főorvos Dicsőszentmártonban (1889) az EME Orvos-Természettudományi Szako. -nak tagja lett (1889) Irod.: Gyászjelentő; Högyes Endre</p>
